{"id":616611,"date":"2024-04-17T01:30:33","date_gmt":"2024-04-17T07:30:33","guid":{"rendered":"https:\/\/www.diarioimagen.net\/wp-content\/uploads\/2024\/04\/programa-educacion-inicial.jpg"},"modified":"2024-04-17T01:30:37","modified_gmt":"2024-04-17T07:30:37","slug":"programa-educacion-inicial","status":"inherit","type":"attachment","link":"https:\/\/www.diarioimagen.net\/?attachment_id=616611","title":{"rendered":"programa-educacion-inicial"},"author":3,"featured_media":0,"comment_status":"open","ping_status":"closed","template":"","meta":{"_monsterinsights_skip_tracking":false,"_monsterinsights_sitenote_active":false,"_monsterinsights_sitenote_note":"","_monsterinsights_sitenote_category":0},"class_list":["post-616611","attachment","type-attachment","status-inherit","hentry"],"description":{"rendered":"<p class=\"attachment\"><a href='https:\/\/www.diarioimagen.net\/wp-content\/uploads\/2024\/04\/programa-educacion-inicial.jpg'><img loading=\"lazy\" decoding=\"async\" width=\"240\" height=\"141\" src=\"https:\/\/www.diarioimagen.net\/wp-content\/uploads\/2024\/04\/programa-educacion-inicial.jpg\" class=\"attachment-medium size-medium\" alt=\"\" \/><\/a><\/p>\n"},"caption":{"rendered":"<p>Madres y padres de familia, as\u00ed como mujeres embarazadas, son instruidas en pr\u00e1cticas de buena crianza a trav\u00e9s de sesiones donde se promueve el juego y la interacci\u00f3n que propician aprendizajes para el desarrollo integral de ni\u00f1as y ni\u00f1os.<\/p>\n"},"alt_text":"","media_type":"image","mime_type":"image\/jpeg","media_details":{"width":460,"height":270,"file":"2024\/04\/programa-educacion-inicial.jpg","filesize":82778,"sizes":{},"image_meta":{"aperture":"0","credit":"","camera":"","caption":"","created_timestamp":"0","copyright":"","focal_length":"0","iso":"0","shutter_speed":"0","title":"","orientation":"0","keywords":[]}},"post":616513,"source_url":"https:\/\/www.diarioimagen.net\/wp-content\/uploads\/2024\/04\/programa-educacion-inicial.jpg","_links":{"self":[{"href":"https:\/\/www.diarioimagen.net\/index.php?rest_route=\/wp\/v2\/media\/616611","targetHints":{"allow":["GET"]}}],"collection":[{"href":"https:\/\/www.diarioimagen.net\/index.php?rest_route=\/wp\/v2\/media"}],"about":[{"href":"https:\/\/www.diarioimagen.net\/index.php?rest_route=\/wp\/v2\/types\/attachment"}],"author":[{"embeddable":true,"href":"https:\/\/www.diarioimagen.net\/index.php?rest_route=\/wp\/v2\/users\/3"}],"replies":[{"embeddable":true,"href":"https:\/\/www.diarioimagen.net\/index.php?rest_route=%2Fwp%2Fv2%2Fcomments&post=616611"}]}}

<p>Madres y padres de familia, así como mujeres embarazadas, son instruidas en prácticas de buena crianza a través de sesiones donde se promueve el juego y la interacción que propician aprendizajes para el desarrollo integral de niñas y niños.</p>
