{"id":617089,"date":"2024-04-22T00:47:34","date_gmt":"2024-04-22T06:47:34","guid":{"rendered":"https:\/\/www.diarioimagen.net\/wp-content\/uploads\/2024\/04\/proyecto-inmobiliario-vallejo.jpg"},"modified":"2024-04-22T00:47:38","modified_gmt":"2024-04-22T06:47:38","slug":"proyecto-inmobiliario-vallejo","status":"inherit","type":"attachment","link":"https:\/\/www.diarioimagen.net\/?attachment_id=617089","title":{"rendered":"proyecto-inmobiliario-vallejo"},"author":3,"featured_media":0,"comment_status":"open","ping_status":"closed","template":"","meta":{"_monsterinsights_skip_tracking":false,"_monsterinsights_sitenote_active":false,"_monsterinsights_sitenote_note":"","_monsterinsights_sitenote_category":0},"class_list":["post-617089","attachment","type-attachment","status-inherit","hentry"],"description":{"rendered":"<p class=\"attachment\"><a href='https:\/\/www.diarioimagen.net\/wp-content\/uploads\/2024\/04\/proyecto-inmobiliario-vallejo.jpg'><img loading=\"lazy\" decoding=\"async\" width=\"240\" height=\"141\" src=\"https:\/\/www.diarioimagen.net\/wp-content\/uploads\/2024\/04\/proyecto-inmobiliario-vallejo.jpg\" class=\"attachment-medium size-medium\" alt=\"\" \/><\/a><\/p>\n"},"caption":{"rendered":"<p>Miguel \u00c1ngel Ocano Opengo que con la llegada de Claudia Sheinbaum al gobierno de la CDMX se desat\u00f3 una oleada de construcciones de edificios en Azcapotzalco y se otorgaron permisos a diestra y siniestra para m\u00e1s obras.<\/p>\n"},"alt_text":"","media_type":"image","mime_type":"image\/jpeg","media_details":{"width":460,"height":270,"file":"2024\/04\/proyecto-inmobiliario-vallejo.jpg","filesize":64505,"sizes":{},"image_meta":{"aperture":"0","credit":"","camera":"","caption":"","created_timestamp":"0","copyright":"","focal_length":"0","iso":"0","shutter_speed":"0","title":"","orientation":"0","keywords":[]}},"post":617032,"source_url":"https:\/\/www.diarioimagen.net\/wp-content\/uploads\/2024\/04\/proyecto-inmobiliario-vallejo.jpg","_links":{"self":[{"href":"https:\/\/www.diarioimagen.net\/index.php?rest_route=\/wp\/v2\/media\/617089","targetHints":{"allow":["GET"]}}],"collection":[{"href":"https:\/\/www.diarioimagen.net\/index.php?rest_route=\/wp\/v2\/media"}],"about":[{"href":"https:\/\/www.diarioimagen.net\/index.php?rest_route=\/wp\/v2\/types\/attachment"}],"author":[{"embeddable":true,"href":"https:\/\/www.diarioimagen.net\/index.php?rest_route=\/wp\/v2\/users\/3"}],"replies":[{"embeddable":true,"href":"https:\/\/www.diarioimagen.net\/index.php?rest_route=%2Fwp%2Fv2%2Fcomments&post=617089"}]}}

<p>Miguel Ángel Ocano Opengo que con la llegada de Claudia Sheinbaum al gobierno de la CDMX se desató una oleada de construcciones de edificios en Azcapotzalco y se otorgaron permisos a diestra y siniestra para más obras.</p>
