{"id":617124,"date":"2024-04-22T01:06:49","date_gmt":"2024-04-22T07:06:49","guid":{"rendered":"https:\/\/www.diarioimagen.net\/wp-content\/uploads\/2024\/04\/delfina-gomez.jpg"},"modified":"2024-04-22T01:06:54","modified_gmt":"2024-04-22T07:06:54","slug":"delfina-gomez-7","status":"inherit","type":"attachment","link":"https:\/\/www.diarioimagen.net\/?attachment_id=617124","title":{"rendered":"delfina-gomez"},"author":3,"featured_media":0,"comment_status":"open","ping_status":"closed","template":"","meta":{"_monsterinsights_skip_tracking":false,"_monsterinsights_sitenote_active":false,"_monsterinsights_sitenote_note":"","_monsterinsights_sitenote_category":0},"class_list":["post-617124","attachment","type-attachment","status-inherit","hentry"],"description":{"rendered":"<p class=\"attachment\"><a href='https:\/\/www.diarioimagen.net\/wp-content\/uploads\/2024\/04\/delfina-gomez.jpg'><img loading=\"lazy\" decoding=\"async\" width=\"240\" height=\"141\" src=\"https:\/\/www.diarioimagen.net\/wp-content\/uploads\/2024\/04\/delfina-gomez.jpg\" class=\"attachment-medium size-medium\" alt=\"\" \/><\/a><\/p>\n"},"caption":{"rendered":"<p>La gobernadora Delfina G\u00f3mez \u00c1lvarez recibi\u00f3 a la dirigencia del Sindicato de Maestros al Servicio del Estado de M\u00e9xico (SMSEM), quienes entregaron los Pliegos Petitorios de los Asuntos Econ\u00f3micos y Profesionales 2024.<\/p>\n"},"alt_text":"","media_type":"image","mime_type":"image\/jpeg","media_details":{"width":460,"height":270,"file":"2024\/04\/delfina-gomez.jpg","filesize":46708,"sizes":{},"image_meta":{"aperture":"0","credit":"","camera":"","caption":"","created_timestamp":"0","copyright":"","focal_length":"0","iso":"0","shutter_speed":"0","title":"","orientation":"0","keywords":[]}},"post":617000,"source_url":"https:\/\/www.diarioimagen.net\/wp-content\/uploads\/2024\/04\/delfina-gomez.jpg","_links":{"self":[{"href":"https:\/\/www.diarioimagen.net\/index.php?rest_route=\/wp\/v2\/media\/617124","targetHints":{"allow":["GET"]}}],"collection":[{"href":"https:\/\/www.diarioimagen.net\/index.php?rest_route=\/wp\/v2\/media"}],"about":[{"href":"https:\/\/www.diarioimagen.net\/index.php?rest_route=\/wp\/v2\/types\/attachment"}],"author":[{"embeddable":true,"href":"https:\/\/www.diarioimagen.net\/index.php?rest_route=\/wp\/v2\/users\/3"}],"replies":[{"embeddable":true,"href":"https:\/\/www.diarioimagen.net\/index.php?rest_route=%2Fwp%2Fv2%2Fcomments&post=617124"}]}}

<p>La gobernadora Delfina Gómez Álvarez recibió a la dirigencia del Sindicato de Maestros al Servicio del Estado de México (SMSEM), quienes entregaron los Pliegos Petitorios de los Asuntos Económicos y Profesionales 2024.</p>
