{"id":617393,"date":"2024-04-24T00:54:55","date_gmt":"2024-04-24T06:54:55","guid":{"rendered":"https:\/\/www.diarioimagen.net\/wp-content\/uploads\/2024\/04\/uaem-impulsa-crecimiento.jpg"},"modified":"2024-04-24T00:55:00","modified_gmt":"2024-04-24T06:55:00","slug":"uaem-impulsa-crecimiento","status":"inherit","type":"attachment","link":"https:\/\/www.diarioimagen.net\/?attachment_id=617393","title":{"rendered":"uaem-impulsa-crecimiento"},"author":3,"featured_media":0,"comment_status":"open","ping_status":"closed","template":"","meta":{"_monsterinsights_skip_tracking":false,"_monsterinsights_sitenote_active":false,"_monsterinsights_sitenote_note":"","_monsterinsights_sitenote_category":0},"class_list":["post-617393","attachment","type-attachment","status-inherit","hentry"],"description":{"rendered":"<p class=\"attachment\"><a href='https:\/\/www.diarioimagen.net\/wp-content\/uploads\/2024\/04\/uaem-impulsa-crecimiento.jpg'><img loading=\"lazy\" decoding=\"async\" width=\"240\" height=\"141\" src=\"https:\/\/www.diarioimagen.net\/wp-content\/uploads\/2024\/04\/uaem-impulsa-crecimiento.jpg\" class=\"attachment-medium size-medium\" alt=\"\" \/><\/a><\/p>\n"},"caption":{"rendered":"<p>El rector de esta casa de estudios, Carlos Eduardo Barrera D\u00edaz, encabez\u00f3 la firma del convenio general de colaboraci\u00f3n con la asociaci\u00f3n civil Agr\u00edcola Nuevo Sendero ASPROS.<\/p>\n"},"alt_text":"","media_type":"image","mime_type":"image\/jpeg","media_details":{"width":460,"height":270,"file":"2024\/04\/uaem-impulsa-crecimiento.jpg","filesize":66157,"sizes":{},"image_meta":{"aperture":"0","credit":"","camera":"","caption":"","created_timestamp":"0","copyright":"","focal_length":"0","iso":"0","shutter_speed":"0","title":"","orientation":"0","keywords":[]}},"post":617295,"source_url":"https:\/\/www.diarioimagen.net\/wp-content\/uploads\/2024\/04\/uaem-impulsa-crecimiento.jpg","_links":{"self":[{"href":"https:\/\/www.diarioimagen.net\/index.php?rest_route=\/wp\/v2\/media\/617393","targetHints":{"allow":["GET"]}}],"collection":[{"href":"https:\/\/www.diarioimagen.net\/index.php?rest_route=\/wp\/v2\/media"}],"about":[{"href":"https:\/\/www.diarioimagen.net\/index.php?rest_route=\/wp\/v2\/types\/attachment"}],"author":[{"embeddable":true,"href":"https:\/\/www.diarioimagen.net\/index.php?rest_route=\/wp\/v2\/users\/3"}],"replies":[{"embeddable":true,"href":"https:\/\/www.diarioimagen.net\/index.php?rest_route=%2Fwp%2Fv2%2Fcomments&post=617393"}]}}

<p>El rector de esta casa de estudios, Carlos Eduardo Barrera Díaz, encabezó la firma del convenio general de colaboración con la asociación civil Agrícola Nuevo Sendero ASPROS.</p>
