{"id":617397,"date":"2024-04-24T00:56:32","date_gmt":"2024-04-24T06:56:32","guid":{"rendered":"https:\/\/www.diarioimagen.net\/wp-content\/uploads\/2024\/04\/uaem-reconoce-excelencia.jpg"},"modified":"2024-04-24T00:56:36","modified_gmt":"2024-04-24T06:56:36","slug":"uaem-reconoce-excelencia","status":"inherit","type":"attachment","link":"https:\/\/www.diarioimagen.net\/?attachment_id=617397","title":{"rendered":"uaem-reconoce-excelencia"},"author":3,"featured_media":0,"comment_status":"open","ping_status":"closed","template":"","meta":{"_monsterinsights_skip_tracking":false,"_monsterinsights_sitenote_active":false,"_monsterinsights_sitenote_note":"","_monsterinsights_sitenote_category":0},"class_list":["post-617397","attachment","type-attachment","status-inherit","hentry"],"description":{"rendered":"<p class=\"attachment\"><a href='https:\/\/www.diarioimagen.net\/wp-content\/uploads\/2024\/04\/uaem-reconoce-excelencia.jpg'><img loading=\"lazy\" decoding=\"async\" width=\"240\" height=\"141\" src=\"https:\/\/www.diarioimagen.net\/wp-content\/uploads\/2024\/04\/uaem-reconoce-excelencia.jpg\" class=\"attachment-medium size-medium\" alt=\"\" \/><\/a><\/p>\n"},"caption":{"rendered":"<p>El rector de la UAEM\u00e9x, Carlos Eduardo Barrera D\u00edaz entreg\u00f3 reconocimientos a m\u00e1s de 200 acad\u00e9micos y acad\u00e9micas integrantes de la FAAPAUAEM por sus 20 y 30 a\u00f1os de servicio acad\u00e9mico, dedicado a la formaci\u00f3n de profesionistas ejemplares y de excelencia.<\/p>\n"},"alt_text":"","media_type":"image","mime_type":"image\/jpeg","media_details":{"width":460,"height":270,"file":"2024\/04\/uaem-reconoce-excelencia.jpg","filesize":78775,"sizes":{},"image_meta":{"aperture":"0","credit":"","camera":"","caption":"","created_timestamp":"0","copyright":"","focal_length":"0","iso":"0","shutter_speed":"0","title":"","orientation":"0","keywords":[]}},"post":617297,"source_url":"https:\/\/www.diarioimagen.net\/wp-content\/uploads\/2024\/04\/uaem-reconoce-excelencia.jpg","_links":{"self":[{"href":"https:\/\/www.diarioimagen.net\/index.php?rest_route=\/wp\/v2\/media\/617397","targetHints":{"allow":["GET"]}}],"collection":[{"href":"https:\/\/www.diarioimagen.net\/index.php?rest_route=\/wp\/v2\/media"}],"about":[{"href":"https:\/\/www.diarioimagen.net\/index.php?rest_route=\/wp\/v2\/types\/attachment"}],"author":[{"embeddable":true,"href":"https:\/\/www.diarioimagen.net\/index.php?rest_route=\/wp\/v2\/users\/3"}],"replies":[{"embeddable":true,"href":"https:\/\/www.diarioimagen.net\/index.php?rest_route=%2Fwp%2Fv2%2Fcomments&post=617397"}]}}

<p>El rector de la UAEMéx, Carlos Eduardo Barrera Díaz entregó reconocimientos a más de 200 académicos y académicas integrantes de la FAAPAUAEM por sus 20 y 30 años de servicio académico, dedicado a la formación de profesionistas ejemplares y de excelencia.</p>
