{"id":618048,"date":"2024-04-30T02:23:42","date_gmt":"2024-04-30T08:23:42","guid":{"rendered":"https:\/\/www.diarioimagen.net\/wp-content\/uploads\/2024\/04\/producira-el-pais-menos-azucar.jpg"},"modified":"2024-04-30T02:23:45","modified_gmt":"2024-04-30T08:23:45","slug":"producira-el-pais-menos-azucar","status":"inherit","type":"attachment","link":"https:\/\/www.diarioimagen.net\/?attachment_id=618048","title":{"rendered":"producira-el-pais-menos-azucar"},"author":3,"featured_media":0,"comment_status":"open","ping_status":"closed","template":"","meta":{"_monsterinsights_skip_tracking":false,"_monsterinsights_sitenote_active":false,"_monsterinsights_sitenote_note":"","_monsterinsights_sitenote_category":0},"class_list":["post-618048","attachment","type-attachment","status-inherit","hentry"],"description":{"rendered":"<p class=\"attachment\"><a href='https:\/\/www.diarioimagen.net\/wp-content\/uploads\/2024\/04\/producira-el-pais-menos-azucar.jpg'><img loading=\"lazy\" decoding=\"async\" width=\"240\" height=\"141\" src=\"https:\/\/www.diarioimagen.net\/wp-content\/uploads\/2024\/04\/producira-el-pais-menos-azucar.jpg\" class=\"attachment-medium size-medium\" alt=\"\" \/><\/a><\/p>\n"},"caption":{"rendered":"<p>La producci\u00f3n de az\u00facar se reducir\u00e1 para la temporada de zafra actual, por lo que las importaciones se disparar\u00e1n, al igual que el precio en el mercado nacional.<\/p>\n"},"alt_text":"","media_type":"image","mime_type":"image\/jpeg","media_details":{"width":460,"height":270,"file":"2024\/04\/producira-el-pais-menos-azucar.jpg","filesize":58246,"sizes":{},"image_meta":{"aperture":"0","credit":"","camera":"","caption":"","created_timestamp":"0","copyright":"","focal_length":"0","iso":"0","shutter_speed":"0","title":"","orientation":"0","keywords":[]}},"post":617962,"source_url":"https:\/\/www.diarioimagen.net\/wp-content\/uploads\/2024\/04\/producira-el-pais-menos-azucar.jpg","_links":{"self":[{"href":"https:\/\/www.diarioimagen.net\/index.php?rest_route=\/wp\/v2\/media\/618048","targetHints":{"allow":["GET"]}}],"collection":[{"href":"https:\/\/www.diarioimagen.net\/index.php?rest_route=\/wp\/v2\/media"}],"about":[{"href":"https:\/\/www.diarioimagen.net\/index.php?rest_route=\/wp\/v2\/types\/attachment"}],"author":[{"embeddable":true,"href":"https:\/\/www.diarioimagen.net\/index.php?rest_route=\/wp\/v2\/users\/3"}],"replies":[{"embeddable":true,"href":"https:\/\/www.diarioimagen.net\/index.php?rest_route=%2Fwp%2Fv2%2Fcomments&post=618048"}]}}

<p>La producción de azúcar se reducirá para la temporada de zafra actual, por lo que las importaciones se dispararán, al igual que el precio en el mercado nacional.</p>
