{"id":618560,"date":"2024-05-06T00:51:18","date_gmt":"2024-05-06T06:51:18","guid":{"rendered":"https:\/\/www.diarioimagen.net\/wp-content\/uploads\/2024\/05\/se-dispara-subsidio.jpg"},"modified":"2024-05-06T00:51:22","modified_gmt":"2024-05-06T06:51:22","slug":"se-dispara-subsidio","status":"inherit","type":"attachment","link":"https:\/\/www.diarioimagen.net\/?attachment_id=618560","title":{"rendered":"se-dispara-subsidio"},"author":3,"featured_media":0,"comment_status":"open","ping_status":"closed","template":"","meta":{"_monsterinsights_skip_tracking":false,"_monsterinsights_sitenote_active":false,"_monsterinsights_sitenote_note":"","_monsterinsights_sitenote_category":0},"class_list":["post-618560","attachment","type-attachment","status-inherit","hentry"],"description":{"rendered":"<p class=\"attachment\"><a href='https:\/\/www.diarioimagen.net\/wp-content\/uploads\/2024\/05\/se-dispara-subsidio.jpg'><img loading=\"lazy\" decoding=\"async\" width=\"240\" height=\"141\" src=\"https:\/\/www.diarioimagen.net\/wp-content\/uploads\/2024\/05\/se-dispara-subsidio.jpg\" class=\"attachment-medium size-medium\" alt=\"\" \/><\/a><\/p>\n"},"caption":{"rendered":"<p>Hacienda report\u00f3 un incremento sustancial en los recursos asignados a la aerol\u00ednea del Estado, Mexicana de Aviaci\u00f3n, frente a los asentados en el Presupuesto de Egresos de la Federaci\u00f3n de 2024.<\/p>\n"},"alt_text":"","media_type":"image","mime_type":"image\/jpeg","media_details":{"width":460,"height":270,"file":"2024\/05\/se-dispara-subsidio.jpg","filesize":62425,"sizes":{},"image_meta":{"aperture":"0","credit":"","camera":"","caption":"","created_timestamp":"0","copyright":"","focal_length":"0","iso":"0","shutter_speed":"0","title":"","orientation":"0","keywords":[]}},"post":618468,"source_url":"https:\/\/www.diarioimagen.net\/wp-content\/uploads\/2024\/05\/se-dispara-subsidio.jpg","_links":{"self":[{"href":"https:\/\/www.diarioimagen.net\/index.php?rest_route=\/wp\/v2\/media\/618560","targetHints":{"allow":["GET"]}}],"collection":[{"href":"https:\/\/www.diarioimagen.net\/index.php?rest_route=\/wp\/v2\/media"}],"about":[{"href":"https:\/\/www.diarioimagen.net\/index.php?rest_route=\/wp\/v2\/types\/attachment"}],"author":[{"embeddable":true,"href":"https:\/\/www.diarioimagen.net\/index.php?rest_route=\/wp\/v2\/users\/3"}],"replies":[{"embeddable":true,"href":"https:\/\/www.diarioimagen.net\/index.php?rest_route=%2Fwp%2Fv2%2Fcomments&post=618560"}]}}

<p>Hacienda reportó un incremento sustancial en los recursos asignados a la aerolínea del Estado, Mexicana de Aviación, frente a los asentados en el Presupuesto de Egresos de la Federación de 2024.</p>
