{"id":621458,"date":"2024-06-03T00:36:30","date_gmt":"2024-06-03T06:36:30","guid":{"rendered":"https:\/\/www.diarioimagen.net\/wp-content\/uploads\/2024\/06\/uaem-fortalece-oferta.jpg"},"modified":"2024-06-03T00:36:36","modified_gmt":"2024-06-03T06:36:36","slug":"uaem-fortalece-oferta","status":"inherit","type":"attachment","link":"https:\/\/www.diarioimagen.net\/?attachment_id=621458","title":{"rendered":"uaem-fortalece-oferta"},"author":3,"featured_media":0,"comment_status":"open","ping_status":"closed","template":"","meta":{"_monsterinsights_skip_tracking":false,"_monsterinsights_sitenote_active":false,"_monsterinsights_sitenote_note":"","_monsterinsights_sitenote_category":0},"class_list":["post-621458","attachment","type-attachment","status-inherit","hentry"],"description":{"rendered":"<p class=\"attachment\"><a href='https:\/\/www.diarioimagen.net\/wp-content\/uploads\/2024\/06\/uaem-fortalece-oferta.jpg'><img loading=\"lazy\" decoding=\"async\" width=\"240\" height=\"141\" src=\"https:\/\/www.diarioimagen.net\/wp-content\/uploads\/2024\/06\/uaem-fortalece-oferta.jpg\" class=\"attachment-medium size-medium\" alt=\"\" \/><\/a><\/p>\n"},"caption":{"rendered":"<p>El H. Consejo Universitario aprob\u00f3 el Diplomado Superior en Formaci\u00f3n Integral de Emprendedores, presentada por los Centros Universitarios UAEM Ecatepec, Temascaltepec, Texcoco y Valle de M\u00e9xico, que fortalecer\u00e1 y fomentar\u00e1, de manera colectiva con la Secretar\u00eda de Extensi\u00f3n y Vinculaci\u00f3n, la actividad emprendedora de las y los universitarios.<\/p>\n"},"alt_text":"","media_type":"image","mime_type":"image\/jpeg","media_details":{"width":460,"height":270,"file":"2024\/06\/uaem-fortalece-oferta.jpg","filesize":63011,"sizes":{},"image_meta":{"aperture":"0","credit":"","camera":"","caption":"","created_timestamp":"0","copyright":"","focal_length":"0","iso":"0","shutter_speed":"0","title":"","orientation":"0","keywords":[]}},"post":621371,"source_url":"https:\/\/www.diarioimagen.net\/wp-content\/uploads\/2024\/06\/uaem-fortalece-oferta.jpg","_links":{"self":[{"href":"https:\/\/www.diarioimagen.net\/index.php?rest_route=\/wp\/v2\/media\/621458","targetHints":{"allow":["GET"]}}],"collection":[{"href":"https:\/\/www.diarioimagen.net\/index.php?rest_route=\/wp\/v2\/media"}],"about":[{"href":"https:\/\/www.diarioimagen.net\/index.php?rest_route=\/wp\/v2\/types\/attachment"}],"author":[{"embeddable":true,"href":"https:\/\/www.diarioimagen.net\/index.php?rest_route=\/wp\/v2\/users\/3"}],"replies":[{"embeddable":true,"href":"https:\/\/www.diarioimagen.net\/index.php?rest_route=%2Fwp%2Fv2%2Fcomments&post=621458"}]}}

<p>El H. Consejo Universitario aprobó el Diplomado Superior en Formación Integral de Emprendedores, presentada por los Centros Universitarios UAEM Ecatepec, Temascaltepec, Texcoco y Valle de México, que fortalecerá y fomentará, de manera colectiva con la Secretaría de Extensión y Vinculación, la actividad emprendedora de las y los universitarios.</p>
