{"id":621632,"date":"2024-06-04T01:37:41","date_gmt":"2024-06-04T07:37:41","guid":{"rendered":"https:\/\/www.diarioimagen.net\/wp-content\/uploads\/2024\/06\/clebran-tlalnepantla.jpg"},"modified":"2024-06-04T01:37:45","modified_gmt":"2024-06-04T07:37:45","slug":"clebran-tlalnepantla","status":"inherit","type":"attachment","link":"https:\/\/www.diarioimagen.net\/?attachment_id=621632","title":{"rendered":"clebran-tlalnepantla"},"author":3,"featured_media":0,"comment_status":"open","ping_status":"closed","template":"","meta":{"_monsterinsights_skip_tracking":false,"_monsterinsights_sitenote_active":false,"_monsterinsights_sitenote_note":"","_monsterinsights_sitenote_category":0},"class_list":["post-621632","attachment","type-attachment","status-inherit","hentry"],"description":{"rendered":"<p class=\"attachment\"><a href='https:\/\/www.diarioimagen.net\/wp-content\/uploads\/2024\/06\/clebran-tlalnepantla.jpg'><img loading=\"lazy\" decoding=\"async\" width=\"240\" height=\"141\" src=\"https:\/\/www.diarioimagen.net\/wp-content\/uploads\/2024\/06\/clebran-tlalnepantla.jpg\" class=\"attachment-medium size-medium\" alt=\"\" \/><\/a><\/p>\n"},"caption":{"rendered":"<p>Raciel P\u00e9rez Cruz y la militancia de los partidos Morena, PT y Verde Ecologista, as\u00ed como la ciudadan\u00eda, salieron a las calles para festejar el triunfo en las urnas.<\/p>\n"},"alt_text":"","media_type":"image","mime_type":"image\/jpeg","media_details":{"width":460,"height":270,"file":"2024\/06\/clebran-tlalnepantla.jpg","filesize":136522,"sizes":{},"image_meta":{"aperture":"0","credit":"","camera":"","caption":"","created_timestamp":"0","copyright":"","focal_length":"0","iso":"0","shutter_speed":"0","title":"","orientation":"0","keywords":[]}},"post":621528,"source_url":"https:\/\/www.diarioimagen.net\/wp-content\/uploads\/2024\/06\/clebran-tlalnepantla.jpg","_links":{"self":[{"href":"https:\/\/www.diarioimagen.net\/index.php?rest_route=\/wp\/v2\/media\/621632","targetHints":{"allow":["GET"]}}],"collection":[{"href":"https:\/\/www.diarioimagen.net\/index.php?rest_route=\/wp\/v2\/media"}],"about":[{"href":"https:\/\/www.diarioimagen.net\/index.php?rest_route=\/wp\/v2\/types\/attachment"}],"author":[{"embeddable":true,"href":"https:\/\/www.diarioimagen.net\/index.php?rest_route=\/wp\/v2\/users\/3"}],"replies":[{"embeddable":true,"href":"https:\/\/www.diarioimagen.net\/index.php?rest_route=%2Fwp%2Fv2%2Fcomments&post=621632"}]}}

<p>Raciel Pérez Cruz y la militancia de los partidos Morena, PT y Verde Ecologista, así como la ciudadanía, salieron a las calles para festejar el triunfo en las urnas.</p>
