{"id":621748,"date":"2024-06-05T00:43:25","date_gmt":"2024-06-05T06:43:25","guid":{"rendered":"https:\/\/www.diarioimagen.net\/wp-content\/uploads\/2024\/06\/uaem-promueve-vocaciones.jpg"},"modified":"2024-06-05T00:43:30","modified_gmt":"2024-06-05T06:43:30","slug":"uaem-promueve-vocaciones","status":"inherit","type":"attachment","link":"https:\/\/www.diarioimagen.net\/?attachment_id=621748","title":{"rendered":"uaem-promueve-vocaciones"},"author":3,"featured_media":0,"comment_status":"open","ping_status":"closed","template":"","meta":{"_monsterinsights_skip_tracking":false,"_monsterinsights_sitenote_active":false,"_monsterinsights_sitenote_note":"","_monsterinsights_sitenote_category":0},"class_list":["post-621748","attachment","type-attachment","status-inherit","hentry"],"description":{"rendered":"<p class=\"attachment\"><a href='https:\/\/www.diarioimagen.net\/wp-content\/uploads\/2024\/06\/uaem-promueve-vocaciones.jpg'><img loading=\"lazy\" decoding=\"async\" width=\"240\" height=\"141\" src=\"https:\/\/www.diarioimagen.net\/wp-content\/uploads\/2024\/06\/uaem-promueve-vocaciones.jpg\" class=\"attachment-medium size-medium\" alt=\"\" \/><\/a><\/p>\n"},"caption":{"rendered":"<p>El rector de esta casa de estudios, Carlos Eduardo Barrera D\u00edaz, encabez\u00f3 la entrega de constancias a las alumnas que cursaron la segunda convocatoria del Programa Tecnolochicas M\u00e9xico.<\/p>\n"},"alt_text":"","media_type":"image","mime_type":"image\/jpeg","media_details":{"width":460,"height":270,"file":"2024\/06\/uaem-promueve-vocaciones.jpg","filesize":154935,"sizes":{},"image_meta":{"aperture":"0","credit":"","camera":"","caption":"","created_timestamp":"0","copyright":"","focal_length":"0","iso":"0","shutter_speed":"0","title":"","orientation":"0","keywords":[]}},"post":621664,"source_url":"https:\/\/www.diarioimagen.net\/wp-content\/uploads\/2024\/06\/uaem-promueve-vocaciones.jpg","_links":{"self":[{"href":"https:\/\/www.diarioimagen.net\/index.php?rest_route=\/wp\/v2\/media\/621748","targetHints":{"allow":["GET"]}}],"collection":[{"href":"https:\/\/www.diarioimagen.net\/index.php?rest_route=\/wp\/v2\/media"}],"about":[{"href":"https:\/\/www.diarioimagen.net\/index.php?rest_route=\/wp\/v2\/types\/attachment"}],"author":[{"embeddable":true,"href":"https:\/\/www.diarioimagen.net\/index.php?rest_route=\/wp\/v2\/users\/3"}],"replies":[{"embeddable":true,"href":"https:\/\/www.diarioimagen.net\/index.php?rest_route=%2Fwp%2Fv2%2Fcomments&post=621748"}]}}

<p>El rector de esta casa de estudios, Carlos Eduardo Barrera Díaz, encabezó la entrega de constancias a las alumnas que cursaron la segunda convocatoria del Programa Tecnolochicas México.</p>
