{"id":621792,"date":"2024-06-05T01:05:38","date_gmt":"2024-06-05T07:05:38","guid":{"rendered":"https:\/\/www.diarioimagen.net\/wp-content\/uploads\/2024\/06\/gobernadora-delfina.jpg"},"modified":"2024-06-05T01:05:45","modified_gmt":"2024-06-05T07:05:45","slug":"gobernadora-delfina-4","status":"inherit","type":"attachment","link":"https:\/\/www.diarioimagen.net\/?attachment_id=621792","title":{"rendered":"gobernadora-delfina"},"author":3,"featured_media":0,"comment_status":"open","ping_status":"closed","template":"","meta":{"_monsterinsights_skip_tracking":false,"_monsterinsights_sitenote_active":false,"_monsterinsights_sitenote_note":"","_monsterinsights_sitenote_category":0},"class_list":["post-621792","attachment","type-attachment","status-inherit","hentry"],"description":{"rendered":"<p class=\"attachment\"><a href='https:\/\/www.diarioimagen.net\/wp-content\/uploads\/2024\/06\/gobernadora-delfina.jpg'><img loading=\"lazy\" decoding=\"async\" width=\"240\" height=\"141\" src=\"https:\/\/www.diarioimagen.net\/wp-content\/uploads\/2024\/06\/gobernadora-delfina.jpg\" class=\"attachment-medium size-medium\" alt=\"\" \/><\/a><\/p>\n"},"caption":{"rendered":"<p>Delfina G\u00f3mez \u00c1lvarez entreg\u00f3 600 documentos agrarios, acci\u00f3n que revierte 30 a\u00f1os de olvido e injusticia social, fortalece el desarrollo agrario, brinda justicia social y da certeza jur\u00eddica a los productores y productoras agr\u00edcolas del Estado de M\u00e9xico.<\/p>\n"},"alt_text":"","media_type":"image","mime_type":"image\/jpeg","media_details":{"width":460,"height":270,"file":"2024\/06\/gobernadora-delfina.jpg","filesize":191096,"sizes":{},"image_meta":{"aperture":"0","credit":"","camera":"","caption":"","created_timestamp":"0","copyright":"","focal_length":"0","iso":"0","shutter_speed":"0","title":"","orientation":"0","keywords":[]}},"post":621689,"source_url":"https:\/\/www.diarioimagen.net\/wp-content\/uploads\/2024\/06\/gobernadora-delfina.jpg","_links":{"self":[{"href":"https:\/\/www.diarioimagen.net\/index.php?rest_route=\/wp\/v2\/media\/621792","targetHints":{"allow":["GET"]}}],"collection":[{"href":"https:\/\/www.diarioimagen.net\/index.php?rest_route=\/wp\/v2\/media"}],"about":[{"href":"https:\/\/www.diarioimagen.net\/index.php?rest_route=\/wp\/v2\/types\/attachment"}],"author":[{"embeddable":true,"href":"https:\/\/www.diarioimagen.net\/index.php?rest_route=\/wp\/v2\/users\/3"}],"replies":[{"embeddable":true,"href":"https:\/\/www.diarioimagen.net\/index.php?rest_route=%2Fwp%2Fv2%2Fcomments&post=621792"}]}}

<p>Delfina Gómez Álvarez entregó 600 documentos agrarios, acción que revierte 30 años de olvido e injusticia social, fortalece el desarrollo agrario, brinda justicia social y da certeza jurídica a los productores y productoras agrícolas del Estado de México.</p>
