{"id":621884,"date":"2024-06-06T00:10:34","date_gmt":"2024-06-06T06:10:34","guid":{"rendered":"https:\/\/www.diarioimagen.net\/wp-content\/uploads\/2024\/06\/uaem-celebra-vanguardia.jpg"},"modified":"2024-06-06T00:10:39","modified_gmt":"2024-06-06T06:10:39","slug":"uaem-celebra-vanguardia","status":"inherit","type":"attachment","link":"https:\/\/www.diarioimagen.net\/?attachment_id=621884","title":{"rendered":"uaem-celebra-vanguardia"},"author":3,"featured_media":0,"comment_status":"open","ping_status":"closed","template":"","meta":{"_monsterinsights_skip_tracking":false,"_monsterinsights_sitenote_active":false,"_monsterinsights_sitenote_note":"","_monsterinsights_sitenote_category":0},"class_list":["post-621884","attachment","type-attachment","status-inherit","hentry"],"description":{"rendered":"<p class=\"attachment\"><a href='https:\/\/www.diarioimagen.net\/wp-content\/uploads\/2024\/06\/uaem-celebra-vanguardia.jpg'><img loading=\"lazy\" decoding=\"async\" width=\"240\" height=\"141\" src=\"https:\/\/www.diarioimagen.net\/wp-content\/uploads\/2024\/06\/uaem-celebra-vanguardia.jpg\" class=\"attachment-medium size-medium\" alt=\"\" \/><\/a><\/p>\n"},"caption":{"rendered":"<p>En el marco del 65 aniversario del CELe, el rector de la UAEM\u00e9x, Carlos Eduardo Barrera D\u00edaz, entreg\u00f3 nueve becas Cambridge y seis placas Cambridge socio Better Learning Partner Platinum a extensiones del CELe; as\u00ed como reconocimientos a ex directores, docentes y administrativos.<\/p>\n"},"alt_text":"","media_type":"image","mime_type":"image\/jpeg","media_details":{"width":460,"height":270,"file":"2024\/06\/uaem-celebra-vanguardia.jpg","filesize":110880,"sizes":{},"image_meta":{"aperture":"0","credit":"","camera":"","caption":"","created_timestamp":"0","copyright":"","focal_length":"0","iso":"0","shutter_speed":"0","title":"","orientation":"0","keywords":[]}},"post":621828,"source_url":"https:\/\/www.diarioimagen.net\/wp-content\/uploads\/2024\/06\/uaem-celebra-vanguardia.jpg","_links":{"self":[{"href":"https:\/\/www.diarioimagen.net\/index.php?rest_route=\/wp\/v2\/media\/621884","targetHints":{"allow":["GET"]}}],"collection":[{"href":"https:\/\/www.diarioimagen.net\/index.php?rest_route=\/wp\/v2\/media"}],"about":[{"href":"https:\/\/www.diarioimagen.net\/index.php?rest_route=\/wp\/v2\/types\/attachment"}],"author":[{"embeddable":true,"href":"https:\/\/www.diarioimagen.net\/index.php?rest_route=\/wp\/v2\/users\/3"}],"replies":[{"embeddable":true,"href":"https:\/\/www.diarioimagen.net\/index.php?rest_route=%2Fwp%2Fv2%2Fcomments&post=621884"}]}}

<p>En el marco del 65 aniversario del CELe, el rector de la UAEMéx, Carlos Eduardo Barrera Díaz, entregó nueve becas Cambridge y seis placas Cambridge socio Better Learning Partner Platinum a extensiones del CELe; así como reconocimientos a ex directores, docentes y administrativos.</p>
