{"id":622022,"date":"2024-06-07T01:10:49","date_gmt":"2024-06-07T07:10:49","guid":{"rendered":"https:\/\/www.diarioimagen.net\/wp-content\/uploads\/2024\/06\/uaem-gobierno-del-estado.jpg"},"modified":"2024-06-07T01:10:54","modified_gmt":"2024-06-07T07:10:54","slug":"uaem-gobierno-del-estado","status":"inherit","type":"attachment","link":"https:\/\/www.diarioimagen.net\/?attachment_id=622022","title":{"rendered":"uaem-gobierno-del-estado"},"author":3,"featured_media":0,"comment_status":"open","ping_status":"closed","template":"","meta":{"_monsterinsights_skip_tracking":false,"_monsterinsights_sitenote_active":false,"_monsterinsights_sitenote_note":"","_monsterinsights_sitenote_category":0},"class_list":["post-622022","attachment","type-attachment","status-inherit","hentry"],"description":{"rendered":"<p class=\"attachment\"><a href='https:\/\/www.diarioimagen.net\/wp-content\/uploads\/2024\/06\/uaem-gobierno-del-estado.jpg'><img loading=\"lazy\" decoding=\"async\" width=\"240\" height=\"141\" src=\"https:\/\/www.diarioimagen.net\/wp-content\/uploads\/2024\/06\/uaem-gobierno-del-estado.jpg\" class=\"attachment-medium size-medium\" alt=\"\" \/><\/a><\/p>\n"},"caption":{"rendered":"<p>La gobernadora del Estado de M\u00e9xico, Delfina G\u00f3mez \u00c1lvarez, y el rector de la UAEM\u00e9x, Carlos Eduardo Barrera D\u00edaz, entregaron cinco sistemas de captaci\u00f3n de agua de lluvia en las facultades de Ciencias Pol\u00edticas y Sociales, Contadur\u00eda y Administraci\u00f3n, Econom\u00eda, Humanidades e Ingenier\u00eda.<\/p>\n"},"alt_text":"","media_type":"image","mime_type":"image\/jpeg","media_details":{"width":460,"height":270,"file":"2024\/06\/uaem-gobierno-del-estado.jpg","filesize":82911,"sizes":{},"image_meta":{"aperture":"0","credit":"","camera":"","caption":"","created_timestamp":"0","copyright":"","focal_length":"0","iso":"0","shutter_speed":"0","title":"","orientation":"0","keywords":[]}},"post":621947,"source_url":"https:\/\/www.diarioimagen.net\/wp-content\/uploads\/2024\/06\/uaem-gobierno-del-estado.jpg","_links":{"self":[{"href":"https:\/\/www.diarioimagen.net\/index.php?rest_route=\/wp\/v2\/media\/622022","targetHints":{"allow":["GET"]}}],"collection":[{"href":"https:\/\/www.diarioimagen.net\/index.php?rest_route=\/wp\/v2\/media"}],"about":[{"href":"https:\/\/www.diarioimagen.net\/index.php?rest_route=\/wp\/v2\/types\/attachment"}],"author":[{"embeddable":true,"href":"https:\/\/www.diarioimagen.net\/index.php?rest_route=\/wp\/v2\/users\/3"}],"replies":[{"embeddable":true,"href":"https:\/\/www.diarioimagen.net\/index.php?rest_route=%2Fwp%2Fv2%2Fcomments&post=622022"}]}}

<p>La gobernadora del Estado de México, Delfina Gómez Álvarez, y el rector de la UAEMéx, Carlos Eduardo Barrera Díaz, entregaron cinco sistemas de captación de agua de lluvia en las facultades de Ciencias Políticas y Sociales, Contaduría y Administración, Economía, Humanidades e Ingeniería.</p>
