{"id":622029,"date":"2024-06-07T01:28:21","date_gmt":"2024-06-07T07:28:21","guid":{"rendered":"https:\/\/www.diarioimagen.net\/wp-content\/uploads\/2024\/06\/mexico-bate-record.jpg"},"modified":"2024-06-07T01:28:25","modified_gmt":"2024-06-07T07:28:25","slug":"mexico-bate-record","status":"inherit","type":"attachment","link":"https:\/\/www.diarioimagen.net\/?attachment_id=622029","title":{"rendered":"mexico-bate-record"},"author":3,"featured_media":0,"comment_status":"open","ping_status":"closed","template":"","meta":{"_monsterinsights_skip_tracking":false,"_monsterinsights_sitenote_active":false,"_monsterinsights_sitenote_note":"","_monsterinsights_sitenote_category":0},"class_list":["post-622029","attachment","type-attachment","status-inherit","hentry"],"description":{"rendered":"<p class=\"attachment\"><a href='https:\/\/www.diarioimagen.net\/wp-content\/uploads\/2024\/06\/mexico-bate-record.jpg'><img loading=\"lazy\" decoding=\"async\" width=\"240\" height=\"141\" src=\"https:\/\/www.diarioimagen.net\/wp-content\/uploads\/2024\/06\/mexico-bate-record.jpg\" class=\"attachment-medium size-medium\" alt=\"\" \/><\/a><\/p>\n"},"caption":{"rendered":"<p>M\u00e9xico rompi\u00f3 r\u00e9cord en sus exportaciones de productos a Estados Unidos en abril y en su participaci\u00f3n de mercado en el total de importaciones de bienes a ese mismo destino en el acumulado de los primeros cuatro meses de 2024.<\/p>\n"},"alt_text":"","media_type":"image","mime_type":"image\/jpeg","media_details":{"width":460,"height":270,"file":"2024\/06\/mexico-bate-record.jpg","filesize":75712,"sizes":{},"image_meta":{"aperture":"0","credit":"","camera":"","caption":"","created_timestamp":"0","copyright":"","focal_length":"0","iso":"0","shutter_speed":"0","title":"","orientation":"0","keywords":[]}},"post":621957,"source_url":"https:\/\/www.diarioimagen.net\/wp-content\/uploads\/2024\/06\/mexico-bate-record.jpg","_links":{"self":[{"href":"https:\/\/www.diarioimagen.net\/index.php?rest_route=\/wp\/v2\/media\/622029","targetHints":{"allow":["GET"]}}],"collection":[{"href":"https:\/\/www.diarioimagen.net\/index.php?rest_route=\/wp\/v2\/media"}],"about":[{"href":"https:\/\/www.diarioimagen.net\/index.php?rest_route=\/wp\/v2\/types\/attachment"}],"author":[{"embeddable":true,"href":"https:\/\/www.diarioimagen.net\/index.php?rest_route=\/wp\/v2\/users\/3"}],"replies":[{"embeddable":true,"href":"https:\/\/www.diarioimagen.net\/index.php?rest_route=%2Fwp%2Fv2%2Fcomments&post=622029"}]}}

<p>México rompió récord en sus exportaciones de productos a Estados Unidos en abril y en su participación de mercado en el total de importaciones de bienes a ese mismo destino en el acumulado de los primeros cuatro meses de 2024.</p>
