{"id":622496,"date":"2024-06-12T01:08:32","date_gmt":"2024-06-12T07:08:32","guid":{"rendered":"https:\/\/www.diarioimagen.net\/wp-content\/uploads\/2024\/06\/delfina.jpg"},"modified":"2024-06-12T01:08:37","modified_gmt":"2024-06-12T07:08:37","slug":"delfina-18","status":"inherit","type":"attachment","link":"https:\/\/www.diarioimagen.net\/?attachment_id=622496","title":{"rendered":"delfina"},"author":3,"featured_media":0,"comment_status":"open","ping_status":"closed","template":"","meta":{"_monsterinsights_skip_tracking":false},"class_list":["post-622496","attachment","type-attachment","status-inherit","hentry"],"description":{"rendered":"<p class=\"attachment\"><a href='https:\/\/www.diarioimagen.net\/wp-content\/uploads\/2024\/06\/delfina.jpg'><img loading=\"lazy\" decoding=\"async\" width=\"240\" height=\"141\" src=\"https:\/\/www.diarioimagen.net\/wp-content\/uploads\/2024\/06\/delfina.jpg\" class=\"attachment-medium size-medium\" alt=\"\" \/><\/a><\/p>\n"},"caption":{"rendered":"<p>Desde el inicio del gobierno de Delfina G\u00f3mez \u00c1lvarez, septiembre 2023 a mayo 2024, en el Estado de M\u00e9xico se han generado 68 mil 465 nuevos empleos formales en el sector privado, cifra que representa la mayor registrada en los \u00faltimos 27 a\u00f1os para un periodo similar.<\/p>\n"},"alt_text":"","media_type":"image","mime_type":"image\/jpeg","media_details":{"width":460,"height":270,"file":"2024\/06\/delfina.jpg","filesize":66197,"sizes":{},"image_meta":{"aperture":"0","credit":"","camera":"","caption":"","created_timestamp":"0","copyright":"","focal_length":"0","iso":"0","shutter_speed":"0","title":"","orientation":"0","keywords":[]}},"post":622395,"source_url":"https:\/\/www.diarioimagen.net\/wp-content\/uploads\/2024\/06\/delfina.jpg","_links":{"self":[{"href":"https:\/\/www.diarioimagen.net\/index.php?rest_route=\/wp\/v2\/media\/622496","targetHints":{"allow":["GET"]}}],"collection":[{"href":"https:\/\/www.diarioimagen.net\/index.php?rest_route=\/wp\/v2\/media"}],"about":[{"href":"https:\/\/www.diarioimagen.net\/index.php?rest_route=\/wp\/v2\/types\/attachment"}],"author":[{"embeddable":true,"href":"https:\/\/www.diarioimagen.net\/index.php?rest_route=\/wp\/v2\/users\/3"}],"replies":[{"embeddable":true,"href":"https:\/\/www.diarioimagen.net\/index.php?rest_route=%2Fwp%2Fv2%2Fcomments&post=622496"}]}}

<p>Desde el inicio del gobierno de Delfina Gómez Álvarez, septiembre 2023 a mayo 2024, en el Estado de México se han generado 68 mil 465 nuevos empleos formales en el sector privado, cifra que representa la mayor registrada en los últimos 27 años para un periodo similar.</p>
