{"id":622885,"date":"2024-06-17T01:38:52","date_gmt":"2024-06-17T07:38:52","guid":{"rendered":"https:\/\/www.diarioimagen.net\/wp-content\/uploads\/2024\/06\/tribunal-3.jpg"},"modified":"2024-06-17T01:38:57","modified_gmt":"2024-06-17T07:38:57","slug":"tribunal-443","status":"inherit","type":"attachment","link":"https:\/\/www.diarioimagen.net\/?attachment_id=622885","title":{"rendered":"tribunal"},"author":3,"featured_media":0,"comment_status":"open","ping_status":"closed","template":"","meta":{"_monsterinsights_skip_tracking":false,"_monsterinsights_sitenote_active":false,"_monsterinsights_sitenote_note":"","_monsterinsights_sitenote_category":0},"class_list":["post-622885","attachment","type-attachment","status-inherit","hentry"],"description":{"rendered":"<p class=\"attachment\"><a href='https:\/\/www.diarioimagen.net\/wp-content\/uploads\/2024\/06\/tribunal-3.jpg'><img loading=\"lazy\" decoding=\"async\" width=\"240\" height=\"100\" src=\"https:\/\/www.diarioimagen.net\/wp-content\/uploads\/2024\/06\/tribunal-3.jpg\" class=\"attachment-medium size-medium\" alt=\"\" \/><\/a><\/p>\n"},"caption":{"rendered":"<p>En la inauguraci\u00f3n de la Segunda Asamblea Plenaria Ordinaria 2024, el presidente del Poder Judicial del Estado de Coahuila, magistrado Felipe Mery Ayup, destac\u00f3 que, bajo el liderazgo del magistrado Guerra, la Conatrib particip\u00f3 de forma in\u00e9dita en la elaboraci\u00f3n del CNPCyF.<\/p>\n"},"alt_text":"","media_type":"image","mime_type":"image\/jpeg","media_details":{"width":460,"height":192,"file":"2024\/06\/tribunal-3.jpg","filesize":53632,"sizes":{},"image_meta":{"aperture":"0","credit":"","camera":"","caption":"","created_timestamp":"0","copyright":"","focal_length":"0","iso":"0","shutter_speed":"0","title":"","orientation":"0","keywords":[]}},"post":622795,"source_url":"https:\/\/www.diarioimagen.net\/wp-content\/uploads\/2024\/06\/tribunal-3.jpg","_links":{"self":[{"href":"https:\/\/www.diarioimagen.net\/index.php?rest_route=\/wp\/v2\/media\/622885","targetHints":{"allow":["GET"]}}],"collection":[{"href":"https:\/\/www.diarioimagen.net\/index.php?rest_route=\/wp\/v2\/media"}],"about":[{"href":"https:\/\/www.diarioimagen.net\/index.php?rest_route=\/wp\/v2\/types\/attachment"}],"author":[{"embeddable":true,"href":"https:\/\/www.diarioimagen.net\/index.php?rest_route=\/wp\/v2\/users\/3"}],"replies":[{"embeddable":true,"href":"https:\/\/www.diarioimagen.net\/index.php?rest_route=%2Fwp%2Fv2%2Fcomments&post=622885"}]}}

<p>En la inauguración de la Segunda Asamblea Plenaria Ordinaria 2024, el presidente del Poder Judicial del Estado de Coahuila, magistrado Felipe Mery Ayup, destacó que, bajo el liderazgo del magistrado Guerra, la Conatrib participó de forma inédita en la elaboración del CNPCyF.</p>
