{"id":623081,"date":"2024-06-18T01:04:51","date_gmt":"2024-06-18T07:04:51","guid":{"rendered":"https:\/\/www.diarioimagen.net\/wp-content\/uploads\/2024\/06\/delfina-gomez.jpg"},"modified":"2024-06-18T01:04:56","modified_gmt":"2024-06-18T07:04:56","slug":"delfina-gomez-11","status":"inherit","type":"attachment","link":"https:\/\/www.diarioimagen.net\/?attachment_id=623081","title":{"rendered":"delfina-gomez"},"author":3,"featured_media":0,"comment_status":"open","ping_status":"closed","template":"","meta":{"_monsterinsights_skip_tracking":false,"_monsterinsights_sitenote_active":false,"_monsterinsights_sitenote_note":"","_monsterinsights_sitenote_category":0},"class_list":["post-623081","attachment","type-attachment","status-inherit","hentry"],"description":{"rendered":"<p class=\"attachment\"><a href='https:\/\/www.diarioimagen.net\/wp-content\/uploads\/2024\/06\/delfina-gomez.jpg'><img loading=\"lazy\" decoding=\"async\" width=\"240\" height=\"141\" src=\"https:\/\/www.diarioimagen.net\/wp-content\/uploads\/2024\/06\/delfina-gomez.jpg\" class=\"attachment-medium size-medium\" alt=\"\" \/><\/a><\/p>\n"},"caption":{"rendered":"<p>Delfina G\u00f3mez \u00c1lvarez encabez\u00f3 la ceremonia c\u00edvica de izamiento de Bandera en la Plaza de los M\u00e1rtires y presenci\u00f3 el arranque de la campa\u00f1a de Destrucci\u00f3n de Armamento.<\/p>\n"},"alt_text":"","media_type":"image","mime_type":"image\/jpeg","media_details":{"width":460,"height":270,"file":"2024\/06\/delfina-gomez.jpg","filesize":67614,"sizes":{},"image_meta":{"aperture":"0","credit":"","camera":"","caption":"","created_timestamp":"0","copyright":"","focal_length":"0","iso":"0","shutter_speed":"0","title":"","orientation":"0","keywords":[]}},"post":622950,"source_url":"https:\/\/www.diarioimagen.net\/wp-content\/uploads\/2024\/06\/delfina-gomez.jpg","_links":{"self":[{"href":"https:\/\/www.diarioimagen.net\/index.php?rest_route=\/wp\/v2\/media\/623081","targetHints":{"allow":["GET"]}}],"collection":[{"href":"https:\/\/www.diarioimagen.net\/index.php?rest_route=\/wp\/v2\/media"}],"about":[{"href":"https:\/\/www.diarioimagen.net\/index.php?rest_route=\/wp\/v2\/types\/attachment"}],"author":[{"embeddable":true,"href":"https:\/\/www.diarioimagen.net\/index.php?rest_route=\/wp\/v2\/users\/3"}],"replies":[{"embeddable":true,"href":"https:\/\/www.diarioimagen.net\/index.php?rest_route=%2Fwp%2Fv2%2Fcomments&post=623081"}]}}

<p>Delfina Gómez Álvarez encabezó la ceremonia cívica de izamiento de Bandera en la Plaza de los Mártires y presenció el arranque de la campaña de Destrucción de Armamento.</p>
