{"id":623189,"date":"2024-06-19T00:34:13","date_gmt":"2024-06-19T06:34:13","guid":{"rendered":"https:\/\/www.diarioimagen.net\/wp-content\/uploads\/2024\/06\/uaem-presenta-micrositios.jpg"},"modified":"2024-06-19T00:34:18","modified_gmt":"2024-06-19T06:34:18","slug":"uaem-presenta-micrositios","status":"inherit","type":"attachment","link":"https:\/\/www.diarioimagen.net\/?attachment_id=623189","title":{"rendered":"uaem-presenta-micrositios"},"author":3,"featured_media":0,"comment_status":"open","ping_status":"closed","template":"","meta":{"_monsterinsights_skip_tracking":false,"_monsterinsights_sitenote_active":false,"_monsterinsights_sitenote_note":"","_monsterinsights_sitenote_category":0},"class_list":["post-623189","attachment","type-attachment","status-inherit","hentry"],"description":{"rendered":"<p class=\"attachment\"><a href='https:\/\/www.diarioimagen.net\/wp-content\/uploads\/2024\/06\/uaem-presenta-micrositios.jpg'><img loading=\"lazy\" decoding=\"async\" width=\"240\" height=\"141\" src=\"https:\/\/www.diarioimagen.net\/wp-content\/uploads\/2024\/06\/uaem-presenta-micrositios.jpg\" class=\"attachment-medium size-medium\" alt=\"\" \/><\/a><\/p>\n"},"caption":{"rendered":"<p>La secretaria de Investigaci\u00f3n y Estudios Avanzados, Martha Patricia Zarza Delgado, destac\u00f3 que con ocho \u00e1reas de conocimiento, estos micrositios son un esfuerzo por seguir elevando la calidad de posgrado en distintas vertientes: cient\u00edfica, institucional, tecnol\u00f3gica, humana y social.<\/p>\n"},"alt_text":"","media_type":"image","mime_type":"image\/jpeg","media_details":{"width":460,"height":270,"file":"2024\/06\/uaem-presenta-micrositios.jpg","filesize":72573,"sizes":{},"image_meta":{"aperture":"0","credit":"","camera":"","caption":"","created_timestamp":"0","copyright":"","focal_length":"0","iso":"0","shutter_speed":"0","title":"","orientation":"0","keywords":[]}},"post":623112,"source_url":"https:\/\/www.diarioimagen.net\/wp-content\/uploads\/2024\/06\/uaem-presenta-micrositios.jpg","_links":{"self":[{"href":"https:\/\/www.diarioimagen.net\/index.php?rest_route=\/wp\/v2\/media\/623189","targetHints":{"allow":["GET"]}}],"collection":[{"href":"https:\/\/www.diarioimagen.net\/index.php?rest_route=\/wp\/v2\/media"}],"about":[{"href":"https:\/\/www.diarioimagen.net\/index.php?rest_route=\/wp\/v2\/types\/attachment"}],"author":[{"embeddable":true,"href":"https:\/\/www.diarioimagen.net\/index.php?rest_route=\/wp\/v2\/users\/3"}],"replies":[{"embeddable":true,"href":"https:\/\/www.diarioimagen.net\/index.php?rest_route=%2Fwp%2Fv2%2Fcomments&post=623189"}]}}

<p>La secretaria de Investigación y Estudios Avanzados, Martha Patricia Zarza Delgado, destacó que con ocho áreas de conocimiento, estos micrositios son un esfuerzo por seguir elevando la calidad de posgrado en distintas vertientes: científica, institucional, tecnológica, humana y social.</p>
