{"id":623354,"date":"2024-06-20T01:30:10","date_gmt":"2024-06-20T07:30:10","guid":{"rendered":"https:\/\/www.diarioimagen.net\/wp-content\/uploads\/2024\/06\/dra-eileen.jpg"},"modified":"2024-06-20T01:30:14","modified_gmt":"2024-06-20T07:30:14","slug":"dra-eileen","status":"inherit","type":"attachment","link":"https:\/\/www.diarioimagen.net\/?attachment_id=623354","title":{"rendered":"dra-eileen"},"author":3,"featured_media":0,"comment_status":"open","ping_status":"closed","template":"","meta":{"_monsterinsights_skip_tracking":false,"_monsterinsights_sitenote_active":false,"_monsterinsights_sitenote_note":"","_monsterinsights_sitenote_category":0},"class_list":["post-623354","attachment","type-attachment","status-inherit","hentry"],"description":{"rendered":"<p class=\"attachment\"><a href='https:\/\/www.diarioimagen.net\/wp-content\/uploads\/2024\/06\/dra-eileen.jpg'><img loading=\"lazy\" decoding=\"async\" width=\"240\" height=\"141\" src=\"https:\/\/www.diarioimagen.net\/wp-content\/uploads\/2024\/06\/dra-eileen.jpg\" class=\"attachment-medium size-medium\" alt=\"\" \/><\/a><\/p>\n"},"caption":{"rendered":"<p>Dra. Eileen Barranco es especializada en dermatolog\u00eda cl\u00ednica y cosm\u00e9tica, por lo que est\u00e1 comprometida al cuidado de la piel de sus pacientes. (Foto: Mitzi Fern\u00e1ndez).<\/p>\n"},"alt_text":"","media_type":"image","mime_type":"image\/jpeg","media_details":{"width":460,"height":270,"file":"2024\/06\/dra-eileen.jpg","filesize":31298,"sizes":{},"image_meta":{"aperture":"0","credit":"","camera":"","caption":"","created_timestamp":"0","copyright":"","focal_length":"0","iso":"0","shutter_speed":"0","title":"","orientation":"0","keywords":[]}},"post":623290,"source_url":"https:\/\/www.diarioimagen.net\/wp-content\/uploads\/2024\/06\/dra-eileen.jpg","_links":{"self":[{"href":"https:\/\/www.diarioimagen.net\/index.php?rest_route=\/wp\/v2\/media\/623354","targetHints":{"allow":["GET"]}}],"collection":[{"href":"https:\/\/www.diarioimagen.net\/index.php?rest_route=\/wp\/v2\/media"}],"about":[{"href":"https:\/\/www.diarioimagen.net\/index.php?rest_route=\/wp\/v2\/types\/attachment"}],"author":[{"embeddable":true,"href":"https:\/\/www.diarioimagen.net\/index.php?rest_route=\/wp\/v2\/users\/3"}],"replies":[{"embeddable":true,"href":"https:\/\/www.diarioimagen.net\/index.php?rest_route=%2Fwp%2Fv2%2Fcomments&post=623354"}]}}

<p>Dra. Eileen Barranco es especializada en dermatología clínica y cosmética, por lo que está comprometida al cuidado de la piel de sus pacientes. (Foto: Mitzi Fernández).</p>
