{"id":623879,"date":"2024-06-25T02:05:30","date_gmt":"2024-06-25T08:05:30","guid":{"rendered":"https:\/\/www.diarioimagen.net\/wp-content\/uploads\/2024\/06\/michoacan-y-embajador.jpg"},"modified":"2024-06-25T02:05:34","modified_gmt":"2024-06-25T08:05:34","slug":"michoacan-y-embajador","status":"inherit","type":"attachment","link":"https:\/\/www.diarioimagen.net\/?attachment_id=623879","title":{"rendered":"michoacan-y-embajador"},"author":3,"featured_media":0,"comment_status":"open","ping_status":"closed","template":"","meta":{"_monsterinsights_skip_tracking":false,"_monsterinsights_sitenote_active":false,"_monsterinsights_sitenote_note":"","_monsterinsights_sitenote_category":0},"class_list":["post-623879","attachment","type-attachment","status-inherit","hentry"],"description":{"rendered":"<p class=\"attachment\"><a href='https:\/\/www.diarioimagen.net\/wp-content\/uploads\/2024\/06\/michoacan-y-embajador.jpg'><img loading=\"lazy\" decoding=\"async\" width=\"240\" height=\"141\" src=\"https:\/\/www.diarioimagen.net\/wp-content\/uploads\/2024\/06\/michoacan-y-embajador.jpg\" class=\"attachment-medium size-medium\" alt=\"\" \/><\/a><\/p>\n"},"caption":{"rendered":"<p>Tras un acuerdo entre el gobierno de Michoac\u00e1n, Alfredo Ram\u00edrez Bedolla, y el embajador de Estados Unidos en Mexico, Ken Salazar, se anunci\u00f3 la reactivaci\u00f3n de las exportsaciones de aguacate micoacano.<\/p>\n"},"alt_text":"","media_type":"image","mime_type":"image\/jpeg","media_details":{"width":460,"height":270,"file":"2024\/06\/michoacan-y-embajador.jpg","filesize":48428,"sizes":{},"image_meta":{"aperture":"0","credit":"","camera":"","caption":"","created_timestamp":"0","copyright":"","focal_length":"0","iso":"0","shutter_speed":"0","title":"","orientation":"0","keywords":[]}},"post":623782,"source_url":"https:\/\/www.diarioimagen.net\/wp-content\/uploads\/2024\/06\/michoacan-y-embajador.jpg","_links":{"self":[{"href":"https:\/\/www.diarioimagen.net\/index.php?rest_route=\/wp\/v2\/media\/623879","targetHints":{"allow":["GET"]}}],"collection":[{"href":"https:\/\/www.diarioimagen.net\/index.php?rest_route=\/wp\/v2\/media"}],"about":[{"href":"https:\/\/www.diarioimagen.net\/index.php?rest_route=\/wp\/v2\/types\/attachment"}],"author":[{"embeddable":true,"href":"https:\/\/www.diarioimagen.net\/index.php?rest_route=\/wp\/v2\/users\/3"}],"replies":[{"embeddable":true,"href":"https:\/\/www.diarioimagen.net\/index.php?rest_route=%2Fwp%2Fv2%2Fcomments&post=623879"}]}}

<p>Tras un acuerdo entre el gobierno de Michoacán, Alfredo Ramírez Bedolla, y el embajador de Estados Unidos en Mexico, Ken Salazar, se anunció la reactivación de las exportsaciones de aguacate micoacano.</p>
