{"id":624212,"date":"2024-06-27T01:01:16","date_gmt":"2024-06-27T07:01:16","guid":{"rendered":"https:\/\/www.diarioimagen.net\/wp-content\/uploads\/2024\/06\/mayoria-de-mexicanos-padece.jpg"},"modified":"2024-06-27T01:01:20","modified_gmt":"2024-06-27T07:01:20","slug":"mayoria-de-mexicanos-padece","status":"inherit","type":"attachment","link":"https:\/\/www.diarioimagen.net\/?attachment_id=624212","title":{"rendered":"mayoria-de-mexicanos-padece"},"author":3,"featured_media":0,"comment_status":"open","ping_status":"closed","template":"","meta":{"_monsterinsights_skip_tracking":false,"_monsterinsights_sitenote_active":false,"_monsterinsights_sitenote_note":"","_monsterinsights_sitenote_category":0},"class_list":["post-624212","attachment","type-attachment","status-inherit","hentry"],"description":{"rendered":"<p class=\"attachment\"><a href='https:\/\/www.diarioimagen.net\/wp-content\/uploads\/2024\/06\/mayoria-de-mexicanos-padece.jpg'><img loading=\"lazy\" decoding=\"async\" width=\"240\" height=\"141\" src=\"https:\/\/www.diarioimagen.net\/wp-content\/uploads\/2024\/06\/mayoria-de-mexicanos-padece.jpg\" class=\"attachment-medium size-medium\" alt=\"\" \/><\/a><\/p>\n"},"caption":{"rendered":"<p>La mayor\u00eda de los mexicanos enfrenta estr\u00e9s financiero alto y moderado debido al aumento de las deudas y los gastos imprevistos, lo que provoca malestares fisiol\u00f3gicos, psicol\u00f3gicos y sociales.<\/p>\n"},"alt_text":"","media_type":"image","mime_type":"image\/jpeg","media_details":{"width":460,"height":270,"file":"2024\/06\/mayoria-de-mexicanos-padece.jpg","filesize":42647,"sizes":{},"image_meta":{"aperture":"0","credit":"","camera":"","caption":"","created_timestamp":"0","copyright":"","focal_length":"0","iso":"0","shutter_speed":"0","title":"","orientation":"0","keywords":[]}},"post":624090,"source_url":"https:\/\/www.diarioimagen.net\/wp-content\/uploads\/2024\/06\/mayoria-de-mexicanos-padece.jpg","_links":{"self":[{"href":"https:\/\/www.diarioimagen.net\/index.php?rest_route=\/wp\/v2\/media\/624212","targetHints":{"allow":["GET"]}}],"collection":[{"href":"https:\/\/www.diarioimagen.net\/index.php?rest_route=\/wp\/v2\/media"}],"about":[{"href":"https:\/\/www.diarioimagen.net\/index.php?rest_route=\/wp\/v2\/types\/attachment"}],"author":[{"embeddable":true,"href":"https:\/\/www.diarioimagen.net\/index.php?rest_route=\/wp\/v2\/users\/3"}],"replies":[{"embeddable":true,"href":"https:\/\/www.diarioimagen.net\/index.php?rest_route=%2Fwp%2Fv2%2Fcomments&post=624212"}]}}

<p>La mayoría de los mexicanos enfrenta estrés financiero alto y moderado debido al aumento de las deudas y los gastos imprevistos, lo que provoca malestares fisiológicos, psicológicos y sociales.</p>
