{"id":624222,"date":"2024-06-27T01:06:02","date_gmt":"2024-06-27T07:06:02","guid":{"rendered":"https:\/\/www.diarioimagen.net\/wp-content\/uploads\/2024\/06\/eleva-sequia-pecios.jpg"},"modified":"2024-06-27T01:06:07","modified_gmt":"2024-06-27T07:06:07","slug":"eleva-sequia-pecios","status":"inherit","type":"attachment","link":"https:\/\/www.diarioimagen.net\/?attachment_id=624222","title":{"rendered":"eleva-sequia-pecios"},"author":3,"featured_media":0,"comment_status":"open","ping_status":"closed","template":"","meta":{"_monsterinsights_skip_tracking":false,"_monsterinsights_sitenote_active":false,"_monsterinsights_sitenote_note":"","_monsterinsights_sitenote_category":0},"class_list":["post-624222","attachment","type-attachment","status-inherit","hentry"],"description":{"rendered":"<p class=\"attachment\"><a href='https:\/\/www.diarioimagen.net\/wp-content\/uploads\/2024\/06\/eleva-sequia-pecios.jpg'><img loading=\"lazy\" decoding=\"async\" width=\"240\" height=\"141\" src=\"https:\/\/www.diarioimagen.net\/wp-content\/uploads\/2024\/06\/eleva-sequia-pecios.jpg\" class=\"attachment-medium size-medium\" alt=\"\" \/><\/a><\/p>\n"},"caption":{"rendered":"<p>La sequ\u00eda, las altas temperaturas y ahora las granizadas, que forman parte del cambio clim\u00e1tico, est\u00e1n afectando la producci\u00f3n de alimentos del campo.<\/p>\n"},"alt_text":"","media_type":"image","mime_type":"image\/jpeg","media_details":{"width":460,"height":270,"file":"2024\/06\/eleva-sequia-pecios.jpg","filesize":71036,"sizes":{},"image_meta":{"aperture":"0","credit":"","camera":"","caption":"","created_timestamp":"0","copyright":"","focal_length":"0","iso":"0","shutter_speed":"0","title":"","orientation":"0","keywords":[]}},"post":624092,"source_url":"https:\/\/www.diarioimagen.net\/wp-content\/uploads\/2024\/06\/eleva-sequia-pecios.jpg","_links":{"self":[{"href":"https:\/\/www.diarioimagen.net\/index.php?rest_route=\/wp\/v2\/media\/624222","targetHints":{"allow":["GET"]}}],"collection":[{"href":"https:\/\/www.diarioimagen.net\/index.php?rest_route=\/wp\/v2\/media"}],"about":[{"href":"https:\/\/www.diarioimagen.net\/index.php?rest_route=\/wp\/v2\/types\/attachment"}],"author":[{"embeddable":true,"href":"https:\/\/www.diarioimagen.net\/index.php?rest_route=\/wp\/v2\/users\/3"}],"replies":[{"embeddable":true,"href":"https:\/\/www.diarioimagen.net\/index.php?rest_route=%2Fwp%2Fv2%2Fcomments&post=624222"}]}}

<p>La sequía, las altas temperaturas y ahora las granizadas, que forman parte del cambio climático, están afectando la producción de alimentos del campo.</p>
