{"id":624645,"date":"2024-07-02T00:54:34","date_gmt":"2024-07-02T06:54:34","guid":{"rendered":"https:\/\/www.diarioimagen.net\/wp-content\/uploads\/2024\/07\/mario-delgado.jpg"},"modified":"2024-07-02T00:54:38","modified_gmt":"2024-07-02T06:54:38","slug":"mario-delgado-6","status":"inherit","type":"attachment","link":"https:\/\/www.diarioimagen.net\/?attachment_id=624645","title":{"rendered":"mario-delgado"},"author":3,"featured_media":0,"comment_status":"open","ping_status":"closed","template":"","meta":{"_monsterinsights_skip_tracking":false,"_monsterinsights_sitenote_active":false,"_monsterinsights_sitenote_note":"","_monsterinsights_sitenote_category":0},"class_list":["post-624645","attachment","type-attachment","status-inherit","hentry"],"description":{"rendered":"<p class=\"attachment\"><a href='https:\/\/www.diarioimagen.net\/wp-content\/uploads\/2024\/07\/mario-delgado.jpg'><img loading=\"lazy\" decoding=\"async\" width=\"240\" height=\"141\" src=\"https:\/\/www.diarioimagen.net\/wp-content\/uploads\/2024\/07\/mario-delgado-240x141.jpg\" class=\"attachment-medium size-medium\" alt=\"\" srcset=\"https:\/\/www.diarioimagen.net\/wp-content\/uploads\/2024\/07\/mario-delgado-240x141.jpg 240w, https:\/\/www.diarioimagen.net\/wp-content\/uploads\/2024\/07\/mario-delgado.jpg 460w\" sizes=\"auto, (max-width: 240px) 100vw, 240px\" \/><\/a><\/p>\n"},"caption":{"rendered":"<p>Mario Delgado, dirigente nacional de Morena, siempre est\u00e1 con quien mejor conviene a sus intereses, asegura el polit\u00f3logo Horacio Jim\u00e9nez L\u00f3pez.<\/p>\n"},"alt_text":"","media_type":"image","mime_type":"image\/jpeg","media_details":{"width":460,"height":270,"file":"2024\/07\/mario-delgado.jpg","filesize":35873,"sizes":{"medium":{"file":"mario-delgado-240x141.jpg","width":240,"height":141,"filesize":7340,"mime_type":"image\/jpeg","source_url":"https:\/\/www.diarioimagen.net\/wp-content\/uploads\/2024\/07\/mario-delgado-240x141.jpg"},"thumbnail":{"file":"mario-delgado-150x150.jpg","width":150,"height":150,"filesize":6112,"mime_type":"image\/jpeg","source_url":"https:\/\/www.diarioimagen.net\/wp-content\/uploads\/2024\/07\/mario-delgado-150x150.jpg"},"post-thumbnail":{"file":"mario-delgado-50x50.jpg","width":50,"height":50,"filesize":1747,"mime_type":"image\/jpeg","source_url":"https:\/\/www.diarioimagen.net\/wp-content\/uploads\/2024\/07\/mario-delgado-50x50.jpg"},"blgn-below_featured":{"file":"mario-delgado-235x132.jpg","width":235,"height":132,"filesize":7010,"mime_type":"image\/jpeg","source_url":"https:\/\/www.diarioimagen.net\/wp-content\/uploads\/2024\/07\/mario-delgado-235x132.jpg"},"blgn-mediabar":{"file":"mario-delgado-202x114.jpg","width":202,"height":114,"filesize":5823,"mime_type":"image\/jpeg","source_url":"https:\/\/www.diarioimagen.net\/wp-content\/uploads\/2024\/07\/mario-delgado-202x114.jpg"},"blgn-secondary_left":{"file":"mario-delgado-75x75.jpg","width":75,"height":75,"filesize":2629,"mime_type":"image\/jpeg","source_url":"https:\/\/www.diarioimagen.net\/wp-content\/uploads\/2024\/07\/mario-delgado-75x75.jpg"},"blgn-secondary_right":{"file":"mario-delgado-75x75.jpg","width":75,"height":75,"filesize":2629,"mime_type":"image\/jpeg","source_url":"https:\/\/www.diarioimagen.net\/wp-content\/uploads\/2024\/07\/mario-delgado-75x75.jpg"},"blgn-secondary_mid_big":{"file":"mario-delgado-350x196.jpg","width":350,"height":196,"filesize":11711,"mime_type":"image\/jpeg","source_url":"https:\/\/www.diarioimagen.net\/wp-content\/uploads\/2024\/07\/mario-delgado-350x196.jpg"},"blgn-secondary_mid_small":{"file":"mario-delgado-70x70.jpg","width":70,"height":70,"filesize":2396,"mime_type":"image\/jpeg","source_url":"https:\/\/www.diarioimagen.net\/wp-content\/uploads\/2024\/07\/mario-delgado-70x70.jpg"},"blgn-subnews":{"file":"mario-delgado-220x123.jpg","width":220,"height":123,"filesize":6381,"mime_type":"image\/jpeg","source_url":"https:\/\/www.diarioimagen.net\/wp-content\/uploads\/2024\/07\/mario-delgado-220x123.jpg"},"blgn-excerpt_thumb":{"file":"mario-delgado-90x65.jpg","width":90,"height":65,"filesize":2658,"mime_type":"image\/jpeg","source_url":"https:\/\/www.diarioimagen.net\/wp-content\/uploads\/2024\/07\/mario-delgado-90x65.jpg"},"blgn-media_gallery":{"file":"mario-delgado-237x132.jpg","width":237,"height":132,"filesize":7033,"mime_type":"image\/jpeg","source_url":"https:\/\/www.diarioimagen.net\/wp-content\/uploads\/2024\/07\/mario-delgado-237x132.jpg"},"full":{"file":"mario-delgado.jpg","width":460,"height":270,"mime_type":"image\/jpeg","source_url":"https:\/\/www.diarioimagen.net\/wp-content\/uploads\/2024\/07\/mario-delgado.jpg"}},"image_meta":{"aperture":"0","credit":"","camera":"","caption":"","created_timestamp":"0","copyright":"","focal_length":"0","iso":"0","shutter_speed":"0","title":"","orientation":"0","keywords":[]}},"post":624594,"source_url":"https:\/\/www.diarioimagen.net\/wp-content\/uploads\/2024\/07\/mario-delgado.jpg","_links":{"self":[{"href":"https:\/\/www.diarioimagen.net\/index.php?rest_route=\/wp\/v2\/media\/624645","targetHints":{"allow":["GET"]}}],"collection":[{"href":"https:\/\/www.diarioimagen.net\/index.php?rest_route=\/wp\/v2\/media"}],"about":[{"href":"https:\/\/www.diarioimagen.net\/index.php?rest_route=\/wp\/v2\/types\/attachment"}],"author":[{"embeddable":true,"href":"https:\/\/www.diarioimagen.net\/index.php?rest_route=\/wp\/v2\/users\/3"}],"replies":[{"embeddable":true,"href":"https:\/\/www.diarioimagen.net\/index.php?rest_route=%2Fwp%2Fv2%2Fcomments&post=624645"}]}}

<p>Mario Delgado, dirigente nacional de Morena, siempre está con quien mejor conviene a sus intereses, asegura el politólogo Horacio Jiménez López.</p>
