{"id":625286,"date":"2024-07-08T02:15:32","date_gmt":"2024-07-08T08:15:32","guid":{"rendered":"https:\/\/www.diarioimagen.net\/wp-content\/uploads\/2024\/07\/uaem-estudiantado.jpg"},"modified":"2024-07-08T02:15:36","modified_gmt":"2024-07-08T08:15:36","slug":"uaem-estudiantado-5","status":"inherit","type":"attachment","link":"https:\/\/www.diarioimagen.net\/?attachment_id=625286","title":{"rendered":"uaem-estudiantado"},"author":3,"featured_media":0,"comment_status":"open","ping_status":"closed","template":"","meta":{"_monsterinsights_skip_tracking":false,"_monsterinsights_sitenote_active":false,"_monsterinsights_sitenote_note":"","_monsterinsights_sitenote_category":0},"class_list":["post-625286","attachment","type-attachment","status-inherit","hentry"],"description":{"rendered":"<p class=\"attachment\"><a href='https:\/\/www.diarioimagen.net\/wp-content\/uploads\/2024\/07\/uaem-estudiantado.jpg'><img loading=\"lazy\" decoding=\"async\" width=\"240\" height=\"141\" src=\"https:\/\/www.diarioimagen.net\/wp-content\/uploads\/2024\/07\/uaem-estudiantado-240x141.jpg\" class=\"attachment-medium size-medium\" alt=\"\" srcset=\"https:\/\/www.diarioimagen.net\/wp-content\/uploads\/2024\/07\/uaem-estudiantado-240x141.jpg 240w, https:\/\/www.diarioimagen.net\/wp-content\/uploads\/2024\/07\/uaem-estudiantado.jpg 460w\" sizes=\"auto, (max-width: 240px) 100vw, 240px\" \/><\/a><\/p>\n"},"caption":{"rendered":"<p>El rector de la UAEM\u00e9x, Carlos Eduardo Barrera D\u00edaz, encabez\u00f3 la lectura del primer informe anual de actividades del director del Plantel \u201cDr. \u00c1ngel Ma. Garibay Kintana\u201d de la Escuela Preparatoria, Alejandro Morales Vel\u00e1zquez.<\/p>\n"},"alt_text":"","media_type":"image","mime_type":"image\/jpeg","media_details":{"width":460,"height":270,"file":"2024\/07\/uaem-estudiantado.jpg","filesize":66311,"sizes":{"medium":{"file":"uaem-estudiantado-240x141.jpg","width":240,"height":141,"filesize":10925,"mime_type":"image\/jpeg","source_url":"https:\/\/www.diarioimagen.net\/wp-content\/uploads\/2024\/07\/uaem-estudiantado-240x141.jpg"},"thumbnail":{"file":"uaem-estudiantado-150x150.jpg","width":150,"height":150,"filesize":7155,"mime_type":"image\/jpeg","source_url":"https:\/\/www.diarioimagen.net\/wp-content\/uploads\/2024\/07\/uaem-estudiantado-150x150.jpg"},"post-thumbnail":{"file":"uaem-estudiantado-50x50.jpg","width":50,"height":50,"filesize":1787,"mime_type":"image\/jpeg","source_url":"https:\/\/www.diarioimagen.net\/wp-content\/uploads\/2024\/07\/uaem-estudiantado-50x50.jpg"},"blgn-below_featured":{"file":"uaem-estudiantado-235x132.jpg","width":235,"height":132,"filesize":10363,"mime_type":"image\/jpeg","source_url":"https:\/\/www.diarioimagen.net\/wp-content\/uploads\/2024\/07\/uaem-estudiantado-235x132.jpg"},"blgn-mediabar":{"file":"uaem-estudiantado-202x114.jpg","width":202,"height":114,"filesize":8388,"mime_type":"image\/jpeg","source_url":"https:\/\/www.diarioimagen.net\/wp-content\/uploads\/2024\/07\/uaem-estudiantado-202x114.jpg"},"blgn-secondary_left":{"file":"uaem-estudiantado-75x75.jpg","width":75,"height":75,"filesize":2731,"mime_type":"image\/jpeg","source_url":"https:\/\/www.diarioimagen.net\/wp-content\/uploads\/2024\/07\/uaem-estudiantado-75x75.jpg"},"blgn-secondary_right":{"file":"uaem-estudiantado-75x75.jpg","width":75,"height":75,"filesize":2731,"mime_type":"image\/jpeg","source_url":"https:\/\/www.diarioimagen.net\/wp-content\/uploads\/2024\/07\/uaem-estudiantado-75x75.jpg"},"blgn-secondary_mid_big":{"file":"uaem-estudiantado-350x196.jpg","width":350,"height":196,"filesize":19106,"mime_type":"image\/jpeg","source_url":"https:\/\/www.diarioimagen.net\/wp-content\/uploads\/2024\/07\/uaem-estudiantado-350x196.jpg"},"blgn-secondary_mid_small":{"file":"uaem-estudiantado-70x70.jpg","width":70,"height":70,"filesize":2473,"mime_type":"image\/jpeg","source_url":"https:\/\/www.diarioimagen.net\/wp-content\/uploads\/2024\/07\/uaem-estudiantado-70x70.jpg"},"blgn-subnews":{"file":"uaem-estudiantado-220x123.jpg","width":220,"height":123,"filesize":9435,"mime_type":"image\/jpeg","source_url":"https:\/\/www.diarioimagen.net\/wp-content\/uploads\/2024\/07\/uaem-estudiantado-220x123.jpg"},"blgn-excerpt_thumb":{"file":"uaem-estudiantado-90x65.jpg","width":90,"height":65,"filesize":3033,"mime_type":"image\/jpeg","source_url":"https:\/\/www.diarioimagen.net\/wp-content\/uploads\/2024\/07\/uaem-estudiantado-90x65.jpg"},"blgn-media_gallery":{"file":"uaem-estudiantado-237x132.jpg","width":237,"height":132,"filesize":10414,"mime_type":"image\/jpeg","source_url":"https:\/\/www.diarioimagen.net\/wp-content\/uploads\/2024\/07\/uaem-estudiantado-237x132.jpg"},"full":{"file":"uaem-estudiantado.jpg","width":460,"height":270,"mime_type":"image\/jpeg","source_url":"https:\/\/www.diarioimagen.net\/wp-content\/uploads\/2024\/07\/uaem-estudiantado.jpg"}},"image_meta":{"aperture":"0","credit":"","camera":"","caption":"","created_timestamp":"0","copyright":"","focal_length":"0","iso":"0","shutter_speed":"0","title":"","orientation":"0","keywords":[]}},"post":625176,"source_url":"https:\/\/www.diarioimagen.net\/wp-content\/uploads\/2024\/07\/uaem-estudiantado.jpg","_links":{"self":[{"href":"https:\/\/www.diarioimagen.net\/index.php?rest_route=\/wp\/v2\/media\/625286","targetHints":{"allow":["GET"]}}],"collection":[{"href":"https:\/\/www.diarioimagen.net\/index.php?rest_route=\/wp\/v2\/media"}],"about":[{"href":"https:\/\/www.diarioimagen.net\/index.php?rest_route=\/wp\/v2\/types\/attachment"}],"author":[{"embeddable":true,"href":"https:\/\/www.diarioimagen.net\/index.php?rest_route=\/wp\/v2\/users\/3"}],"replies":[{"embeddable":true,"href":"https:\/\/www.diarioimagen.net\/index.php?rest_route=%2Fwp%2Fv2%2Fcomments&post=625286"}]}}

<p>El rector de la UAEMéx, Carlos Eduardo Barrera Díaz, encabezó la lectura del primer informe anual de actividades del director del Plantel “Dr. Ángel Ma. Garibay Kintana” de la Escuela Preparatoria, Alejandro Morales Velázquez.</p>
