{"id":625467,"date":"2024-07-09T02:00:16","date_gmt":"2024-07-09T08:00:16","guid":{"rendered":"https:\/\/www.diarioimagen.net\/wp-content\/uploads\/2024\/07\/alejandro-moreno.jpg"},"modified":"2024-07-09T02:00:20","modified_gmt":"2024-07-09T08:00:20","slug":"alejandro-moreno-3","status":"inherit","type":"attachment","link":"https:\/\/www.diarioimagen.net\/?attachment_id=625467","title":{"rendered":"alejandro-moreno"},"author":3,"featured_media":0,"comment_status":"open","ping_status":"closed","template":"","meta":{"_monsterinsights_skip_tracking":false,"_monsterinsights_sitenote_active":false,"_monsterinsights_sitenote_note":"","_monsterinsights_sitenote_category":0},"class_list":["post-625467","attachment","type-attachment","status-inherit","hentry"],"description":{"rendered":"<p class=\"attachment\"><a href='https:\/\/www.diarioimagen.net\/wp-content\/uploads\/2024\/07\/alejandro-moreno.jpg'><img loading=\"lazy\" decoding=\"async\" width=\"240\" height=\"141\" src=\"https:\/\/www.diarioimagen.net\/wp-content\/uploads\/2024\/07\/alejandro-moreno-240x141.jpg\" class=\"attachment-medium size-medium\" alt=\"\" srcset=\"https:\/\/www.diarioimagen.net\/wp-content\/uploads\/2024\/07\/alejandro-moreno-240x141.jpg 240w, https:\/\/www.diarioimagen.net\/wp-content\/uploads\/2024\/07\/alejandro-moreno.jpg 460w\" sizes=\"auto, (max-width: 240px) 100vw, 240px\" \/><\/a><\/p>\n"},"caption":{"rendered":"<p>Luego de la reforma estatutos para la reelecci\u00f3n de Alejandro Moreno, al frente del CEN del PRI, militantes prev\u00e9n que habr\u00e1 m\u00e1s desbandada en ese instituto pol\u00edtico.<\/p>\n"},"alt_text":"","media_type":"image","mime_type":"image\/jpeg","media_details":{"width":460,"height":270,"file":"2024\/07\/alejandro-moreno.jpg","filesize":36988,"sizes":{"medium":{"file":"alejandro-moreno-240x141.jpg","width":240,"height":141,"filesize":7582,"mime_type":"image\/jpeg","source_url":"https:\/\/www.diarioimagen.net\/wp-content\/uploads\/2024\/07\/alejandro-moreno-240x141.jpg"},"thumbnail":{"file":"alejandro-moreno-150x150.jpg","width":150,"height":150,"filesize":6014,"mime_type":"image\/jpeg","source_url":"https:\/\/www.diarioimagen.net\/wp-content\/uploads\/2024\/07\/alejandro-moreno-150x150.jpg"},"post-thumbnail":{"file":"alejandro-moreno-50x50.jpg","width":50,"height":50,"filesize":1819,"mime_type":"image\/jpeg","source_url":"https:\/\/www.diarioimagen.net\/wp-content\/uploads\/2024\/07\/alejandro-moreno-50x50.jpg"},"blgn-below_featured":{"file":"alejandro-moreno-235x132.jpg","width":235,"height":132,"filesize":7359,"mime_type":"image\/jpeg","source_url":"https:\/\/www.diarioimagen.net\/wp-content\/uploads\/2024\/07\/alejandro-moreno-235x132.jpg"},"blgn-mediabar":{"file":"alejandro-moreno-202x114.jpg","width":202,"height":114,"filesize":6047,"mime_type":"image\/jpeg","source_url":"https:\/\/www.diarioimagen.net\/wp-content\/uploads\/2024\/07\/alejandro-moreno-202x114.jpg"},"blgn-secondary_left":{"file":"alejandro-moreno-75x75.jpg","width":75,"height":75,"filesize":2667,"mime_type":"image\/jpeg","source_url":"https:\/\/www.diarioimagen.net\/wp-content\/uploads\/2024\/07\/alejandro-moreno-75x75.jpg"},"blgn-secondary_right":{"file":"alejandro-moreno-75x75.jpg","width":75,"height":75,"filesize":2667,"mime_type":"image\/jpeg","source_url":"https:\/\/www.diarioimagen.net\/wp-content\/uploads\/2024\/07\/alejandro-moreno-75x75.jpg"},"blgn-secondary_mid_big":{"file":"alejandro-moreno-350x196.jpg","width":350,"height":196,"filesize":12228,"mime_type":"image\/jpeg","source_url":"https:\/\/www.diarioimagen.net\/wp-content\/uploads\/2024\/07\/alejandro-moreno-350x196.jpg"},"blgn-secondary_mid_small":{"file":"alejandro-moreno-70x70.jpg","width":70,"height":70,"filesize":2453,"mime_type":"image\/jpeg","source_url":"https:\/\/www.diarioimagen.net\/wp-content\/uploads\/2024\/07\/alejandro-moreno-70x70.jpg"},"blgn-subnews":{"file":"alejandro-moreno-220x123.jpg","width":220,"height":123,"filesize":6664,"mime_type":"image\/jpeg","source_url":"https:\/\/www.diarioimagen.net\/wp-content\/uploads\/2024\/07\/alejandro-moreno-220x123.jpg"},"blgn-excerpt_thumb":{"file":"alejandro-moreno-90x65.jpg","width":90,"height":65,"filesize":2768,"mime_type":"image\/jpeg","source_url":"https:\/\/www.diarioimagen.net\/wp-content\/uploads\/2024\/07\/alejandro-moreno-90x65.jpg"},"blgn-media_gallery":{"file":"alejandro-moreno-237x132.jpg","width":237,"height":132,"filesize":7301,"mime_type":"image\/jpeg","source_url":"https:\/\/www.diarioimagen.net\/wp-content\/uploads\/2024\/07\/alejandro-moreno-237x132.jpg"},"full":{"file":"alejandro-moreno.jpg","width":460,"height":270,"mime_type":"image\/jpeg","source_url":"https:\/\/www.diarioimagen.net\/wp-content\/uploads\/2024\/07\/alejandro-moreno.jpg"}},"image_meta":{"aperture":"0","credit":"","camera":"","caption":"","created_timestamp":"0","copyright":"","focal_length":"0","iso":"0","shutter_speed":"0","title":"","orientation":"0","keywords":[]}},"post":625377,"source_url":"https:\/\/www.diarioimagen.net\/wp-content\/uploads\/2024\/07\/alejandro-moreno.jpg","_links":{"self":[{"href":"https:\/\/www.diarioimagen.net\/index.php?rest_route=\/wp\/v2\/media\/625467","targetHints":{"allow":["GET"]}}],"collection":[{"href":"https:\/\/www.diarioimagen.net\/index.php?rest_route=\/wp\/v2\/media"}],"about":[{"href":"https:\/\/www.diarioimagen.net\/index.php?rest_route=\/wp\/v2\/types\/attachment"}],"author":[{"embeddable":true,"href":"https:\/\/www.diarioimagen.net\/index.php?rest_route=\/wp\/v2\/users\/3"}],"replies":[{"embeddable":true,"href":"https:\/\/www.diarioimagen.net\/index.php?rest_route=%2Fwp%2Fv2%2Fcomments&post=625467"}]}}

<p>Luego de la reforma estatutos para la reelección de Alejandro Moreno, al frente del CEN del PRI, militantes prevén que habrá más desbandada en ese instituto político.</p>
