{"id":625621,"date":"2024-07-10T02:25:25","date_gmt":"2024-07-10T08:25:25","guid":{"rendered":"https:\/\/www.diarioimagen.net\/wp-content\/uploads\/2024\/07\/playa-limbo.jpg"},"modified":"2024-07-10T02:25:32","modified_gmt":"2024-07-10T08:25:32","slug":"playa-limbo-2","status":"inherit","type":"attachment","link":"https:\/\/www.diarioimagen.net\/?attachment_id=625621","title":{"rendered":"playa-limbo"},"author":3,"featured_media":0,"comment_status":"open","ping_status":"closed","template":"","meta":{"_monsterinsights_skip_tracking":false,"_monsterinsights_sitenote_active":false,"_monsterinsights_sitenote_note":"","_monsterinsights_sitenote_category":0},"class_list":["post-625621","attachment","type-attachment","status-inherit","hentry"],"description":{"rendered":"<p class=\"attachment\"><a href='https:\/\/www.diarioimagen.net\/wp-content\/uploads\/2024\/07\/playa-limbo.jpg'><img loading=\"lazy\" decoding=\"async\" width=\"240\" height=\"141\" src=\"https:\/\/www.diarioimagen.net\/wp-content\/uploads\/2024\/07\/playa-limbo-240x141.jpg\" class=\"attachment-medium size-medium\" alt=\"\" srcset=\"https:\/\/www.diarioimagen.net\/wp-content\/uploads\/2024\/07\/playa-limbo-240x141.jpg 240w, https:\/\/www.diarioimagen.net\/wp-content\/uploads\/2024\/07\/playa-limbo.jpg 460w\" sizes=\"auto, (max-width: 240px) 100vw, 240px\" \/><\/a><\/p>\n"},"caption":{"rendered":"<p>Jass Reyes vocalista del grupo explic\u00f3 c\u00f3mo naci\u00f3 el \u00e1lbum \u201ceste disco cuenta con 10 canciones que hicimos hace un a\u00f1o en Guadalajara\u201d dijo. (Foto: Mitzi Fern\u00e1ndez).<\/p>\n"},"alt_text":"","media_type":"image","mime_type":"image\/jpeg","media_details":{"width":460,"height":270,"file":"2024\/07\/playa-limbo.jpg","filesize":76530,"sizes":{"medium":{"file":"playa-limbo-240x141.jpg","width":240,"height":141,"filesize":11370,"mime_type":"image\/jpeg","source_url":"https:\/\/www.diarioimagen.net\/wp-content\/uploads\/2024\/07\/playa-limbo-240x141.jpg"},"thumbnail":{"file":"playa-limbo-150x150.jpg","width":150,"height":150,"filesize":7407,"mime_type":"image\/jpeg","source_url":"https:\/\/www.diarioimagen.net\/wp-content\/uploads\/2024\/07\/playa-limbo-150x150.jpg"},"post-thumbnail":{"file":"playa-limbo-50x50.jpg","width":50,"height":50,"filesize":1814,"mime_type":"image\/jpeg","source_url":"https:\/\/www.diarioimagen.net\/wp-content\/uploads\/2024\/07\/playa-limbo-50x50.jpg"},"blgn-below_featured":{"file":"playa-limbo-235x132.jpg","width":235,"height":132,"filesize":10839,"mime_type":"image\/jpeg","source_url":"https:\/\/www.diarioimagen.net\/wp-content\/uploads\/2024\/07\/playa-limbo-235x132.jpg"},"blgn-mediabar":{"file":"playa-limbo-202x114.jpg","width":202,"height":114,"filesize":8721,"mime_type":"image\/jpeg","source_url":"https:\/\/www.diarioimagen.net\/wp-content\/uploads\/2024\/07\/playa-limbo-202x114.jpg"},"blgn-secondary_left":{"file":"playa-limbo-75x75.jpg","width":75,"height":75,"filesize":2906,"mime_type":"image\/jpeg","source_url":"https:\/\/www.diarioimagen.net\/wp-content\/uploads\/2024\/07\/playa-limbo-75x75.jpg"},"blgn-secondary_right":{"file":"playa-limbo-75x75.jpg","width":75,"height":75,"filesize":2906,"mime_type":"image\/jpeg","source_url":"https:\/\/www.diarioimagen.net\/wp-content\/uploads\/2024\/07\/playa-limbo-75x75.jpg"},"blgn-secondary_mid_big":{"file":"playa-limbo-350x196.jpg","width":350,"height":196,"filesize":19708,"mime_type":"image\/jpeg","source_url":"https:\/\/www.diarioimagen.net\/wp-content\/uploads\/2024\/07\/playa-limbo-350x196.jpg"},"blgn-secondary_mid_small":{"file":"playa-limbo-70x70.jpg","width":70,"height":70,"filesize":2631,"mime_type":"image\/jpeg","source_url":"https:\/\/www.diarioimagen.net\/wp-content\/uploads\/2024\/07\/playa-limbo-70x70.jpg"},"blgn-subnews":{"file":"playa-limbo-220x123.jpg","width":220,"height":123,"filesize":9571,"mime_type":"image\/jpeg","source_url":"https:\/\/www.diarioimagen.net\/wp-content\/uploads\/2024\/07\/playa-limbo-220x123.jpg"},"blgn-excerpt_thumb":{"file":"playa-limbo-90x65.jpg","width":90,"height":65,"filesize":3070,"mime_type":"image\/jpeg","source_url":"https:\/\/www.diarioimagen.net\/wp-content\/uploads\/2024\/07\/playa-limbo-90x65.jpg"},"blgn-media_gallery":{"file":"playa-limbo-237x132.jpg","width":237,"height":132,"filesize":10849,"mime_type":"image\/jpeg","source_url":"https:\/\/www.diarioimagen.net\/wp-content\/uploads\/2024\/07\/playa-limbo-237x132.jpg"},"full":{"file":"playa-limbo.jpg","width":460,"height":270,"mime_type":"image\/jpeg","source_url":"https:\/\/www.diarioimagen.net\/wp-content\/uploads\/2024\/07\/playa-limbo.jpg"}},"image_meta":{"aperture":"0","credit":"","camera":"","caption":"","created_timestamp":"0","copyright":"","focal_length":"0","iso":"0","shutter_speed":"0","title":"","orientation":"0","keywords":[]}},"post":625540,"source_url":"https:\/\/www.diarioimagen.net\/wp-content\/uploads\/2024\/07\/playa-limbo.jpg","_links":{"self":[{"href":"https:\/\/www.diarioimagen.net\/index.php?rest_route=\/wp\/v2\/media\/625621","targetHints":{"allow":["GET"]}}],"collection":[{"href":"https:\/\/www.diarioimagen.net\/index.php?rest_route=\/wp\/v2\/media"}],"about":[{"href":"https:\/\/www.diarioimagen.net\/index.php?rest_route=\/wp\/v2\/types\/attachment"}],"author":[{"embeddable":true,"href":"https:\/\/www.diarioimagen.net\/index.php?rest_route=\/wp\/v2\/users\/3"}],"replies":[{"embeddable":true,"href":"https:\/\/www.diarioimagen.net\/index.php?rest_route=%2Fwp%2Fv2%2Fcomments&post=625621"}]}}

<p>Jass Reyes vocalista del grupo explicó cómo nació el álbum “este disco cuenta con 10 canciones que hicimos hace un año en Guadalajara” dijo. (Foto: Mitzi Fernández).</p>
