{"id":625749,"date":"2024-07-11T01:30:30","date_gmt":"2024-07-11T07:30:30","guid":{"rendered":"https:\/\/www.diarioimagen.net\/wp-content\/uploads\/2024\/07\/demandan-comerciantes.jpg"},"modified":"2024-07-11T01:30:44","modified_gmt":"2024-07-11T07:30:44","slug":"demandan-comerciantes","status":"inherit","type":"attachment","link":"https:\/\/www.diarioimagen.net\/?attachment_id=625749","title":{"rendered":"demandan-comerciantes"},"author":3,"featured_media":0,"comment_status":"open","ping_status":"closed","template":"","meta":{"_monsterinsights_skip_tracking":false,"_monsterinsights_sitenote_active":false,"_monsterinsights_sitenote_note":"","_monsterinsights_sitenote_category":0},"class_list":["post-625749","attachment","type-attachment","status-inherit","hentry"],"description":{"rendered":"<p class=\"attachment\"><a href='https:\/\/www.diarioimagen.net\/wp-content\/uploads\/2024\/07\/demandan-comerciantes.jpg'><img loading=\"lazy\" decoding=\"async\" width=\"240\" height=\"141\" src=\"https:\/\/www.diarioimagen.net\/wp-content\/uploads\/2024\/07\/demandan-comerciantes-240x141.jpg\" class=\"attachment-medium size-medium\" alt=\"\" srcset=\"https:\/\/www.diarioimagen.net\/wp-content\/uploads\/2024\/07\/demandan-comerciantes-240x141.jpg 240w, https:\/\/www.diarioimagen.net\/wp-content\/uploads\/2024\/07\/demandan-comerciantes.jpg 460w\" sizes=\"auto, (max-width: 240px) 100vw, 240px\" \/><\/a><\/p>\n"},"caption":{"rendered":"<p>La ANPEC asegur\u00f3 que el aguacate ha incrementado su precio desmedidamente en el mercado local al encarecerse m\u00e1s de un 40% en los \u00faltimos dos meses por la inseguridad.<\/p>\n"},"alt_text":"","media_type":"image","mime_type":"image\/jpeg","media_details":{"width":460,"height":270,"file":"2024\/07\/demandan-comerciantes.jpg","filesize":90026,"sizes":{"medium":{"file":"demandan-comerciantes-240x141.jpg","width":240,"height":141,"filesize":13127,"mime_type":"image\/jpeg","source_url":"https:\/\/www.diarioimagen.net\/wp-content\/uploads\/2024\/07\/demandan-comerciantes-240x141.jpg"},"thumbnail":{"file":"demandan-comerciantes-150x150.jpg","width":150,"height":150,"filesize":9324,"mime_type":"image\/jpeg","source_url":"https:\/\/www.diarioimagen.net\/wp-content\/uploads\/2024\/07\/demandan-comerciantes-150x150.jpg"},"post-thumbnail":{"file":"demandan-comerciantes-50x50.jpg","width":50,"height":50,"filesize":2082,"mime_type":"image\/jpeg","source_url":"https:\/\/www.diarioimagen.net\/wp-content\/uploads\/2024\/07\/demandan-comerciantes-50x50.jpg"},"blgn-below_featured":{"file":"demandan-comerciantes-235x132.jpg","width":235,"height":132,"filesize":12393,"mime_type":"image\/jpeg","source_url":"https:\/\/www.diarioimagen.net\/wp-content\/uploads\/2024\/07\/demandan-comerciantes-235x132.jpg"},"blgn-mediabar":{"file":"demandan-comerciantes-202x114.jpg","width":202,"height":114,"filesize":9862,"mime_type":"image\/jpeg","source_url":"https:\/\/www.diarioimagen.net\/wp-content\/uploads\/2024\/07\/demandan-comerciantes-202x114.jpg"},"blgn-secondary_left":{"file":"demandan-comerciantes-75x75.jpg","width":75,"height":75,"filesize":3339,"mime_type":"image\/jpeg","source_url":"https:\/\/www.diarioimagen.net\/wp-content\/uploads\/2024\/07\/demandan-comerciantes-75x75.jpg"},"blgn-secondary_right":{"file":"demandan-comerciantes-75x75.jpg","width":75,"height":75,"filesize":3339,"mime_type":"image\/jpeg","source_url":"https:\/\/www.diarioimagen.net\/wp-content\/uploads\/2024\/07\/demandan-comerciantes-75x75.jpg"},"blgn-secondary_mid_big":{"file":"demandan-comerciantes-350x196.jpg","width":350,"height":196,"filesize":23046,"mime_type":"image\/jpeg","source_url":"https:\/\/www.diarioimagen.net\/wp-content\/uploads\/2024\/07\/demandan-comerciantes-350x196.jpg"},"blgn-secondary_mid_small":{"file":"demandan-comerciantes-70x70.jpg","width":70,"height":70,"filesize":2982,"mime_type":"image\/jpeg","source_url":"https:\/\/www.diarioimagen.net\/wp-content\/uploads\/2024\/07\/demandan-comerciantes-70x70.jpg"},"blgn-subnews":{"file":"demandan-comerciantes-220x123.jpg","width":220,"height":123,"filesize":11113,"mime_type":"image\/jpeg","source_url":"https:\/\/www.diarioimagen.net\/wp-content\/uploads\/2024\/07\/demandan-comerciantes-220x123.jpg"},"blgn-excerpt_thumb":{"file":"demandan-comerciantes-90x65.jpg","width":90,"height":65,"filesize":3541,"mime_type":"image\/jpeg","source_url":"https:\/\/www.diarioimagen.net\/wp-content\/uploads\/2024\/07\/demandan-comerciantes-90x65.jpg"},"blgn-media_gallery":{"file":"demandan-comerciantes-237x132.jpg","width":237,"height":132,"filesize":12426,"mime_type":"image\/jpeg","source_url":"https:\/\/www.diarioimagen.net\/wp-content\/uploads\/2024\/07\/demandan-comerciantes-237x132.jpg"},"full":{"file":"demandan-comerciantes.jpg","width":460,"height":270,"mime_type":"image\/jpeg","source_url":"https:\/\/www.diarioimagen.net\/wp-content\/uploads\/2024\/07\/demandan-comerciantes.jpg"}},"image_meta":{"aperture":"0","credit":"","camera":"","caption":"","created_timestamp":"0","copyright":"","focal_length":"0","iso":"0","shutter_speed":"0","title":"","orientation":"0","keywords":[]}},"post":625659,"source_url":"https:\/\/www.diarioimagen.net\/wp-content\/uploads\/2024\/07\/demandan-comerciantes.jpg","_links":{"self":[{"href":"https:\/\/www.diarioimagen.net\/index.php?rest_route=\/wp\/v2\/media\/625749","targetHints":{"allow":["GET"]}}],"collection":[{"href":"https:\/\/www.diarioimagen.net\/index.php?rest_route=\/wp\/v2\/media"}],"about":[{"href":"https:\/\/www.diarioimagen.net\/index.php?rest_route=\/wp\/v2\/types\/attachment"}],"author":[{"embeddable":true,"href":"https:\/\/www.diarioimagen.net\/index.php?rest_route=\/wp\/v2\/users\/3"}],"replies":[{"embeddable":true,"href":"https:\/\/www.diarioimagen.net\/index.php?rest_route=%2Fwp%2Fv2%2Fcomments&post=625749"}]}}

<p>La ANPEC aseguró que el aguacate ha incrementado su precio desmedidamente en el mercado local al encarecerse más de un 40% en los últimos dos meses por la inseguridad.</p>
