{"id":626245,"date":"2024-07-16T00:04:44","date_gmt":"2024-07-16T06:04:44","guid":{"rendered":"https:\/\/www.diarioimagen.net\/wp-content\/uploads\/2024\/07\/uaem-profesionales-derecho.jpg"},"modified":"2024-07-16T00:04:49","modified_gmt":"2024-07-16T06:04:49","slug":"uaem-profesionales-derecho","status":"inherit","type":"attachment","link":"https:\/\/www.diarioimagen.net\/?attachment_id=626245","title":{"rendered":"uaem-profesionales-derecho"},"author":3,"featured_media":0,"comment_status":"open","ping_status":"closed","template":"","meta":{"_monsterinsights_skip_tracking":false,"_monsterinsights_sitenote_active":false,"_monsterinsights_sitenote_note":"","_monsterinsights_sitenote_category":0},"class_list":["post-626245","attachment","type-attachment","status-inherit","hentry"],"description":{"rendered":"<p class=\"attachment\"><a href='https:\/\/www.diarioimagen.net\/wp-content\/uploads\/2024\/07\/uaem-profesionales-derecho.jpg'><img loading=\"lazy\" decoding=\"async\" width=\"240\" height=\"141\" src=\"https:\/\/www.diarioimagen.net\/wp-content\/uploads\/2024\/07\/uaem-profesionales-derecho-240x141.jpg\" class=\"attachment-medium size-medium\" alt=\"\" srcset=\"https:\/\/www.diarioimagen.net\/wp-content\/uploads\/2024\/07\/uaem-profesionales-derecho-240x141.jpg 240w, https:\/\/www.diarioimagen.net\/wp-content\/uploads\/2024\/07\/uaem-profesionales-derecho.jpg 460w\" sizes=\"auto, (max-width: 240px) 100vw, 240px\" \/><\/a><\/p>\n"},"caption":{"rendered":"<p>El secretario general de Gobierno del Estado de M\u00e9xico, Horacio Duarte Olivares, y el rector de la UAEM\u00e9x, Carlos Eduardo Barrera D\u00edaz, encabezaron la ceremonia conmemorativa al D\u00eda de la y el Abogado, en el Aula Magna \u201cLic. Adolfo L\u00f3pez Mateos\u201d del Edificio de Rector\u00eda.<\/p>\n"},"alt_text":"","media_type":"image","mime_type":"image\/jpeg","media_details":{"width":460,"height":270,"file":"2024\/07\/uaem-profesionales-derecho.jpg","filesize":58602,"sizes":{"medium":{"file":"uaem-profesionales-derecho-240x141.jpg","width":240,"height":141,"filesize":9780,"mime_type":"image\/jpeg","source_url":"https:\/\/www.diarioimagen.net\/wp-content\/uploads\/2024\/07\/uaem-profesionales-derecho-240x141.jpg"},"thumbnail":{"file":"uaem-profesionales-derecho-150x150.jpg","width":150,"height":150,"filesize":7164,"mime_type":"image\/jpeg","source_url":"https:\/\/www.diarioimagen.net\/wp-content\/uploads\/2024\/07\/uaem-profesionales-derecho-150x150.jpg"},"post-thumbnail":{"file":"uaem-profesionales-derecho-50x50.jpg","width":50,"height":50,"filesize":1753,"mime_type":"image\/jpeg","source_url":"https:\/\/www.diarioimagen.net\/wp-content\/uploads\/2024\/07\/uaem-profesionales-derecho-50x50.jpg"},"blgn-below_featured":{"file":"uaem-profesionales-derecho-235x132.jpg","width":235,"height":132,"filesize":8794,"mime_type":"image\/jpeg","source_url":"https:\/\/www.diarioimagen.net\/wp-content\/uploads\/2024\/07\/uaem-profesionales-derecho-235x132.jpg"},"blgn-mediabar":{"file":"uaem-profesionales-derecho-202x114.jpg","width":202,"height":114,"filesize":7096,"mime_type":"image\/jpeg","source_url":"https:\/\/www.diarioimagen.net\/wp-content\/uploads\/2024\/07\/uaem-profesionales-derecho-202x114.jpg"},"blgn-secondary_left":{"file":"uaem-profesionales-derecho-75x75.jpg","width":75,"height":75,"filesize":2704,"mime_type":"image\/jpeg","source_url":"https:\/\/www.diarioimagen.net\/wp-content\/uploads\/2024\/07\/uaem-profesionales-derecho-75x75.jpg"},"blgn-secondary_right":{"file":"uaem-profesionales-derecho-75x75.jpg","width":75,"height":75,"filesize":2704,"mime_type":"image\/jpeg","source_url":"https:\/\/www.diarioimagen.net\/wp-content\/uploads\/2024\/07\/uaem-profesionales-derecho-75x75.jpg"},"blgn-secondary_mid_big":{"file":"uaem-profesionales-derecho-350x196.jpg","width":350,"height":196,"filesize":16480,"mime_type":"image\/jpeg","source_url":"https:\/\/www.diarioimagen.net\/wp-content\/uploads\/2024\/07\/uaem-profesionales-derecho-350x196.jpg"},"blgn-secondary_mid_small":{"file":"uaem-profesionales-derecho-70x70.jpg","width":70,"height":70,"filesize":2405,"mime_type":"image\/jpeg","source_url":"https:\/\/www.diarioimagen.net\/wp-content\/uploads\/2024\/07\/uaem-profesionales-derecho-70x70.jpg"},"blgn-subnews":{"file":"uaem-profesionales-derecho-220x123.jpg","width":220,"height":123,"filesize":7900,"mime_type":"image\/jpeg","source_url":"https:\/\/www.diarioimagen.net\/wp-content\/uploads\/2024\/07\/uaem-profesionales-derecho-220x123.jpg"},"blgn-excerpt_thumb":{"file":"uaem-profesionales-derecho-90x65.jpg","width":90,"height":65,"filesize":2691,"mime_type":"image\/jpeg","source_url":"https:\/\/www.diarioimagen.net\/wp-content\/uploads\/2024\/07\/uaem-profesionales-derecho-90x65.jpg"},"blgn-media_gallery":{"file":"uaem-profesionales-derecho-237x132.jpg","width":237,"height":132,"filesize":8813,"mime_type":"image\/jpeg","source_url":"https:\/\/www.diarioimagen.net\/wp-content\/uploads\/2024\/07\/uaem-profesionales-derecho-237x132.jpg"},"full":{"file":"uaem-profesionales-derecho.jpg","width":460,"height":270,"mime_type":"image\/jpeg","source_url":"https:\/\/www.diarioimagen.net\/wp-content\/uploads\/2024\/07\/uaem-profesionales-derecho.jpg"}},"image_meta":{"aperture":"0","credit":"","camera":"","caption":"","created_timestamp":"0","copyright":"","focal_length":"0","iso":"0","shutter_speed":"0","title":"","orientation":"0","keywords":[]}},"post":626167,"source_url":"https:\/\/www.diarioimagen.net\/wp-content\/uploads\/2024\/07\/uaem-profesionales-derecho.jpg","_links":{"self":[{"href":"https:\/\/www.diarioimagen.net\/index.php?rest_route=\/wp\/v2\/media\/626245","targetHints":{"allow":["GET"]}}],"collection":[{"href":"https:\/\/www.diarioimagen.net\/index.php?rest_route=\/wp\/v2\/media"}],"about":[{"href":"https:\/\/www.diarioimagen.net\/index.php?rest_route=\/wp\/v2\/types\/attachment"}],"author":[{"embeddable":true,"href":"https:\/\/www.diarioimagen.net\/index.php?rest_route=\/wp\/v2\/users\/3"}],"replies":[{"embeddable":true,"href":"https:\/\/www.diarioimagen.net\/index.php?rest_route=%2Fwp%2Fv2%2Fcomments&post=626245"}]}}

<p>El secretario general de Gobierno del Estado de México, Horacio Duarte Olivares, y el rector de la UAEMéx, Carlos Eduardo Barrera Díaz, encabezaron la ceremonia conmemorativa al Día de la y el Abogado, en el Aula Magna “Lic. Adolfo López Mateos” del Edificio de Rectoría.</p>
