{"id":626764,"date":"2024-07-19T01:40:39","date_gmt":"2024-07-19T07:40:39","guid":{"rendered":"https:\/\/www.diarioimagen.net\/wp-content\/uploads\/2024\/07\/uaem-deporte.jpg"},"modified":"2024-07-19T01:40:43","modified_gmt":"2024-07-19T07:40:43","slug":"uaem-deporte-4","status":"inherit","type":"attachment","link":"https:\/\/www.diarioimagen.net\/?attachment_id=626764","title":{"rendered":"uaem-deporte"},"author":3,"featured_media":0,"comment_status":"open","ping_status":"closed","template":"","meta":{"_monsterinsights_skip_tracking":false,"_monsterinsights_sitenote_active":false,"_monsterinsights_sitenote_note":"","_monsterinsights_sitenote_category":0},"class_list":["post-626764","attachment","type-attachment","status-inherit","hentry"],"description":{"rendered":"<p class=\"attachment\"><a href='https:\/\/www.diarioimagen.net\/wp-content\/uploads\/2024\/07\/uaem-deporte.jpg'><img loading=\"lazy\" decoding=\"async\" width=\"240\" height=\"141\" src=\"https:\/\/www.diarioimagen.net\/wp-content\/uploads\/2024\/07\/uaem-deporte-240x141.jpg\" class=\"attachment-medium size-medium\" alt=\"\" srcset=\"https:\/\/www.diarioimagen.net\/wp-content\/uploads\/2024\/07\/uaem-deporte-240x141.jpg 240w, https:\/\/www.diarioimagen.net\/wp-content\/uploads\/2024\/07\/uaem-deporte.jpg 460w\" sizes=\"auto, (max-width: 240px) 100vw, 240px\" \/><\/a><\/p>\n"},"caption":{"rendered":"<p>La exponente de tiro con arco concili\u00f3 el tiempo dedicado al deporte, as\u00ed como a su desarrollo profesional dentro de la Licenciatura en Qu\u00edmica Farmac\u00e9utica Bi\u00f3loga.<\/p>\n"},"alt_text":"","media_type":"image","mime_type":"image\/jpeg","media_details":{"width":460,"height":270,"file":"2024\/07\/uaem-deporte.jpg","filesize":69754,"sizes":{"medium":{"file":"uaem-deporte-240x141.jpg","width":240,"height":141,"filesize":10265,"mime_type":"image\/jpeg","source_url":"https:\/\/www.diarioimagen.net\/wp-content\/uploads\/2024\/07\/uaem-deporte-240x141.jpg"},"thumbnail":{"file":"uaem-deporte-150x150.jpg","width":150,"height":150,"filesize":6953,"mime_type":"image\/jpeg","source_url":"https:\/\/www.diarioimagen.net\/wp-content\/uploads\/2024\/07\/uaem-deporte-150x150.jpg"},"post-thumbnail":{"file":"uaem-deporte-50x50.jpg","width":50,"height":50,"filesize":1727,"mime_type":"image\/jpeg","source_url":"https:\/\/www.diarioimagen.net\/wp-content\/uploads\/2024\/07\/uaem-deporte-50x50.jpg"},"blgn-below_featured":{"file":"uaem-deporte-235x132.jpg","width":235,"height":132,"filesize":9877,"mime_type":"image\/jpeg","source_url":"https:\/\/www.diarioimagen.net\/wp-content\/uploads\/2024\/07\/uaem-deporte-235x132.jpg"},"blgn-mediabar":{"file":"uaem-deporte-202x114.jpg","width":202,"height":114,"filesize":7842,"mime_type":"image\/jpeg","source_url":"https:\/\/www.diarioimagen.net\/wp-content\/uploads\/2024\/07\/uaem-deporte-202x114.jpg"},"blgn-secondary_left":{"file":"uaem-deporte-75x75.jpg","width":75,"height":75,"filesize":2639,"mime_type":"image\/jpeg","source_url":"https:\/\/www.diarioimagen.net\/wp-content\/uploads\/2024\/07\/uaem-deporte-75x75.jpg"},"blgn-secondary_right":{"file":"uaem-deporte-75x75.jpg","width":75,"height":75,"filesize":2639,"mime_type":"image\/jpeg","source_url":"https:\/\/www.diarioimagen.net\/wp-content\/uploads\/2024\/07\/uaem-deporte-75x75.jpg"},"blgn-secondary_mid_big":{"file":"uaem-deporte-350x196.jpg","width":350,"height":196,"filesize":18560,"mime_type":"image\/jpeg","source_url":"https:\/\/www.diarioimagen.net\/wp-content\/uploads\/2024\/07\/uaem-deporte-350x196.jpg"},"blgn-secondary_mid_small":{"file":"uaem-deporte-70x70.jpg","width":70,"height":70,"filesize":2339,"mime_type":"image\/jpeg","source_url":"https:\/\/www.diarioimagen.net\/wp-content\/uploads\/2024\/07\/uaem-deporte-70x70.jpg"},"blgn-subnews":{"file":"uaem-deporte-220x123.jpg","width":220,"height":123,"filesize":8725,"mime_type":"image\/jpeg","source_url":"https:\/\/www.diarioimagen.net\/wp-content\/uploads\/2024\/07\/uaem-deporte-220x123.jpg"},"blgn-excerpt_thumb":{"file":"uaem-deporte-90x65.jpg","width":90,"height":65,"filesize":2844,"mime_type":"image\/jpeg","source_url":"https:\/\/www.diarioimagen.net\/wp-content\/uploads\/2024\/07\/uaem-deporte-90x65.jpg"},"blgn-media_gallery":{"file":"uaem-deporte-237x132.jpg","width":237,"height":132,"filesize":9908,"mime_type":"image\/jpeg","source_url":"https:\/\/www.diarioimagen.net\/wp-content\/uploads\/2024\/07\/uaem-deporte-237x132.jpg"},"full":{"file":"uaem-deporte.jpg","width":460,"height":270,"mime_type":"image\/jpeg","source_url":"https:\/\/www.diarioimagen.net\/wp-content\/uploads\/2024\/07\/uaem-deporte.jpg"}},"image_meta":{"aperture":"0","credit":"","camera":"","caption":"","created_timestamp":"0","copyright":"","focal_length":"0","iso":"0","shutter_speed":"0","title":"","orientation":"0","keywords":[]}},"post":626666,"source_url":"https:\/\/www.diarioimagen.net\/wp-content\/uploads\/2024\/07\/uaem-deporte.jpg","_links":{"self":[{"href":"https:\/\/www.diarioimagen.net\/index.php?rest_route=\/wp\/v2\/media\/626764","targetHints":{"allow":["GET"]}}],"collection":[{"href":"https:\/\/www.diarioimagen.net\/index.php?rest_route=\/wp\/v2\/media"}],"about":[{"href":"https:\/\/www.diarioimagen.net\/index.php?rest_route=\/wp\/v2\/types\/attachment"}],"author":[{"embeddable":true,"href":"https:\/\/www.diarioimagen.net\/index.php?rest_route=\/wp\/v2\/users\/3"}],"replies":[{"embeddable":true,"href":"https:\/\/www.diarioimagen.net\/index.php?rest_route=%2Fwp%2Fv2%2Fcomments&post=626764"}]}}

<p>La exponente de tiro con arco concilió el tiempo dedicado al deporte, así como a su desarrollo profesional dentro de la Licenciatura en Química Farmacéutica Bióloga.</p>
