{"id":627142,"date":"2024-07-23T02:18:37","date_gmt":"2024-07-23T08:18:37","guid":{"rendered":"https:\/\/www.diarioimagen.net\/wp-content\/uploads\/2024\/07\/laura-vignatti.jpg"},"modified":"2024-07-23T02:18:40","modified_gmt":"2024-07-23T08:18:40","slug":"laura-vignatti","status":"inherit","type":"attachment","link":"https:\/\/www.diarioimagen.net\/?attachment_id=627142","title":{"rendered":"laura-vignatti"},"author":3,"featured_media":0,"comment_status":"open","ping_status":"closed","template":"","meta":{"_monsterinsights_skip_tracking":false,"_monsterinsights_sitenote_active":false,"_monsterinsights_sitenote_note":"","_monsterinsights_sitenote_category":0},"class_list":["post-627142","attachment","type-attachment","status-inherit","hentry"],"description":{"rendered":"<p class=\"attachment\"><a href='https:\/\/www.diarioimagen.net\/wp-content\/uploads\/2024\/07\/laura-vignatti.jpg'><img loading=\"lazy\" decoding=\"async\" width=\"240\" height=\"141\" src=\"https:\/\/www.diarioimagen.net\/wp-content\/uploads\/2024\/07\/laura-vignatti-240x141.jpg\" class=\"attachment-medium size-medium\" alt=\"\" srcset=\"https:\/\/www.diarioimagen.net\/wp-content\/uploads\/2024\/07\/laura-vignatti-240x141.jpg 240w, https:\/\/www.diarioimagen.net\/wp-content\/uploads\/2024\/07\/laura-vignatti.jpg 460w\" sizes=\"auto, (max-width: 240px) 100vw, 240px\" \/><\/a><\/p>\n"},"caption":{"rendered":"<p>Laura Vignatti, ha decidido, luego de un largo proceso de rehabilitaci\u00f3n f\u00edsica, sicol\u00f3gica y emocional, denunciar penalmente a su agresor.<\/p>\n"},"alt_text":"","media_type":"image","mime_type":"image\/jpeg","media_details":{"width":460,"height":270,"file":"2024\/07\/laura-vignatti.jpg","filesize":22100,"sizes":{"medium":{"file":"laura-vignatti-240x141.jpg","width":240,"height":141,"filesize":4246,"mime_type":"image\/jpeg","source_url":"https:\/\/www.diarioimagen.net\/wp-content\/uploads\/2024\/07\/laura-vignatti-240x141.jpg"},"thumbnail":{"file":"laura-vignatti-150x150.jpg","width":150,"height":150,"filesize":4052,"mime_type":"image\/jpeg","source_url":"https:\/\/www.diarioimagen.net\/wp-content\/uploads\/2024\/07\/laura-vignatti-150x150.jpg"},"post-thumbnail":{"file":"laura-vignatti-50x50.jpg","width":50,"height":50,"filesize":1477,"mime_type":"image\/jpeg","source_url":"https:\/\/www.diarioimagen.net\/wp-content\/uploads\/2024\/07\/laura-vignatti-50x50.jpg"},"blgn-below_featured":{"file":"laura-vignatti-235x132.jpg","width":235,"height":132,"filesize":4022,"mime_type":"image\/jpeg","source_url":"https:\/\/www.diarioimagen.net\/wp-content\/uploads\/2024\/07\/laura-vignatti-235x132.jpg"},"blgn-mediabar":{"file":"laura-vignatti-202x114.jpg","width":202,"height":114,"filesize":3411,"mime_type":"image\/jpeg","source_url":"https:\/\/www.diarioimagen.net\/wp-content\/uploads\/2024\/07\/laura-vignatti-202x114.jpg"},"blgn-secondary_left":{"file":"laura-vignatti-75x75.jpg","width":75,"height":75,"filesize":2002,"mime_type":"image\/jpeg","source_url":"https:\/\/www.diarioimagen.net\/wp-content\/uploads\/2024\/07\/laura-vignatti-75x75.jpg"},"blgn-secondary_right":{"file":"laura-vignatti-75x75.jpg","width":75,"height":75,"filesize":2002,"mime_type":"image\/jpeg","source_url":"https:\/\/www.diarioimagen.net\/wp-content\/uploads\/2024\/07\/laura-vignatti-75x75.jpg"},"blgn-secondary_mid_big":{"file":"laura-vignatti-350x196.jpg","width":350,"height":196,"filesize":6485,"mime_type":"image\/jpeg","source_url":"https:\/\/www.diarioimagen.net\/wp-content\/uploads\/2024\/07\/laura-vignatti-350x196.jpg"},"blgn-secondary_mid_small":{"file":"laura-vignatti-70x70.jpg","width":70,"height":70,"filesize":1875,"mime_type":"image\/jpeg","source_url":"https:\/\/www.diarioimagen.net\/wp-content\/uploads\/2024\/07\/laura-vignatti-70x70.jpg"},"blgn-subnews":{"file":"laura-vignatti-220x123.jpg","width":220,"height":123,"filesize":3739,"mime_type":"image\/jpeg","source_url":"https:\/\/www.diarioimagen.net\/wp-content\/uploads\/2024\/07\/laura-vignatti-220x123.jpg"},"blgn-excerpt_thumb":{"file":"laura-vignatti-90x65.jpg","width":90,"height":65,"filesize":1899,"mime_type":"image\/jpeg","source_url":"https:\/\/www.diarioimagen.net\/wp-content\/uploads\/2024\/07\/laura-vignatti-90x65.jpg"},"blgn-media_gallery":{"file":"laura-vignatti-237x132.jpg","width":237,"height":132,"filesize":4025,"mime_type":"image\/jpeg","source_url":"https:\/\/www.diarioimagen.net\/wp-content\/uploads\/2024\/07\/laura-vignatti-237x132.jpg"},"full":{"file":"laura-vignatti.jpg","width":460,"height":270,"mime_type":"image\/jpeg","source_url":"https:\/\/www.diarioimagen.net\/wp-content\/uploads\/2024\/07\/laura-vignatti.jpg"}},"image_meta":{"aperture":"0","credit":"","camera":"","caption":"","created_timestamp":"0","copyright":"","focal_length":"0","iso":"0","shutter_speed":"0","title":"","orientation":"0","keywords":[]}},"post":627022,"source_url":"https:\/\/www.diarioimagen.net\/wp-content\/uploads\/2024\/07\/laura-vignatti.jpg","_links":{"self":[{"href":"https:\/\/www.diarioimagen.net\/index.php?rest_route=\/wp\/v2\/media\/627142","targetHints":{"allow":["GET"]}}],"collection":[{"href":"https:\/\/www.diarioimagen.net\/index.php?rest_route=\/wp\/v2\/media"}],"about":[{"href":"https:\/\/www.diarioimagen.net\/index.php?rest_route=\/wp\/v2\/types\/attachment"}],"author":[{"embeddable":true,"href":"https:\/\/www.diarioimagen.net\/index.php?rest_route=\/wp\/v2\/users\/3"}],"replies":[{"embeddable":true,"href":"https:\/\/www.diarioimagen.net\/index.php?rest_route=%2Fwp%2Fv2%2Fcomments&post=627142"}]}}

<p>Laura Vignatti, ha decidido, luego de un largo proceso de rehabilitación física, sicológica y emocional, denunciar penalmente a su agresor.</p>
