{"id":627147,"date":"2024-07-23T02:21:59","date_gmt":"2024-07-23T08:21:59","guid":{"rendered":"https:\/\/www.diarioimagen.net\/wp-content\/uploads\/2024\/07\/confirma-tribunal-electoral.jpg"},"modified":"2024-07-23T02:22:03","modified_gmt":"2024-07-23T08:22:03","slug":"confirma-tribunal-electoral","status":"inherit","type":"attachment","link":"https:\/\/www.diarioimagen.net\/?attachment_id=627147","title":{"rendered":"confirma-tribunal-electoral"},"author":3,"featured_media":0,"comment_status":"open","ping_status":"closed","template":"","meta":{"_monsterinsights_skip_tracking":false,"_monsterinsights_sitenote_active":false,"_monsterinsights_sitenote_note":"","_monsterinsights_sitenote_category":0},"class_list":["post-627147","attachment","type-attachment","status-inherit","hentry"],"description":{"rendered":"<p class=\"attachment\"><a href='https:\/\/www.diarioimagen.net\/wp-content\/uploads\/2024\/07\/confirma-tribunal-electoral.jpg'><img loading=\"lazy\" decoding=\"async\" width=\"240\" height=\"141\" src=\"https:\/\/www.diarioimagen.net\/wp-content\/uploads\/2024\/07\/confirma-tribunal-electoral-240x141.jpg\" class=\"attachment-medium size-medium\" alt=\"\" srcset=\"https:\/\/www.diarioimagen.net\/wp-content\/uploads\/2024\/07\/confirma-tribunal-electoral-240x141.jpg 240w, https:\/\/www.diarioimagen.net\/wp-content\/uploads\/2024\/07\/confirma-tribunal-electoral.jpg 460w\" sizes=\"auto, (max-width: 240px) 100vw, 240px\" \/><\/a><\/p>\n"},"caption":{"rendered":"<p>El Tribunal Electoral ratific\u00f3 el triunfo de Claudia S\u00e1nchez Ju\u00e1rez como diputada federal electa sobre la candidata de la Alianza PAN-PRI-PRD, Josefina V\u00e1zquez Mota.<\/p>\n"},"alt_text":"","media_type":"image","mime_type":"image\/jpeg","media_details":{"width":460,"height":270,"file":"2024\/07\/confirma-tribunal-electoral.jpg","filesize":58411,"sizes":{"medium":{"file":"confirma-tribunal-electoral-240x141.jpg","width":240,"height":141,"filesize":10405,"mime_type":"image\/jpeg","source_url":"https:\/\/www.diarioimagen.net\/wp-content\/uploads\/2024\/07\/confirma-tribunal-electoral-240x141.jpg"},"thumbnail":{"file":"confirma-tribunal-electoral-150x150.jpg","width":150,"height":150,"filesize":7268,"mime_type":"image\/jpeg","source_url":"https:\/\/www.diarioimagen.net\/wp-content\/uploads\/2024\/07\/confirma-tribunal-electoral-150x150.jpg"},"post-thumbnail":{"file":"confirma-tribunal-electoral-50x50.jpg","width":50,"height":50,"filesize":1883,"mime_type":"image\/jpeg","source_url":"https:\/\/www.diarioimagen.net\/wp-content\/uploads\/2024\/07\/confirma-tribunal-electoral-50x50.jpg"},"blgn-below_featured":{"file":"confirma-tribunal-electoral-235x132.jpg","width":235,"height":132,"filesize":10003,"mime_type":"image\/jpeg","source_url":"https:\/\/www.diarioimagen.net\/wp-content\/uploads\/2024\/07\/confirma-tribunal-electoral-235x132.jpg"},"blgn-mediabar":{"file":"confirma-tribunal-electoral-202x114.jpg","width":202,"height":114,"filesize":8294,"mime_type":"image\/jpeg","source_url":"https:\/\/www.diarioimagen.net\/wp-content\/uploads\/2024\/07\/confirma-tribunal-electoral-202x114.jpg"},"blgn-secondary_left":{"file":"confirma-tribunal-electoral-75x75.jpg","width":75,"height":75,"filesize":2919,"mime_type":"image\/jpeg","source_url":"https:\/\/www.diarioimagen.net\/wp-content\/uploads\/2024\/07\/confirma-tribunal-electoral-75x75.jpg"},"blgn-secondary_right":{"file":"confirma-tribunal-electoral-75x75.jpg","width":75,"height":75,"filesize":2919,"mime_type":"image\/jpeg","source_url":"https:\/\/www.diarioimagen.net\/wp-content\/uploads\/2024\/07\/confirma-tribunal-electoral-75x75.jpg"},"blgn-secondary_mid_big":{"file":"confirma-tribunal-electoral-350x196.jpg","width":350,"height":196,"filesize":17392,"mime_type":"image\/jpeg","source_url":"https:\/\/www.diarioimagen.net\/wp-content\/uploads\/2024\/07\/confirma-tribunal-electoral-350x196.jpg"},"blgn-secondary_mid_small":{"file":"confirma-tribunal-electoral-70x70.jpg","width":70,"height":70,"filesize":2708,"mime_type":"image\/jpeg","source_url":"https:\/\/www.diarioimagen.net\/wp-content\/uploads\/2024\/07\/confirma-tribunal-electoral-70x70.jpg"},"blgn-subnews":{"file":"confirma-tribunal-electoral-220x123.jpg","width":220,"height":123,"filesize":9061,"mime_type":"image\/jpeg","source_url":"https:\/\/www.diarioimagen.net\/wp-content\/uploads\/2024\/07\/confirma-tribunal-electoral-220x123.jpg"},"blgn-excerpt_thumb":{"file":"confirma-tribunal-electoral-90x65.jpg","width":90,"height":65,"filesize":3137,"mime_type":"image\/jpeg","source_url":"https:\/\/www.diarioimagen.net\/wp-content\/uploads\/2024\/07\/confirma-tribunal-electoral-90x65.jpg"},"blgn-media_gallery":{"file":"confirma-tribunal-electoral-237x132.jpg","width":237,"height":132,"filesize":10165,"mime_type":"image\/jpeg","source_url":"https:\/\/www.diarioimagen.net\/wp-content\/uploads\/2024\/07\/confirma-tribunal-electoral-237x132.jpg"},"full":{"file":"confirma-tribunal-electoral.jpg","width":460,"height":270,"mime_type":"image\/jpeg","source_url":"https:\/\/www.diarioimagen.net\/wp-content\/uploads\/2024\/07\/confirma-tribunal-electoral.jpg"}},"image_meta":{"aperture":"0","credit":"","camera":"","caption":"","created_timestamp":"0","copyright":"","focal_length":"0","iso":"0","shutter_speed":"0","title":"","orientation":"0","keywords":[]}},"post":627042,"source_url":"https:\/\/www.diarioimagen.net\/wp-content\/uploads\/2024\/07\/confirma-tribunal-electoral.jpg","_links":{"self":[{"href":"https:\/\/www.diarioimagen.net\/index.php?rest_route=\/wp\/v2\/media\/627147","targetHints":{"allow":["GET"]}}],"collection":[{"href":"https:\/\/www.diarioimagen.net\/index.php?rest_route=\/wp\/v2\/media"}],"about":[{"href":"https:\/\/www.diarioimagen.net\/index.php?rest_route=\/wp\/v2\/types\/attachment"}],"author":[{"embeddable":true,"href":"https:\/\/www.diarioimagen.net\/index.php?rest_route=\/wp\/v2\/users\/3"}],"replies":[{"embeddable":true,"href":"https:\/\/www.diarioimagen.net\/index.php?rest_route=%2Fwp%2Fv2%2Fcomments&post=627147"}]}}

<p>El Tribunal Electoral ratificó el triunfo de Claudia Sánchez Juárez como diputada federal electa sobre la candidata de la Alianza PAN-PRI-PRD, Josefina Vázquez Mota.</p>
