{"id":627167,"date":"2024-07-23T02:29:53","date_gmt":"2024-07-23T08:29:53","guid":{"rendered":"https:\/\/www.diarioimagen.net\/wp-content\/uploads\/2024\/07\/inedita-ceremonia-olimpicos.jpg"},"modified":"2024-07-23T02:29:57","modified_gmt":"2024-07-23T08:29:57","slug":"inedita-ceremonia-olimpicos","status":"inherit","type":"attachment","link":"https:\/\/www.diarioimagen.net\/?attachment_id=627167","title":{"rendered":"inedita-ceremonia-olimpicos"},"author":3,"featured_media":0,"comment_status":"open","ping_status":"closed","template":"","meta":{"_monsterinsights_skip_tracking":false,"_monsterinsights_sitenote_active":false,"_monsterinsights_sitenote_note":"","_monsterinsights_sitenote_category":0},"class_list":["post-627167","attachment","type-attachment","status-inherit","hentry"],"description":{"rendered":"<p class=\"attachment\"><a href='https:\/\/www.diarioimagen.net\/wp-content\/uploads\/2024\/07\/inedita-ceremonia-olimpicos.jpg'><img loading=\"lazy\" decoding=\"async\" width=\"240\" height=\"141\" src=\"https:\/\/www.diarioimagen.net\/wp-content\/uploads\/2024\/07\/inedita-ceremonia-olimpicos-240x141.jpg\" class=\"attachment-medium size-medium\" alt=\"\" srcset=\"https:\/\/www.diarioimagen.net\/wp-content\/uploads\/2024\/07\/inedita-ceremonia-olimpicos-240x141.jpg 240w, https:\/\/www.diarioimagen.net\/wp-content\/uploads\/2024\/07\/inedita-ceremonia-olimpicos.jpg 460w\" sizes=\"auto, (max-width: 240px) 100vw, 240px\" \/><\/a><\/p>\n"},"caption":{"rendered":"<p>La ceremonia de inauguraci\u00f3n de los Juegos Ol\u00edmpicos durar\u00e1 3 horas y 45 minutos, la cual que tendr\u00e1 lugar en el r\u00edo Sena, donde desfilar\u00e1n delegaciones de deportistas durante 6 kil\u00f3metros a bordo de 85 barcos.<\/p>\n"},"alt_text":"","media_type":"image","mime_type":"image\/jpeg","media_details":{"width":460,"height":270,"file":"2024\/07\/inedita-ceremonia-olimpicos.jpg","filesize":108724,"sizes":{"medium":{"file":"inedita-ceremonia-olimpicos-240x141.jpg","width":240,"height":141,"filesize":15242,"mime_type":"image\/jpeg","source_url":"https:\/\/www.diarioimagen.net\/wp-content\/uploads\/2024\/07\/inedita-ceremonia-olimpicos-240x141.jpg"},"thumbnail":{"file":"inedita-ceremonia-olimpicos-150x150.jpg","width":150,"height":150,"filesize":9933,"mime_type":"image\/jpeg","source_url":"https:\/\/www.diarioimagen.net\/wp-content\/uploads\/2024\/07\/inedita-ceremonia-olimpicos-150x150.jpg"},"post-thumbnail":{"file":"inedita-ceremonia-olimpicos-50x50.jpg","width":50,"height":50,"filesize":2025,"mime_type":"image\/jpeg","source_url":"https:\/\/www.diarioimagen.net\/wp-content\/uploads\/2024\/07\/inedita-ceremonia-olimpicos-50x50.jpg"},"blgn-below_featured":{"file":"inedita-ceremonia-olimpicos-235x132.jpg","width":235,"height":132,"filesize":14493,"mime_type":"image\/jpeg","source_url":"https:\/\/www.diarioimagen.net\/wp-content\/uploads\/2024\/07\/inedita-ceremonia-olimpicos-235x132.jpg"},"blgn-mediabar":{"file":"inedita-ceremonia-olimpicos-202x114.jpg","width":202,"height":114,"filesize":11322,"mime_type":"image\/jpeg","source_url":"https:\/\/www.diarioimagen.net\/wp-content\/uploads\/2024\/07\/inedita-ceremonia-olimpicos-202x114.jpg"},"blgn-secondary_left":{"file":"inedita-ceremonia-olimpicos-75x75.jpg","width":75,"height":75,"filesize":3373,"mime_type":"image\/jpeg","source_url":"https:\/\/www.diarioimagen.net\/wp-content\/uploads\/2024\/07\/inedita-ceremonia-olimpicos-75x75.jpg"},"blgn-secondary_right":{"file":"inedita-ceremonia-olimpicos-75x75.jpg","width":75,"height":75,"filesize":3373,"mime_type":"image\/jpeg","source_url":"https:\/\/www.diarioimagen.net\/wp-content\/uploads\/2024\/07\/inedita-ceremonia-olimpicos-75x75.jpg"},"blgn-secondary_mid_big":{"file":"inedita-ceremonia-olimpicos-350x196.jpg","width":350,"height":196,"filesize":28282,"mime_type":"image\/jpeg","source_url":"https:\/\/www.diarioimagen.net\/wp-content\/uploads\/2024\/07\/inedita-ceremonia-olimpicos-350x196.jpg"},"blgn-secondary_mid_small":{"file":"inedita-ceremonia-olimpicos-70x70.jpg","width":70,"height":70,"filesize":2964,"mime_type":"image\/jpeg","source_url":"https:\/\/www.diarioimagen.net\/wp-content\/uploads\/2024\/07\/inedita-ceremonia-olimpicos-70x70.jpg"},"blgn-subnews":{"file":"inedita-ceremonia-olimpicos-220x123.jpg","width":220,"height":123,"filesize":12904,"mime_type":"image\/jpeg","source_url":"https:\/\/www.diarioimagen.net\/wp-content\/uploads\/2024\/07\/inedita-ceremonia-olimpicos-220x123.jpg"},"blgn-excerpt_thumb":{"file":"inedita-ceremonia-olimpicos-90x65.jpg","width":90,"height":65,"filesize":3619,"mime_type":"image\/jpeg","source_url":"https:\/\/www.diarioimagen.net\/wp-content\/uploads\/2024\/07\/inedita-ceremonia-olimpicos-90x65.jpg"},"blgn-media_gallery":{"file":"inedita-ceremonia-olimpicos-237x132.jpg","width":237,"height":132,"filesize":14522,"mime_type":"image\/jpeg","source_url":"https:\/\/www.diarioimagen.net\/wp-content\/uploads\/2024\/07\/inedita-ceremonia-olimpicos-237x132.jpg"},"full":{"file":"inedita-ceremonia-olimpicos.jpg","width":460,"height":270,"mime_type":"image\/jpeg","source_url":"https:\/\/www.diarioimagen.net\/wp-content\/uploads\/2024\/07\/inedita-ceremonia-olimpicos.jpg"}},"image_meta":{"aperture":"0","credit":"","camera":"","caption":"","created_timestamp":"0","copyright":"","focal_length":"0","iso":"0","shutter_speed":"0","title":"","orientation":"0","keywords":[]}},"post":627051,"source_url":"https:\/\/www.diarioimagen.net\/wp-content\/uploads\/2024\/07\/inedita-ceremonia-olimpicos.jpg","_links":{"self":[{"href":"https:\/\/www.diarioimagen.net\/index.php?rest_route=\/wp\/v2\/media\/627167","targetHints":{"allow":["GET"]}}],"collection":[{"href":"https:\/\/www.diarioimagen.net\/index.php?rest_route=\/wp\/v2\/media"}],"about":[{"href":"https:\/\/www.diarioimagen.net\/index.php?rest_route=\/wp\/v2\/types\/attachment"}],"author":[{"embeddable":true,"href":"https:\/\/www.diarioimagen.net\/index.php?rest_route=\/wp\/v2\/users\/3"}],"replies":[{"embeddable":true,"href":"https:\/\/www.diarioimagen.net\/index.php?rest_route=%2Fwp%2Fv2%2Fcomments&post=627167"}]}}

<p>La ceremonia de inauguración de los Juegos Olímpicos durará 3 horas y 45 minutos, la cual que tendrá lugar en el río Sena, donde desfilarán delegaciones de deportistas durante 6 kilómetros a bordo de 85 barcos.</p>
