{"id":627413,"date":"2024-07-25T01:56:28","date_gmt":"2024-07-25T07:56:28","guid":{"rendered":"https:\/\/www.diarioimagen.net\/wp-content\/uploads\/2024\/07\/portada-qr.jpg"},"modified":"2024-07-25T01:56:33","modified_gmt":"2024-07-25T07:56:33","slug":"portada-qr","status":"inherit","type":"attachment","link":"https:\/\/www.diarioimagen.net\/?attachment_id=627413","title":{"rendered":"portada-qr"},"author":3,"featured_media":0,"comment_status":"open","ping_status":"closed","template":"","meta":{"_monsterinsights_skip_tracking":false,"_monsterinsights_sitenote_active":false,"_monsterinsights_sitenote_note":"","_monsterinsights_sitenote_category":0},"class_list":["post-627413","attachment","type-attachment","status-inherit","hentry"],"description":{"rendered":"<p class=\"attachment\"><a href='https:\/\/www.diarioimagen.net\/wp-content\/uploads\/2024\/07\/portada-qr.jpg'><img loading=\"lazy\" decoding=\"async\" width=\"240\" height=\"141\" src=\"https:\/\/www.diarioimagen.net\/wp-content\/uploads\/2024\/07\/portada-qr-240x141.jpg\" class=\"attachment-medium size-medium\" alt=\"\" srcset=\"https:\/\/www.diarioimagen.net\/wp-content\/uploads\/2024\/07\/portada-qr-240x141.jpg 240w, https:\/\/www.diarioimagen.net\/wp-content\/uploads\/2024\/07\/portada-qr.jpg 460w\" sizes=\"auto, (max-width: 240px) 100vw, 240px\" \/><\/a><\/p>\n"},"caption":{"rendered":"<p>El embajador de Estados Unidos en M\u00e9xico, Ken Salazar, se\u00f1al\u00f3 que hay que se deber\u00eda dar much\u00edsima m\u00e1s atenci\u00f3n a la frontera de Chiapas con Guatemala, ante ola de violencia.<\/p>\n"},"alt_text":"","media_type":"image","mime_type":"image\/jpeg","media_details":{"width":460,"height":270,"file":"2024\/07\/portada-qr.jpg","filesize":66044,"sizes":{"medium":{"file":"portada-qr-240x141.jpg","width":240,"height":141,"filesize":11971,"mime_type":"image\/jpeg","source_url":"https:\/\/www.diarioimagen.net\/wp-content\/uploads\/2024\/07\/portada-qr-240x141.jpg"},"thumbnail":{"file":"portada-qr-150x150.jpg","width":150,"height":150,"filesize":8368,"mime_type":"image\/jpeg","source_url":"https:\/\/www.diarioimagen.net\/wp-content\/uploads\/2024\/07\/portada-qr-150x150.jpg"},"post-thumbnail":{"file":"portada-qr-50x50.jpg","width":50,"height":50,"filesize":1939,"mime_type":"image\/jpeg","source_url":"https:\/\/www.diarioimagen.net\/wp-content\/uploads\/2024\/07\/portada-qr-50x50.jpg"},"blgn-below_featured":{"file":"portada-qr-235x132.jpg","width":235,"height":132,"filesize":11562,"mime_type":"image\/jpeg","source_url":"https:\/\/www.diarioimagen.net\/wp-content\/uploads\/2024\/07\/portada-qr-235x132.jpg"},"blgn-mediabar":{"file":"portada-qr-202x114.jpg","width":202,"height":114,"filesize":9165,"mime_type":"image\/jpeg","source_url":"https:\/\/www.diarioimagen.net\/wp-content\/uploads\/2024\/07\/portada-qr-202x114.jpg"},"blgn-secondary_left":{"file":"portada-qr-75x75.jpg","width":75,"height":75,"filesize":3109,"mime_type":"image\/jpeg","source_url":"https:\/\/www.diarioimagen.net\/wp-content\/uploads\/2024\/07\/portada-qr-75x75.jpg"},"blgn-secondary_right":{"file":"portada-qr-75x75.jpg","width":75,"height":75,"filesize":3109,"mime_type":"image\/jpeg","source_url":"https:\/\/www.diarioimagen.net\/wp-content\/uploads\/2024\/07\/portada-qr-75x75.jpg"},"blgn-secondary_mid_big":{"file":"portada-qr-350x196.jpg","width":350,"height":196,"filesize":20810,"mime_type":"image\/jpeg","source_url":"https:\/\/www.diarioimagen.net\/wp-content\/uploads\/2024\/07\/portada-qr-350x196.jpg"},"blgn-secondary_mid_small":{"file":"portada-qr-70x70.jpg","width":70,"height":70,"filesize":2836,"mime_type":"image\/jpeg","source_url":"https:\/\/www.diarioimagen.net\/wp-content\/uploads\/2024\/07\/portada-qr-70x70.jpg"},"blgn-subnews":{"file":"portada-qr-220x123.jpg","width":220,"height":123,"filesize":10329,"mime_type":"image\/jpeg","source_url":"https:\/\/www.diarioimagen.net\/wp-content\/uploads\/2024\/07\/portada-qr-220x123.jpg"},"blgn-excerpt_thumb":{"file":"portada-qr-90x65.jpg","width":90,"height":65,"filesize":3339,"mime_type":"image\/jpeg","source_url":"https:\/\/www.diarioimagen.net\/wp-content\/uploads\/2024\/07\/portada-qr-90x65.jpg"},"blgn-media_gallery":{"file":"portada-qr-237x132.jpg","width":237,"height":132,"filesize":11565,"mime_type":"image\/jpeg","source_url":"https:\/\/www.diarioimagen.net\/wp-content\/uploads\/2024\/07\/portada-qr-237x132.jpg"},"full":{"file":"portada-qr.jpg","width":460,"height":270,"mime_type":"image\/jpeg","source_url":"https:\/\/www.diarioimagen.net\/wp-content\/uploads\/2024\/07\/portada-qr.jpg"}},"image_meta":{"aperture":"0","credit":"","camera":"","caption":"","created_timestamp":"0","copyright":"","focal_length":"0","iso":"0","shutter_speed":"0","title":"","orientation":"0","keywords":[]}},"post":627345,"source_url":"https:\/\/www.diarioimagen.net\/wp-content\/uploads\/2024\/07\/portada-qr.jpg","_links":{"self":[{"href":"https:\/\/www.diarioimagen.net\/index.php?rest_route=\/wp\/v2\/media\/627413","targetHints":{"allow":["GET"]}}],"collection":[{"href":"https:\/\/www.diarioimagen.net\/index.php?rest_route=\/wp\/v2\/media"}],"about":[{"href":"https:\/\/www.diarioimagen.net\/index.php?rest_route=\/wp\/v2\/types\/attachment"}],"author":[{"embeddable":true,"href":"https:\/\/www.diarioimagen.net\/index.php?rest_route=\/wp\/v2\/users\/3"}],"replies":[{"embeddable":true,"href":"https:\/\/www.diarioimagen.net\/index.php?rest_route=%2Fwp%2Fv2%2Fcomments&post=627413"}]}}

<p>El embajador de Estados Unidos en México, Ken Salazar, señaló que hay que se debería dar muchísima más atención a la frontera de Chiapas con Guatemala, ante ola de violencia.</p>
