{"id":627444,"date":"2024-07-25T02:11:18","date_gmt":"2024-07-25T08:11:18","guid":{"rendered":"https:\/\/www.diarioimagen.net\/wp-content\/uploads\/2024\/07\/entrega-alcalde-atizapan.jpg"},"modified":"2024-07-25T02:11:23","modified_gmt":"2024-07-25T08:11:23","slug":"entrega-alcalde-atizapan","status":"inherit","type":"attachment","link":"https:\/\/www.diarioimagen.net\/?attachment_id=627444","title":{"rendered":"entrega-alcalde-atizapan"},"author":3,"featured_media":0,"comment_status":"open","ping_status":"closed","template":"","meta":{"_monsterinsights_skip_tracking":false,"_monsterinsights_sitenote_active":false,"_monsterinsights_sitenote_note":"","_monsterinsights_sitenote_category":0},"class_list":["post-627444","attachment","type-attachment","status-inherit","hentry"],"description":{"rendered":"<p class=\"attachment\"><a href='https:\/\/www.diarioimagen.net\/wp-content\/uploads\/2024\/07\/entrega-alcalde-atizapan.jpg'><img loading=\"lazy\" decoding=\"async\" width=\"240\" height=\"141\" src=\"https:\/\/www.diarioimagen.net\/wp-content\/uploads\/2024\/07\/entrega-alcalde-atizapan-240x141.jpg\" class=\"attachment-medium size-medium\" alt=\"\" srcset=\"https:\/\/www.diarioimagen.net\/wp-content\/uploads\/2024\/07\/entrega-alcalde-atizapan-240x141.jpg 240w, https:\/\/www.diarioimagen.net\/wp-content\/uploads\/2024\/07\/entrega-alcalde-atizapan.jpg 460w\" sizes=\"auto, (max-width: 240px) 100vw, 240px\" \/><\/a><\/p>\n"},"caption":{"rendered":"<p>El alcalde de Atizap\u00e1n, Pedro Rodr\u00edguez Villegas, visit\u00f3 la colonia L\u00e1zaro C\u00e1rdenas, donde entreg\u00f3 la rehabilitaci\u00f3n con concreto asf\u00e1ltico de la calle Coahuila.<\/p>\n"},"alt_text":"","media_type":"image","mime_type":"image\/jpeg","media_details":{"width":460,"height":270,"file":"2024\/07\/entrega-alcalde-atizapan.jpg","filesize":84107,"sizes":{"medium":{"file":"entrega-alcalde-atizapan-240x141.jpg","width":240,"height":141,"filesize":13018,"mime_type":"image\/jpeg","source_url":"https:\/\/www.diarioimagen.net\/wp-content\/uploads\/2024\/07\/entrega-alcalde-atizapan-240x141.jpg"},"thumbnail":{"file":"entrega-alcalde-atizapan-150x150.jpg","width":150,"height":150,"filesize":9058,"mime_type":"image\/jpeg","source_url":"https:\/\/www.diarioimagen.net\/wp-content\/uploads\/2024\/07\/entrega-alcalde-atizapan-150x150.jpg"},"post-thumbnail":{"file":"entrega-alcalde-atizapan-50x50.jpg","width":50,"height":50,"filesize":1914,"mime_type":"image\/jpeg","source_url":"https:\/\/www.diarioimagen.net\/wp-content\/uploads\/2024\/07\/entrega-alcalde-atizapan-50x50.jpg"},"blgn-below_featured":{"file":"entrega-alcalde-atizapan-235x132.jpg","width":235,"height":132,"filesize":12415,"mime_type":"image\/jpeg","source_url":"https:\/\/www.diarioimagen.net\/wp-content\/uploads\/2024\/07\/entrega-alcalde-atizapan-235x132.jpg"},"blgn-mediabar":{"file":"entrega-alcalde-atizapan-202x114.jpg","width":202,"height":114,"filesize":9706,"mime_type":"image\/jpeg","source_url":"https:\/\/www.diarioimagen.net\/wp-content\/uploads\/2024\/07\/entrega-alcalde-atizapan-202x114.jpg"},"blgn-secondary_left":{"file":"entrega-alcalde-atizapan-75x75.jpg","width":75,"height":75,"filesize":3157,"mime_type":"image\/jpeg","source_url":"https:\/\/www.diarioimagen.net\/wp-content\/uploads\/2024\/07\/entrega-alcalde-atizapan-75x75.jpg"},"blgn-secondary_right":{"file":"entrega-alcalde-atizapan-75x75.jpg","width":75,"height":75,"filesize":3157,"mime_type":"image\/jpeg","source_url":"https:\/\/www.diarioimagen.net\/wp-content\/uploads\/2024\/07\/entrega-alcalde-atizapan-75x75.jpg"},"blgn-secondary_mid_big":{"file":"entrega-alcalde-atizapan-350x196.jpg","width":350,"height":196,"filesize":23456,"mime_type":"image\/jpeg","source_url":"https:\/\/www.diarioimagen.net\/wp-content\/uploads\/2024\/07\/entrega-alcalde-atizapan-350x196.jpg"},"blgn-secondary_mid_small":{"file":"entrega-alcalde-atizapan-70x70.jpg","width":70,"height":70,"filesize":2858,"mime_type":"image\/jpeg","source_url":"https:\/\/www.diarioimagen.net\/wp-content\/uploads\/2024\/07\/entrega-alcalde-atizapan-70x70.jpg"},"blgn-subnews":{"file":"entrega-alcalde-atizapan-220x123.jpg","width":220,"height":123,"filesize":11087,"mime_type":"image\/jpeg","source_url":"https:\/\/www.diarioimagen.net\/wp-content\/uploads\/2024\/07\/entrega-alcalde-atizapan-220x123.jpg"},"blgn-excerpt_thumb":{"file":"entrega-alcalde-atizapan-90x65.jpg","width":90,"height":65,"filesize":3288,"mime_type":"image\/jpeg","source_url":"https:\/\/www.diarioimagen.net\/wp-content\/uploads\/2024\/07\/entrega-alcalde-atizapan-90x65.jpg"},"blgn-media_gallery":{"file":"entrega-alcalde-atizapan-237x132.jpg","width":237,"height":132,"filesize":12422,"mime_type":"image\/jpeg","source_url":"https:\/\/www.diarioimagen.net\/wp-content\/uploads\/2024\/07\/entrega-alcalde-atizapan-237x132.jpg"},"full":{"file":"entrega-alcalde-atizapan.jpg","width":460,"height":270,"mime_type":"image\/jpeg","source_url":"https:\/\/www.diarioimagen.net\/wp-content\/uploads\/2024\/07\/entrega-alcalde-atizapan.jpg"}},"image_meta":{"aperture":"0","credit":"","camera":"","caption":"","created_timestamp":"0","copyright":"","focal_length":"0","iso":"0","shutter_speed":"0","title":"","orientation":"0","keywords":[]}},"post":627365,"source_url":"https:\/\/www.diarioimagen.net\/wp-content\/uploads\/2024\/07\/entrega-alcalde-atizapan.jpg","_links":{"self":[{"href":"https:\/\/www.diarioimagen.net\/index.php?rest_route=\/wp\/v2\/media\/627444","targetHints":{"allow":["GET"]}}],"collection":[{"href":"https:\/\/www.diarioimagen.net\/index.php?rest_route=\/wp\/v2\/media"}],"about":[{"href":"https:\/\/www.diarioimagen.net\/index.php?rest_route=\/wp\/v2\/types\/attachment"}],"author":[{"embeddable":true,"href":"https:\/\/www.diarioimagen.net\/index.php?rest_route=\/wp\/v2\/users\/3"}],"replies":[{"embeddable":true,"href":"https:\/\/www.diarioimagen.net\/index.php?rest_route=%2Fwp%2Fv2%2Fcomments&post=627444"}]}}

<p>El alcalde de Atizapán, Pedro Rodríguez Villegas, visitó la colonia Lázaro Cárdenas, donde entregó la rehabilitación con concreto asfáltico de la calle Coahuila.</p>
