{"id":627578,"date":"2024-07-26T01:58:24","date_gmt":"2024-07-26T07:58:24","guid":{"rendered":"https:\/\/www.diarioimagen.net\/wp-content\/uploads\/2024\/07\/tramo-2-del-tren.jpg"},"modified":"2024-07-26T01:58:29","modified_gmt":"2024-07-26T07:58:29","slug":"tramo-2-del-tren","status":"inherit","type":"attachment","link":"https:\/\/www.diarioimagen.net\/?attachment_id=627578","title":{"rendered":"tramo-2-del-tren"},"author":3,"featured_media":0,"comment_status":"open","ping_status":"closed","template":"","meta":{"_monsterinsights_skip_tracking":false,"_monsterinsights_sitenote_active":false,"_monsterinsights_sitenote_note":"","_monsterinsights_sitenote_category":0},"class_list":["post-627578","attachment","type-attachment","status-inherit","hentry"],"description":{"rendered":"<p class=\"attachment\"><a href='https:\/\/www.diarioimagen.net\/wp-content\/uploads\/2024\/07\/tramo-2-del-tren.jpg'><img loading=\"lazy\" decoding=\"async\" width=\"240\" height=\"141\" src=\"https:\/\/www.diarioimagen.net\/wp-content\/uploads\/2024\/07\/tramo-2-del-tren-240x141.jpg\" class=\"attachment-medium size-medium\" alt=\"\" srcset=\"https:\/\/www.diarioimagen.net\/wp-content\/uploads\/2024\/07\/tramo-2-del-tren-240x141.jpg 240w, https:\/\/www.diarioimagen.net\/wp-content\/uploads\/2024\/07\/tramo-2-del-tren.jpg 460w\" sizes=\"auto, (max-width: 240px) 100vw, 240px\" \/><\/a><\/p>\n"},"caption":{"rendered":"<p>El tramo 2 del Tren Maya, de Esc\u00e1rcega a Calkin\u00ed, en Campeche, conecta a trav\u00e9s de 234 kil\u00f3metros de v\u00eda f\u00e9rrea con diversos atractivos\u00a0.<\/p>\n"},"alt_text":"","media_type":"image","mime_type":"image\/jpeg","media_details":{"width":460,"height":270,"file":"2024\/07\/tramo-2-del-tren.jpg","filesize":75888,"sizes":{"medium":{"file":"tramo-2-del-tren-240x141.jpg","width":240,"height":141,"filesize":12422,"mime_type":"image\/jpeg","source_url":"https:\/\/www.diarioimagen.net\/wp-content\/uploads\/2024\/07\/tramo-2-del-tren-240x141.jpg"},"thumbnail":{"file":"tramo-2-del-tren-150x150.jpg","width":150,"height":150,"filesize":8755,"mime_type":"image\/jpeg","source_url":"https:\/\/www.diarioimagen.net\/wp-content\/uploads\/2024\/07\/tramo-2-del-tren-150x150.jpg"},"post-thumbnail":{"file":"tramo-2-del-tren-50x50.jpg","width":50,"height":50,"filesize":2002,"mime_type":"image\/jpeg","source_url":"https:\/\/www.diarioimagen.net\/wp-content\/uploads\/2024\/07\/tramo-2-del-tren-50x50.jpg"},"blgn-below_featured":{"file":"tramo-2-del-tren-235x132.jpg","width":235,"height":132,"filesize":11678,"mime_type":"image\/jpeg","source_url":"https:\/\/www.diarioimagen.net\/wp-content\/uploads\/2024\/07\/tramo-2-del-tren-235x132.jpg"},"blgn-mediabar":{"file":"tramo-2-del-tren-202x114.jpg","width":202,"height":114,"filesize":9340,"mime_type":"image\/jpeg","source_url":"https:\/\/www.diarioimagen.net\/wp-content\/uploads\/2024\/07\/tramo-2-del-tren-202x114.jpg"},"blgn-secondary_left":{"file":"tramo-2-del-tren-75x75.jpg","width":75,"height":75,"filesize":3269,"mime_type":"image\/jpeg","source_url":"https:\/\/www.diarioimagen.net\/wp-content\/uploads\/2024\/07\/tramo-2-del-tren-75x75.jpg"},"blgn-secondary_right":{"file":"tramo-2-del-tren-75x75.jpg","width":75,"height":75,"filesize":3269,"mime_type":"image\/jpeg","source_url":"https:\/\/www.diarioimagen.net\/wp-content\/uploads\/2024\/07\/tramo-2-del-tren-75x75.jpg"},"blgn-secondary_mid_big":{"file":"tramo-2-del-tren-350x196.jpg","width":350,"height":196,"filesize":21419,"mime_type":"image\/jpeg","source_url":"https:\/\/www.diarioimagen.net\/wp-content\/uploads\/2024\/07\/tramo-2-del-tren-350x196.jpg"},"blgn-secondary_mid_small":{"file":"tramo-2-del-tren-70x70.jpg","width":70,"height":70,"filesize":2853,"mime_type":"image\/jpeg","source_url":"https:\/\/www.diarioimagen.net\/wp-content\/uploads\/2024\/07\/tramo-2-del-tren-70x70.jpg"},"blgn-subnews":{"file":"tramo-2-del-tren-220x123.jpg","width":220,"height":123,"filesize":10520,"mime_type":"image\/jpeg","source_url":"https:\/\/www.diarioimagen.net\/wp-content\/uploads\/2024\/07\/tramo-2-del-tren-220x123.jpg"},"blgn-excerpt_thumb":{"file":"tramo-2-del-tren-90x65.jpg","width":90,"height":65,"filesize":3363,"mime_type":"image\/jpeg","source_url":"https:\/\/www.diarioimagen.net\/wp-content\/uploads\/2024\/07\/tramo-2-del-tren-90x65.jpg"},"blgn-media_gallery":{"file":"tramo-2-del-tren-237x132.jpg","width":237,"height":132,"filesize":11741,"mime_type":"image\/jpeg","source_url":"https:\/\/www.diarioimagen.net\/wp-content\/uploads\/2024\/07\/tramo-2-del-tren-237x132.jpg"},"full":{"file":"tramo-2-del-tren.jpg","width":460,"height":270,"mime_type":"image\/jpeg","source_url":"https:\/\/www.diarioimagen.net\/wp-content\/uploads\/2024\/07\/tramo-2-del-tren.jpg"}},"image_meta":{"aperture":"0","credit":"","camera":"","caption":"","created_timestamp":"0","copyright":"","focal_length":"0","iso":"0","shutter_speed":"0","title":"","orientation":"0","keywords":[]}},"post":627545,"source_url":"https:\/\/www.diarioimagen.net\/wp-content\/uploads\/2024\/07\/tramo-2-del-tren.jpg","_links":{"self":[{"href":"https:\/\/www.diarioimagen.net\/index.php?rest_route=\/wp\/v2\/media\/627578","targetHints":{"allow":["GET"]}}],"collection":[{"href":"https:\/\/www.diarioimagen.net\/index.php?rest_route=\/wp\/v2\/media"}],"about":[{"href":"https:\/\/www.diarioimagen.net\/index.php?rest_route=\/wp\/v2\/types\/attachment"}],"author":[{"embeddable":true,"href":"https:\/\/www.diarioimagen.net\/index.php?rest_route=\/wp\/v2\/users\/3"}],"replies":[{"embeddable":true,"href":"https:\/\/www.diarioimagen.net\/index.php?rest_route=%2Fwp%2Fv2%2Fcomments&post=627578"}]}}

<p>El tramo 2 del Tren Maya, de Escárcega a Calkiní, en Campeche, conecta a través de 234 kilómetros de vía férrea con diversos atractivos .</p>
