{"id":628125,"date":"2024-07-31T01:35:14","date_gmt":"2024-07-31T07:35:14","guid":{"rendered":"https:\/\/www.diarioimagen.net\/wp-content\/uploads\/2024\/07\/lopez-obrador-urge.jpg"},"modified":"2024-07-31T01:35:19","modified_gmt":"2024-07-31T07:35:19","slug":"lopez-obrador-urge","status":"inherit","type":"attachment","link":"https:\/\/www.diarioimagen.net\/?attachment_id=628125","title":{"rendered":"lopez-obrador-urge"},"author":3,"featured_media":0,"comment_status":"open","ping_status":"closed","template":"","meta":{"_monsterinsights_skip_tracking":false,"_monsterinsights_sitenote_active":false,"_monsterinsights_sitenote_note":"","_monsterinsights_sitenote_category":0},"class_list":["post-628125","attachment","type-attachment","status-inherit","hentry"],"description":{"rendered":"<p class=\"attachment\"><a href='https:\/\/www.diarioimagen.net\/wp-content\/uploads\/2024\/07\/lopez-obrador-urge.jpg'><img loading=\"lazy\" decoding=\"async\" width=\"240\" height=\"141\" src=\"https:\/\/www.diarioimagen.net\/wp-content\/uploads\/2024\/07\/lopez-obrador-urge-240x141.jpg\" class=\"attachment-medium size-medium\" alt=\"\" srcset=\"https:\/\/www.diarioimagen.net\/wp-content\/uploads\/2024\/07\/lopez-obrador-urge-240x141.jpg 240w, https:\/\/www.diarioimagen.net\/wp-content\/uploads\/2024\/07\/lopez-obrador-urge.jpg 460w\" sizes=\"auto, (max-width: 240px) 100vw, 240px\" \/><\/a><\/p>\n"},"caption":{"rendered":"<p>El presidente Andr\u00e9s Manuel L\u00f3pez Obrador urgi\u00f3 al gobierno de Joe Biden dar a conocer todos los detalles de la detenci\u00f3n de Ismael Zamabada y Joaqu\u00edn Guzm\u00e1n L\u00f3pez.<\/p>\n"},"alt_text":"","media_type":"image","mime_type":"image\/jpeg","media_details":{"width":460,"height":270,"file":"2024\/07\/lopez-obrador-urge.jpg","filesize":47045,"sizes":{"medium":{"file":"lopez-obrador-urge-240x141.jpg","width":240,"height":141,"filesize":7990,"mime_type":"image\/jpeg","source_url":"https:\/\/www.diarioimagen.net\/wp-content\/uploads\/2024\/07\/lopez-obrador-urge-240x141.jpg"},"thumbnail":{"file":"lopez-obrador-urge-150x150.jpg","width":150,"height":150,"filesize":6322,"mime_type":"image\/jpeg","source_url":"https:\/\/www.diarioimagen.net\/wp-content\/uploads\/2024\/07\/lopez-obrador-urge-150x150.jpg"},"post-thumbnail":{"file":"lopez-obrador-urge-50x50.jpg","width":50,"height":50,"filesize":1735,"mime_type":"image\/jpeg","source_url":"https:\/\/www.diarioimagen.net\/wp-content\/uploads\/2024\/07\/lopez-obrador-urge-50x50.jpg"},"blgn-below_featured":{"file":"lopez-obrador-urge-235x132.jpg","width":235,"height":132,"filesize":7690,"mime_type":"image\/jpeg","source_url":"https:\/\/www.diarioimagen.net\/wp-content\/uploads\/2024\/07\/lopez-obrador-urge-235x132.jpg"},"blgn-mediabar":{"file":"lopez-obrador-urge-202x114.jpg","width":202,"height":114,"filesize":6322,"mime_type":"image\/jpeg","source_url":"https:\/\/www.diarioimagen.net\/wp-content\/uploads\/2024\/07\/lopez-obrador-urge-202x114.jpg"},"blgn-secondary_left":{"file":"lopez-obrador-urge-75x75.jpg","width":75,"height":75,"filesize":2656,"mime_type":"image\/jpeg","source_url":"https:\/\/www.diarioimagen.net\/wp-content\/uploads\/2024\/07\/lopez-obrador-urge-75x75.jpg"},"blgn-secondary_right":{"file":"lopez-obrador-urge-75x75.jpg","width":75,"height":75,"filesize":2656,"mime_type":"image\/jpeg","source_url":"https:\/\/www.diarioimagen.net\/wp-content\/uploads\/2024\/07\/lopez-obrador-urge-75x75.jpg"},"blgn-secondary_mid_big":{"file":"lopez-obrador-urge-350x196.jpg","width":350,"height":196,"filesize":13423,"mime_type":"image\/jpeg","source_url":"https:\/\/www.diarioimagen.net\/wp-content\/uploads\/2024\/07\/lopez-obrador-urge-350x196.jpg"},"blgn-secondary_mid_small":{"file":"lopez-obrador-urge-70x70.jpg","width":70,"height":70,"filesize":2353,"mime_type":"image\/jpeg","source_url":"https:\/\/www.diarioimagen.net\/wp-content\/uploads\/2024\/07\/lopez-obrador-urge-70x70.jpg"},"blgn-subnews":{"file":"lopez-obrador-urge-220x123.jpg","width":220,"height":123,"filesize":6919,"mime_type":"image\/jpeg","source_url":"https:\/\/www.diarioimagen.net\/wp-content\/uploads\/2024\/07\/lopez-obrador-urge-220x123.jpg"},"blgn-excerpt_thumb":{"file":"lopez-obrador-urge-90x65.jpg","width":90,"height":65,"filesize":2727,"mime_type":"image\/jpeg","source_url":"https:\/\/www.diarioimagen.net\/wp-content\/uploads\/2024\/07\/lopez-obrador-urge-90x65.jpg"},"blgn-media_gallery":{"file":"lopez-obrador-urge-237x132.jpg","width":237,"height":132,"filesize":7676,"mime_type":"image\/jpeg","source_url":"https:\/\/www.diarioimagen.net\/wp-content\/uploads\/2024\/07\/lopez-obrador-urge-237x132.jpg"},"full":{"file":"lopez-obrador-urge.jpg","width":460,"height":270,"mime_type":"image\/jpeg","source_url":"https:\/\/www.diarioimagen.net\/wp-content\/uploads\/2024\/07\/lopez-obrador-urge.jpg"}},"image_meta":{"aperture":"0","credit":"","camera":"","caption":"","created_timestamp":"0","copyright":"","focal_length":"0","iso":"0","shutter_speed":"0","title":"","orientation":"0","keywords":[]}},"post":628031,"source_url":"https:\/\/www.diarioimagen.net\/wp-content\/uploads\/2024\/07\/lopez-obrador-urge.jpg","_links":{"self":[{"href":"https:\/\/www.diarioimagen.net\/index.php?rest_route=\/wp\/v2\/media\/628125","targetHints":{"allow":["GET"]}}],"collection":[{"href":"https:\/\/www.diarioimagen.net\/index.php?rest_route=\/wp\/v2\/media"}],"about":[{"href":"https:\/\/www.diarioimagen.net\/index.php?rest_route=\/wp\/v2\/types\/attachment"}],"author":[{"embeddable":true,"href":"https:\/\/www.diarioimagen.net\/index.php?rest_route=\/wp\/v2\/users\/3"}],"replies":[{"embeddable":true,"href":"https:\/\/www.diarioimagen.net\/index.php?rest_route=%2Fwp%2Fv2%2Fcomments&post=628125"}]}}

<p>El presidente Andrés Manuel López Obrador urgió al gobierno de Joe Biden dar a conocer todos los detalles de la detención de Ismael Zamabada y Joaquín Guzmán López.</p>
