{"id":628171,"date":"2024-07-31T01:55:43","date_gmt":"2024-07-31T07:55:43","guid":{"rendered":"https:\/\/www.diarioimagen.net\/wp-content\/uploads\/2024\/07\/prd-va-con-paso-firme.jpg"},"modified":"2024-07-31T01:55:51","modified_gmt":"2024-07-31T07:55:51","slug":"prd-va-con-paso-firme","status":"inherit","type":"attachment","link":"https:\/\/www.diarioimagen.net\/?attachment_id=628171","title":{"rendered":"prd-va-con-paso-firme"},"author":3,"featured_media":0,"comment_status":"open","ping_status":"closed","template":"","meta":{"_monsterinsights_skip_tracking":false,"_monsterinsights_sitenote_active":false,"_monsterinsights_sitenote_note":"","_monsterinsights_sitenote_category":0},"class_list":["post-628171","attachment","type-attachment","status-inherit","hentry"],"description":{"rendered":"<p class=\"attachment\"><a href='https:\/\/www.diarioimagen.net\/wp-content\/uploads\/2024\/07\/prd-va-con-paso-firme.jpg'><img loading=\"lazy\" decoding=\"async\" width=\"240\" height=\"141\" src=\"https:\/\/www.diarioimagen.net\/wp-content\/uploads\/2024\/07\/prd-va-con-paso-firme-240x141.jpg\" class=\"attachment-medium size-medium\" alt=\"\" srcset=\"https:\/\/www.diarioimagen.net\/wp-content\/uploads\/2024\/07\/prd-va-con-paso-firme-240x141.jpg 240w, https:\/\/www.diarioimagen.net\/wp-content\/uploads\/2024\/07\/prd-va-con-paso-firme.jpg 460w\" sizes=\"auto, (max-width: 240px) 100vw, 240px\" \/><\/a><\/p>\n"},"caption":{"rendered":"<p>Lucina Cort\u00e9s Cornejo, dirigente del PRD en Naucalpan, particip\u00f3 en el IX Consejo Estatal para sentar las bases para su consolidaci\u00f3n como partido local.<\/p>\n"},"alt_text":"","media_type":"image","mime_type":"image\/jpeg","media_details":{"width":460,"height":270,"file":"2024\/07\/prd-va-con-paso-firme.jpg","filesize":58154,"sizes":{"medium":{"file":"prd-va-con-paso-firme-240x141.jpg","width":240,"height":141,"filesize":10250,"mime_type":"image\/jpeg","source_url":"https:\/\/www.diarioimagen.net\/wp-content\/uploads\/2024\/07\/prd-va-con-paso-firme-240x141.jpg"},"thumbnail":{"file":"prd-va-con-paso-firme-150x150.jpg","width":150,"height":150,"filesize":7690,"mime_type":"image\/jpeg","source_url":"https:\/\/www.diarioimagen.net\/wp-content\/uploads\/2024\/07\/prd-va-con-paso-firme-150x150.jpg"},"post-thumbnail":{"file":"prd-va-con-paso-firme-50x50.jpg","width":50,"height":50,"filesize":1890,"mime_type":"image\/jpeg","source_url":"https:\/\/www.diarioimagen.net\/wp-content\/uploads\/2024\/07\/prd-va-con-paso-firme-50x50.jpg"},"blgn-below_featured":{"file":"prd-va-con-paso-firme-235x132.jpg","width":235,"height":132,"filesize":9748,"mime_type":"image\/jpeg","source_url":"https:\/\/www.diarioimagen.net\/wp-content\/uploads\/2024\/07\/prd-va-con-paso-firme-235x132.jpg"},"blgn-mediabar":{"file":"prd-va-con-paso-firme-202x114.jpg","width":202,"height":114,"filesize":7977,"mime_type":"image\/jpeg","source_url":"https:\/\/www.diarioimagen.net\/wp-content\/uploads\/2024\/07\/prd-va-con-paso-firme-202x114.jpg"},"blgn-secondary_left":{"file":"prd-va-con-paso-firme-75x75.jpg","width":75,"height":75,"filesize":3005,"mime_type":"image\/jpeg","source_url":"https:\/\/www.diarioimagen.net\/wp-content\/uploads\/2024\/07\/prd-va-con-paso-firme-75x75.jpg"},"blgn-secondary_right":{"file":"prd-va-con-paso-firme-75x75.jpg","width":75,"height":75,"filesize":3005,"mime_type":"image\/jpeg","source_url":"https:\/\/www.diarioimagen.net\/wp-content\/uploads\/2024\/07\/prd-va-con-paso-firme-75x75.jpg"},"blgn-secondary_mid_big":{"file":"prd-va-con-paso-firme-350x196.jpg","width":350,"height":196,"filesize":17274,"mime_type":"image\/jpeg","source_url":"https:\/\/www.diarioimagen.net\/wp-content\/uploads\/2024\/07\/prd-va-con-paso-firme-350x196.jpg"},"blgn-secondary_mid_small":{"file":"prd-va-con-paso-firme-70x70.jpg","width":70,"height":70,"filesize":2700,"mime_type":"image\/jpeg","source_url":"https:\/\/www.diarioimagen.net\/wp-content\/uploads\/2024\/07\/prd-va-con-paso-firme-70x70.jpg"},"blgn-subnews":{"file":"prd-va-con-paso-firme-220x123.jpg","width":220,"height":123,"filesize":8806,"mime_type":"image\/jpeg","source_url":"https:\/\/www.diarioimagen.net\/wp-content\/uploads\/2024\/07\/prd-va-con-paso-firme-220x123.jpg"},"blgn-excerpt_thumb":{"file":"prd-va-con-paso-firme-90x65.jpg","width":90,"height":65,"filesize":3173,"mime_type":"image\/jpeg","source_url":"https:\/\/www.diarioimagen.net\/wp-content\/uploads\/2024\/07\/prd-va-con-paso-firme-90x65.jpg"},"blgn-media_gallery":{"file":"prd-va-con-paso-firme-237x132.jpg","width":237,"height":132,"filesize":9683,"mime_type":"image\/jpeg","source_url":"https:\/\/www.diarioimagen.net\/wp-content\/uploads\/2024\/07\/prd-va-con-paso-firme-237x132.jpg"},"full":{"file":"prd-va-con-paso-firme.jpg","width":460,"height":270,"mime_type":"image\/jpeg","source_url":"https:\/\/www.diarioimagen.net\/wp-content\/uploads\/2024\/07\/prd-va-con-paso-firme.jpg"}},"image_meta":{"aperture":"0","credit":"","camera":"","caption":"","created_timestamp":"0","copyright":"","focal_length":"0","iso":"0","shutter_speed":"0","title":"","orientation":"0","keywords":[]}},"post":628052,"source_url":"https:\/\/www.diarioimagen.net\/wp-content\/uploads\/2024\/07\/prd-va-con-paso-firme.jpg","_links":{"self":[{"href":"https:\/\/www.diarioimagen.net\/index.php?rest_route=\/wp\/v2\/media\/628171","targetHints":{"allow":["GET"]}}],"collection":[{"href":"https:\/\/www.diarioimagen.net\/index.php?rest_route=\/wp\/v2\/media"}],"about":[{"href":"https:\/\/www.diarioimagen.net\/index.php?rest_route=\/wp\/v2\/types\/attachment"}],"author":[{"embeddable":true,"href":"https:\/\/www.diarioimagen.net\/index.php?rest_route=\/wp\/v2\/users\/3"}],"replies":[{"embeddable":true,"href":"https:\/\/www.diarioimagen.net\/index.php?rest_route=%2Fwp%2Fv2%2Fcomments&post=628171"}]}}

<p>Lucina Cortés Cornejo, dirigente del PRD en Naucalpan, participó en el IX Consejo Estatal para sentar las bases para su consolidación como partido local.</p>
