{"id":628281,"date":"2024-08-01T02:03:54","date_gmt":"2024-08-01T08:03:54","guid":{"rendered":"https:\/\/www.diarioimagen.net\/wp-content\/uploads\/2024\/08\/en-marcha-centro-operacion.jpg"},"modified":"2024-08-01T02:03:59","modified_gmt":"2024-08-01T08:03:59","slug":"en-marcha-centro-operacion","status":"inherit","type":"attachment","link":"https:\/\/www.diarioimagen.net\/?attachment_id=628281","title":{"rendered":"en-marcha-centro-operacion"},"author":3,"featured_media":0,"comment_status":"open","ping_status":"closed","template":"","meta":{"_monsterinsights_skip_tracking":false,"_monsterinsights_sitenote_active":false,"_monsterinsights_sitenote_note":"","_monsterinsights_sitenote_category":0},"class_list":["post-628281","attachment","type-attachment","status-inherit","hentry"],"description":{"rendered":"<p class=\"attachment\"><a href='https:\/\/www.diarioimagen.net\/wp-content\/uploads\/2024\/08\/en-marcha-centro-operacion.jpg'><img loading=\"lazy\" decoding=\"async\" width=\"240\" height=\"184\" src=\"https:\/\/www.diarioimagen.net\/wp-content\/uploads\/2024\/08\/en-marcha-centro-operacion-240x184.jpg\" class=\"attachment-medium size-medium\" alt=\"\" srcset=\"https:\/\/www.diarioimagen.net\/wp-content\/uploads\/2024\/08\/en-marcha-centro-operacion-240x184.jpg 240w, https:\/\/www.diarioimagen.net\/wp-content\/uploads\/2024\/08\/en-marcha-centro-operacion-353x270.jpg 353w, https:\/\/www.diarioimagen.net\/wp-content\/uploads\/2024\/08\/en-marcha-centro-operacion.jpg 460w\" sizes=\"auto, (max-width: 240px) 100vw, 240px\" \/><\/a><\/p>\n"},"caption":{"rendered":"<p>Ponen en marcha en Edomex, el Centro de Operaci\u00f3n Urbana \u201cImpulsa\u201d, donde empresarios, inversionistas y personas f\u00edsicas recibir\u00e1n asesor\u00eda gratuita para integrar sus expedientes de autorizaci\u00f3n de proyectos urbanos.<\/p>\n"},"alt_text":"","media_type":"image","mime_type":"image\/jpeg","media_details":{"width":460,"height":352,"file":"2024\/08\/en-marcha-centro-operacion.jpg","filesize":90184,"sizes":{"medium":{"file":"en-marcha-centro-operacion-240x184.jpg","width":240,"height":184,"filesize":14442,"mime_type":"image\/jpeg","source_url":"https:\/\/www.diarioimagen.net\/wp-content\/uploads\/2024\/08\/en-marcha-centro-operacion-240x184.jpg"},"large":{"file":"en-marcha-centro-operacion-353x270.jpg","width":353,"height":270,"filesize":27507,"mime_type":"image\/jpeg","source_url":"https:\/\/www.diarioimagen.net\/wp-content\/uploads\/2024\/08\/en-marcha-centro-operacion-353x270.jpg"},"thumbnail":{"file":"en-marcha-centro-operacion-150x150.jpg","width":150,"height":150,"filesize":8383,"mime_type":"image\/jpeg","source_url":"https:\/\/www.diarioimagen.net\/wp-content\/uploads\/2024\/08\/en-marcha-centro-operacion-150x150.jpg"},"post-thumbnail":{"file":"en-marcha-centro-operacion-50x50.jpg","width":50,"height":50,"filesize":1953,"mime_type":"image\/jpeg","source_url":"https:\/\/www.diarioimagen.net\/wp-content\/uploads\/2024\/08\/en-marcha-centro-operacion-50x50.jpg"},"blgn-featured":{"file":"en-marcha-centro-operacion-460x270.jpg","width":460,"height":270,"filesize":36986,"mime_type":"image\/jpeg","source_url":"https:\/\/www.diarioimagen.net\/wp-content\/uploads\/2024\/08\/en-marcha-centro-operacion-460x270.jpg"},"blgn-below_featured":{"file":"en-marcha-centro-operacion-235x132.jpg","width":235,"height":132,"filesize":10674,"mime_type":"image\/jpeg","source_url":"https:\/\/www.diarioimagen.net\/wp-content\/uploads\/2024\/08\/en-marcha-centro-operacion-235x132.jpg"},"blgn-mediabar":{"file":"en-marcha-centro-operacion-202x114.jpg","width":202,"height":114,"filesize":8510,"mime_type":"image\/jpeg","source_url":"https:\/\/www.diarioimagen.net\/wp-content\/uploads\/2024\/08\/en-marcha-centro-operacion-202x114.jpg"},"blgn-secondary_left":{"file":"en-marcha-centro-operacion-75x75.jpg","width":75,"height":75,"filesize":3109,"mime_type":"image\/jpeg","source_url":"https:\/\/www.diarioimagen.net\/wp-content\/uploads\/2024\/08\/en-marcha-centro-operacion-75x75.jpg"},"blgn-secondary_right":{"file":"en-marcha-centro-operacion-75x75.jpg","width":75,"height":75,"filesize":3109,"mime_type":"image\/jpeg","source_url":"https:\/\/www.diarioimagen.net\/wp-content\/uploads\/2024\/08\/en-marcha-centro-operacion-75x75.jpg"},"blgn-secondary_mid_big":{"file":"en-marcha-centro-operacion-350x196.jpg","width":350,"height":196,"filesize":20009,"mime_type":"image\/jpeg","source_url":"https:\/\/www.diarioimagen.net\/wp-content\/uploads\/2024\/08\/en-marcha-centro-operacion-350x196.jpg"},"blgn-secondary_mid_small":{"file":"en-marcha-centro-operacion-70x70.jpg","width":70,"height":70,"filesize":2781,"mime_type":"image\/jpeg","source_url":"https:\/\/www.diarioimagen.net\/wp-content\/uploads\/2024\/08\/en-marcha-centro-operacion-70x70.jpg"},"blgn-subnews":{"file":"en-marcha-centro-operacion-220x123.jpg","width":220,"height":123,"filesize":9597,"mime_type":"image\/jpeg","source_url":"https:\/\/www.diarioimagen.net\/wp-content\/uploads\/2024\/08\/en-marcha-centro-operacion-220x123.jpg"},"blgn-excerpt_thumb":{"file":"en-marcha-centro-operacion-90x65.jpg","width":90,"height":65,"filesize":3202,"mime_type":"image\/jpeg","source_url":"https:\/\/www.diarioimagen.net\/wp-content\/uploads\/2024\/08\/en-marcha-centro-operacion-90x65.jpg"},"blgn-media_gallery":{"file":"en-marcha-centro-operacion-237x132.jpg","width":237,"height":132,"filesize":10680,"mime_type":"image\/jpeg","source_url":"https:\/\/www.diarioimagen.net\/wp-content\/uploads\/2024\/08\/en-marcha-centro-operacion-237x132.jpg"},"full":{"file":"en-marcha-centro-operacion.jpg","width":460,"height":352,"mime_type":"image\/jpeg","source_url":"https:\/\/www.diarioimagen.net\/wp-content\/uploads\/2024\/08\/en-marcha-centro-operacion.jpg"}},"image_meta":{"aperture":"0","credit":"","camera":"","caption":"","created_timestamp":"0","copyright":"","focal_length":"0","iso":"0","shutter_speed":"0","title":"","orientation":"0","keywords":[]}},"post":628217,"source_url":"https:\/\/www.diarioimagen.net\/wp-content\/uploads\/2024\/08\/en-marcha-centro-operacion.jpg","_links":{"self":[{"href":"https:\/\/www.diarioimagen.net\/index.php?rest_route=\/wp\/v2\/media\/628281","targetHints":{"allow":["GET"]}}],"collection":[{"href":"https:\/\/www.diarioimagen.net\/index.php?rest_route=\/wp\/v2\/media"}],"about":[{"href":"https:\/\/www.diarioimagen.net\/index.php?rest_route=\/wp\/v2\/types\/attachment"}],"author":[{"embeddable":true,"href":"https:\/\/www.diarioimagen.net\/index.php?rest_route=\/wp\/v2\/users\/3"}],"replies":[{"embeddable":true,"href":"https:\/\/www.diarioimagen.net\/index.php?rest_route=%2Fwp%2Fv2%2Fcomments&post=628281"}]}}

<p>Ponen en marcha en Edomex, el Centro de Operación Urbana “Impulsa”, donde empresarios, inversionistas y personas físicas recibirán asesoría gratuita para integrar sus expedientes de autorización de proyectos urbanos.</p>
