{"id":628473,"date":"2024-08-02T01:55:17","date_gmt":"2024-08-02T07:55:17","guid":{"rendered":"https:\/\/www.diarioimagen.net\/wp-content\/uploads\/2024\/08\/reeleccion-de-cargoz.jpg"},"modified":"2024-08-02T01:55:21","modified_gmt":"2024-08-02T07:55:21","slug":"reeleccion-de-cargoz","status":"inherit","type":"attachment","link":"https:\/\/www.diarioimagen.net\/?attachment_id=628473","title":{"rendered":"reeleccion-de-cargoz"},"author":3,"featured_media":0,"comment_status":"open","ping_status":"closed","template":"","meta":{"_monsterinsights_skip_tracking":false,"_monsterinsights_sitenote_active":false,"_monsterinsights_sitenote_note":"","_monsterinsights_sitenote_category":0},"class_list":["post-628473","attachment","type-attachment","status-inherit","hentry"],"description":{"rendered":"<p class=\"attachment\"><a href='https:\/\/www.diarioimagen.net\/wp-content\/uploads\/2024\/08\/reeleccion-de-cargoz.jpg'><img loading=\"lazy\" decoding=\"async\" width=\"240\" height=\"141\" src=\"https:\/\/www.diarioimagen.net\/wp-content\/uploads\/2024\/08\/reeleccion-de-cargoz-240x141.jpg\" class=\"attachment-medium size-medium\" alt=\"\" srcset=\"https:\/\/www.diarioimagen.net\/wp-content\/uploads\/2024\/08\/reeleccion-de-cargoz-240x141.jpg 240w, https:\/\/www.diarioimagen.net\/wp-content\/uploads\/2024\/08\/reeleccion-de-cargoz.jpg 460w\" sizes=\"auto, (max-width: 240px) 100vw, 240px\" \/><\/a><\/p>\n"},"caption":{"rendered":"<p>Gabriela Valdepe\u00f1as afirm\u00f3 que se pugnar\u00e1 para que la reforma que cancela la reelecci\u00f3n de todos los funcionarios de elecci\u00f3n popular entre en vigor en 2027.<\/p>\n"},"alt_text":"","media_type":"image","mime_type":"image\/jpeg","media_details":{"width":460,"height":270,"file":"2024\/08\/reeleccion-de-cargoz.jpg","filesize":49786,"sizes":{"medium":{"file":"reeleccion-de-cargoz-240x141.jpg","width":240,"height":141,"filesize":9218,"mime_type":"image\/jpeg","source_url":"https:\/\/www.diarioimagen.net\/wp-content\/uploads\/2024\/08\/reeleccion-de-cargoz-240x141.jpg"},"thumbnail":{"file":"reeleccion-de-cargoz-150x150.jpg","width":150,"height":150,"filesize":6758,"mime_type":"image\/jpeg","source_url":"https:\/\/www.diarioimagen.net\/wp-content\/uploads\/2024\/08\/reeleccion-de-cargoz-150x150.jpg"},"post-thumbnail":{"file":"reeleccion-de-cargoz-50x50.jpg","width":50,"height":50,"filesize":1826,"mime_type":"image\/jpeg","source_url":"https:\/\/www.diarioimagen.net\/wp-content\/uploads\/2024\/08\/reeleccion-de-cargoz-50x50.jpg"},"blgn-below_featured":{"file":"reeleccion-de-cargoz-235x132.jpg","width":235,"height":132,"filesize":8786,"mime_type":"image\/jpeg","source_url":"https:\/\/www.diarioimagen.net\/wp-content\/uploads\/2024\/08\/reeleccion-de-cargoz-235x132.jpg"},"blgn-mediabar":{"file":"reeleccion-de-cargoz-202x114.jpg","width":202,"height":114,"filesize":7233,"mime_type":"image\/jpeg","source_url":"https:\/\/www.diarioimagen.net\/wp-content\/uploads\/2024\/08\/reeleccion-de-cargoz-202x114.jpg"},"blgn-secondary_left":{"file":"reeleccion-de-cargoz-75x75.jpg","width":75,"height":75,"filesize":2795,"mime_type":"image\/jpeg","source_url":"https:\/\/www.diarioimagen.net\/wp-content\/uploads\/2024\/08\/reeleccion-de-cargoz-75x75.jpg"},"blgn-secondary_right":{"file":"reeleccion-de-cargoz-75x75.jpg","width":75,"height":75,"filesize":2795,"mime_type":"image\/jpeg","source_url":"https:\/\/www.diarioimagen.net\/wp-content\/uploads\/2024\/08\/reeleccion-de-cargoz-75x75.jpg"},"blgn-secondary_mid_big":{"file":"reeleccion-de-cargoz-350x196.jpg","width":350,"height":196,"filesize":15266,"mime_type":"image\/jpeg","source_url":"https:\/\/www.diarioimagen.net\/wp-content\/uploads\/2024\/08\/reeleccion-de-cargoz-350x196.jpg"},"blgn-secondary_mid_small":{"file":"reeleccion-de-cargoz-70x70.jpg","width":70,"height":70,"filesize":2547,"mime_type":"image\/jpeg","source_url":"https:\/\/www.diarioimagen.net\/wp-content\/uploads\/2024\/08\/reeleccion-de-cargoz-70x70.jpg"},"blgn-subnews":{"file":"reeleccion-de-cargoz-220x123.jpg","width":220,"height":123,"filesize":8008,"mime_type":"image\/jpeg","source_url":"https:\/\/www.diarioimagen.net\/wp-content\/uploads\/2024\/08\/reeleccion-de-cargoz-220x123.jpg"},"blgn-excerpt_thumb":{"file":"reeleccion-de-cargoz-90x65.jpg","width":90,"height":65,"filesize":2928,"mime_type":"image\/jpeg","source_url":"https:\/\/www.diarioimagen.net\/wp-content\/uploads\/2024\/08\/reeleccion-de-cargoz-90x65.jpg"},"blgn-media_gallery":{"file":"reeleccion-de-cargoz-237x132.jpg","width":237,"height":132,"filesize":8751,"mime_type":"image\/jpeg","source_url":"https:\/\/www.diarioimagen.net\/wp-content\/uploads\/2024\/08\/reeleccion-de-cargoz-237x132.jpg"},"full":{"file":"reeleccion-de-cargoz.jpg","width":460,"height":270,"mime_type":"image\/jpeg","source_url":"https:\/\/www.diarioimagen.net\/wp-content\/uploads\/2024\/08\/reeleccion-de-cargoz.jpg"}},"image_meta":{"aperture":"0","credit":"","camera":"","caption":"","created_timestamp":"0","copyright":"","focal_length":"0","iso":"0","shutter_speed":"0","title":"","orientation":"0","keywords":[]}},"post":628375,"source_url":"https:\/\/www.diarioimagen.net\/wp-content\/uploads\/2024\/08\/reeleccion-de-cargoz.jpg","_links":{"self":[{"href":"https:\/\/www.diarioimagen.net\/index.php?rest_route=\/wp\/v2\/media\/628473","targetHints":{"allow":["GET"]}}],"collection":[{"href":"https:\/\/www.diarioimagen.net\/index.php?rest_route=\/wp\/v2\/media"}],"about":[{"href":"https:\/\/www.diarioimagen.net\/index.php?rest_route=\/wp\/v2\/types\/attachment"}],"author":[{"embeddable":true,"href":"https:\/\/www.diarioimagen.net\/index.php?rest_route=\/wp\/v2\/users\/3"}],"replies":[{"embeddable":true,"href":"https:\/\/www.diarioimagen.net\/index.php?rest_route=%2Fwp%2Fv2%2Fcomments&post=628473"}]}}

<p>Gabriela Valdepeñas afirmó que se pugnará para que la reforma que cancela la reelección de todos los funcionarios de elección popular entre en vigor en 2027.</p>
