{"id":629099,"date":"2024-08-08T00:33:28","date_gmt":"2024-08-08T06:33:28","guid":{"rendered":"https:\/\/www.diarioimagen.net\/wp-content\/uploads\/2024\/08\/la-seq-se-podra-conectar.jpg"},"modified":"2024-08-08T00:33:32","modified_gmt":"2024-08-08T06:33:32","slug":"la-seq-se-podra-conectar","status":"inherit","type":"attachment","link":"https:\/\/www.diarioimagen.net\/?attachment_id=629099","title":{"rendered":"la-seq-se-podra-conectar"},"author":3,"featured_media":0,"comment_status":"open","ping_status":"closed","template":"","meta":{"_monsterinsights_skip_tracking":false,"_monsterinsights_sitenote_active":false,"_monsterinsights_sitenote_note":"","_monsterinsights_sitenote_category":0},"class_list":["post-629099","attachment","type-attachment","status-inherit","hentry"],"description":{"rendered":"<p class=\"attachment\"><a href='https:\/\/www.diarioimagen.net\/wp-content\/uploads\/2024\/08\/la-seq-se-podra-conectar.jpg'><img loading=\"lazy\" decoding=\"async\" width=\"240\" height=\"141\" src=\"https:\/\/www.diarioimagen.net\/wp-content\/uploads\/2024\/08\/la-seq-se-podra-conectar-240x141.jpg\" class=\"attachment-medium size-medium\" alt=\"\" srcset=\"https:\/\/www.diarioimagen.net\/wp-content\/uploads\/2024\/08\/la-seq-se-podra-conectar-240x141.jpg 240w, https:\/\/www.diarioimagen.net\/wp-content\/uploads\/2024\/08\/la-seq-se-podra-conectar.jpg 460w\" sizes=\"auto, (max-width: 240px) 100vw, 240px\" \/><\/a><\/p>\n"},"caption":{"rendered":"<p>Con el acuerdo de la SEQ y el Renapo, se agilizar\u00e1 la identificaci\u00f3n y verificaci\u00f3n a estudiantes y tutores durante los procesos de inscripci\u00f3n en la educaci\u00f3n b\u00e1sica, educaci\u00f3n media superior.<\/p>\n"},"alt_text":"","media_type":"image","mime_type":"image\/jpeg","media_details":{"width":460,"height":270,"file":"2024\/08\/la-seq-se-podra-conectar.jpg","filesize":36671,"sizes":{"medium":{"file":"la-seq-se-podra-conectar-240x141.jpg","width":240,"height":141,"filesize":7719,"mime_type":"image\/jpeg","source_url":"https:\/\/www.diarioimagen.net\/wp-content\/uploads\/2024\/08\/la-seq-se-podra-conectar-240x141.jpg"},"thumbnail":{"file":"la-seq-se-podra-conectar-150x150.jpg","width":150,"height":150,"filesize":6313,"mime_type":"image\/jpeg","source_url":"https:\/\/www.diarioimagen.net\/wp-content\/uploads\/2024\/08\/la-seq-se-podra-conectar-150x150.jpg"},"post-thumbnail":{"file":"la-seq-se-podra-conectar-50x50.jpg","width":50,"height":50,"filesize":1743,"mime_type":"image\/jpeg","source_url":"https:\/\/www.diarioimagen.net\/wp-content\/uploads\/2024\/08\/la-seq-se-podra-conectar-50x50.jpg"},"blgn-below_featured":{"file":"la-seq-se-podra-conectar-235x132.jpg","width":235,"height":132,"filesize":7368,"mime_type":"image\/jpeg","source_url":"https:\/\/www.diarioimagen.net\/wp-content\/uploads\/2024\/08\/la-seq-se-podra-conectar-235x132.jpg"},"blgn-mediabar":{"file":"la-seq-se-podra-conectar-202x114.jpg","width":202,"height":114,"filesize":6034,"mime_type":"image\/jpeg","source_url":"https:\/\/www.diarioimagen.net\/wp-content\/uploads\/2024\/08\/la-seq-se-podra-conectar-202x114.jpg"},"blgn-secondary_left":{"file":"la-seq-se-podra-conectar-75x75.jpg","width":75,"height":75,"filesize":2545,"mime_type":"image\/jpeg","source_url":"https:\/\/www.diarioimagen.net\/wp-content\/uploads\/2024\/08\/la-seq-se-podra-conectar-75x75.jpg"},"blgn-secondary_right":{"file":"la-seq-se-podra-conectar-75x75.jpg","width":75,"height":75,"filesize":2545,"mime_type":"image\/jpeg","source_url":"https:\/\/www.diarioimagen.net\/wp-content\/uploads\/2024\/08\/la-seq-se-podra-conectar-75x75.jpg"},"blgn-secondary_mid_big":{"file":"la-seq-se-podra-conectar-350x196.jpg","width":350,"height":196,"filesize":12779,"mime_type":"image\/jpeg","source_url":"https:\/\/www.diarioimagen.net\/wp-content\/uploads\/2024\/08\/la-seq-se-podra-conectar-350x196.jpg"},"blgn-secondary_mid_small":{"file":"la-seq-se-podra-conectar-70x70.jpg","width":70,"height":70,"filesize":2311,"mime_type":"image\/jpeg","source_url":"https:\/\/www.diarioimagen.net\/wp-content\/uploads\/2024\/08\/la-seq-se-podra-conectar-70x70.jpg"},"blgn-subnews":{"file":"la-seq-se-podra-conectar-220x123.jpg","width":220,"height":123,"filesize":6655,"mime_type":"image\/jpeg","source_url":"https:\/\/www.diarioimagen.net\/wp-content\/uploads\/2024\/08\/la-seq-se-podra-conectar-220x123.jpg"},"blgn-excerpt_thumb":{"file":"la-seq-se-podra-conectar-90x65.jpg","width":90,"height":65,"filesize":2606,"mime_type":"image\/jpeg","source_url":"https:\/\/www.diarioimagen.net\/wp-content\/uploads\/2024\/08\/la-seq-se-podra-conectar-90x65.jpg"},"blgn-media_gallery":{"file":"la-seq-se-podra-conectar-237x132.jpg","width":237,"height":132,"filesize":7458,"mime_type":"image\/jpeg","source_url":"https:\/\/www.diarioimagen.net\/wp-content\/uploads\/2024\/08\/la-seq-se-podra-conectar-237x132.jpg"},"full":{"file":"la-seq-se-podra-conectar.jpg","width":460,"height":270,"mime_type":"image\/jpeg","source_url":"https:\/\/www.diarioimagen.net\/wp-content\/uploads\/2024\/08\/la-seq-se-podra-conectar.jpg"}},"image_meta":{"aperture":"0","credit":"","camera":"","caption":"","created_timestamp":"0","copyright":"","focal_length":"0","iso":"0","shutter_speed":"0","title":"","orientation":"0","keywords":[]}},"post":629033,"source_url":"https:\/\/www.diarioimagen.net\/wp-content\/uploads\/2024\/08\/la-seq-se-podra-conectar.jpg","_links":{"self":[{"href":"https:\/\/www.diarioimagen.net\/index.php?rest_route=\/wp\/v2\/media\/629099","targetHints":{"allow":["GET"]}}],"collection":[{"href":"https:\/\/www.diarioimagen.net\/index.php?rest_route=\/wp\/v2\/media"}],"about":[{"href":"https:\/\/www.diarioimagen.net\/index.php?rest_route=\/wp\/v2\/types\/attachment"}],"author":[{"embeddable":true,"href":"https:\/\/www.diarioimagen.net\/index.php?rest_route=\/wp\/v2\/users\/3"}],"replies":[{"embeddable":true,"href":"https:\/\/www.diarioimagen.net\/index.php?rest_route=%2Fwp%2Fv2%2Fcomments&post=629099"}]}}

<p>Con el acuerdo de la SEQ y el Renapo, se agilizará la identificación y verificación a estudiantes y tutores durante los procesos de inscripción en la educación básica, educación media superior.</p>
