{"id":629621,"date":"2024-08-13T01:51:51","date_gmt":"2024-08-13T07:51:51","guid":{"rendered":"https:\/\/www.diarioimagen.net\/wp-content\/uploads\/2024\/08\/extienden-campana.jpg"},"modified":"2024-08-13T01:51:55","modified_gmt":"2024-08-13T07:51:55","slug":"extienden-campana","status":"inherit","type":"attachment","link":"https:\/\/www.diarioimagen.net\/?attachment_id=629621","title":{"rendered":"extienden-campana"},"author":3,"featured_media":0,"comment_status":"open","ping_status":"closed","template":"","meta":{"_monsterinsights_skip_tracking":false,"_monsterinsights_sitenote_active":false,"_monsterinsights_sitenote_note":"","_monsterinsights_sitenote_category":0},"class_list":["post-629621","attachment","type-attachment","status-inherit","hentry"],"description":{"rendered":"<p class=\"attachment\"><a href='https:\/\/www.diarioimagen.net\/wp-content\/uploads\/2024\/08\/extienden-campana.jpg'><img loading=\"lazy\" decoding=\"async\" width=\"240\" height=\"141\" src=\"https:\/\/www.diarioimagen.net\/wp-content\/uploads\/2024\/08\/extienden-campana-240x141.jpg\" class=\"attachment-medium size-medium\" alt=\"\" srcset=\"https:\/\/www.diarioimagen.net\/wp-content\/uploads\/2024\/08\/extienden-campana-240x141.jpg 240w, https:\/\/www.diarioimagen.net\/wp-content\/uploads\/2024\/08\/extienden-campana.jpg 460w\" sizes=\"auto, (max-width: 240px) 100vw, 240px\" \/><\/a><\/p>\n"},"caption":{"rendered":"<p>Se extiende la campa\u00f1a de concientizaci\u00f3n ante la reactivaci\u00f3n de multas por infracciones al Reglamento de Tr\u00e1nsito Metropolitano en Naucalpan.<\/p>\n"},"alt_text":"","media_type":"image","mime_type":"image\/jpeg","media_details":{"width":460,"height":270,"file":"2024\/08\/extienden-campana.jpg","filesize":70553,"sizes":{"medium":{"file":"extienden-campana-240x141.jpg","width":240,"height":141,"filesize":11829,"mime_type":"image\/jpeg","source_url":"https:\/\/www.diarioimagen.net\/wp-content\/uploads\/2024\/08\/extienden-campana-240x141.jpg"},"thumbnail":{"file":"extienden-campana-150x150.jpg","width":150,"height":150,"filesize":8605,"mime_type":"image\/jpeg","source_url":"https:\/\/www.diarioimagen.net\/wp-content\/uploads\/2024\/08\/extienden-campana-150x150.jpg"},"post-thumbnail":{"file":"extienden-campana-50x50.jpg","width":50,"height":50,"filesize":1884,"mime_type":"image\/jpeg","source_url":"https:\/\/www.diarioimagen.net\/wp-content\/uploads\/2024\/08\/extienden-campana-50x50.jpg"},"blgn-below_featured":{"file":"extienden-campana-235x132.jpg","width":235,"height":132,"filesize":11132,"mime_type":"image\/jpeg","source_url":"https:\/\/www.diarioimagen.net\/wp-content\/uploads\/2024\/08\/extienden-campana-235x132.jpg"},"blgn-mediabar":{"file":"extienden-campana-202x114.jpg","width":202,"height":114,"filesize":8775,"mime_type":"image\/jpeg","source_url":"https:\/\/www.diarioimagen.net\/wp-content\/uploads\/2024\/08\/extienden-campana-202x114.jpg"},"blgn-secondary_left":{"file":"extienden-campana-75x75.jpg","width":75,"height":75,"filesize":3076,"mime_type":"image\/jpeg","source_url":"https:\/\/www.diarioimagen.net\/wp-content\/uploads\/2024\/08\/extienden-campana-75x75.jpg"},"blgn-secondary_right":{"file":"extienden-campana-75x75.jpg","width":75,"height":75,"filesize":3076,"mime_type":"image\/jpeg","source_url":"https:\/\/www.diarioimagen.net\/wp-content\/uploads\/2024\/08\/extienden-campana-75x75.jpg"},"blgn-secondary_mid_big":{"file":"extienden-campana-350x196.jpg","width":350,"height":196,"filesize":20803,"mime_type":"image\/jpeg","source_url":"https:\/\/www.diarioimagen.net\/wp-content\/uploads\/2024\/08\/extienden-campana-350x196.jpg"},"blgn-secondary_mid_small":{"file":"extienden-campana-70x70.jpg","width":70,"height":70,"filesize":2739,"mime_type":"image\/jpeg","source_url":"https:\/\/www.diarioimagen.net\/wp-content\/uploads\/2024\/08\/extienden-campana-70x70.jpg"},"blgn-subnews":{"file":"extienden-campana-220x123.jpg","width":220,"height":123,"filesize":9955,"mime_type":"image\/jpeg","source_url":"https:\/\/www.diarioimagen.net\/wp-content\/uploads\/2024\/08\/extienden-campana-220x123.jpg"},"blgn-excerpt_thumb":{"file":"extienden-campana-90x65.jpg","width":90,"height":65,"filesize":3211,"mime_type":"image\/jpeg","source_url":"https:\/\/www.diarioimagen.net\/wp-content\/uploads\/2024\/08\/extienden-campana-90x65.jpg"},"blgn-media_gallery":{"file":"extienden-campana-237x132.jpg","width":237,"height":132,"filesize":11161,"mime_type":"image\/jpeg","source_url":"https:\/\/www.diarioimagen.net\/wp-content\/uploads\/2024\/08\/extienden-campana-237x132.jpg"},"full":{"file":"extienden-campana.jpg","width":460,"height":270,"mime_type":"image\/jpeg","source_url":"https:\/\/www.diarioimagen.net\/wp-content\/uploads\/2024\/08\/extienden-campana.jpg"}},"image_meta":{"aperture":"0","credit":"","camera":"","caption":"","created_timestamp":"0","copyright":"","focal_length":"0","iso":"0","shutter_speed":"0","title":"","orientation":"0","keywords":[]}},"post":629491,"source_url":"https:\/\/www.diarioimagen.net\/wp-content\/uploads\/2024\/08\/extienden-campana.jpg","_links":{"self":[{"href":"https:\/\/www.diarioimagen.net\/index.php?rest_route=\/wp\/v2\/media\/629621","targetHints":{"allow":["GET"]}}],"collection":[{"href":"https:\/\/www.diarioimagen.net\/index.php?rest_route=\/wp\/v2\/media"}],"about":[{"href":"https:\/\/www.diarioimagen.net\/index.php?rest_route=\/wp\/v2\/types\/attachment"}],"author":[{"embeddable":true,"href":"https:\/\/www.diarioimagen.net\/index.php?rest_route=\/wp\/v2\/users\/3"}],"replies":[{"embeddable":true,"href":"https:\/\/www.diarioimagen.net\/index.php?rest_route=%2Fwp%2Fv2%2Fcomments&post=629621"}]}}

<p>Se extiende la campaña de concientización ante la reactivación de multas por infracciones al Reglamento de Tránsito Metropolitano en Naucalpan.</p>
