{"id":629738,"date":"2024-08-14T00:06:57","date_gmt":"2024-08-14T06:06:57","guid":{"rendered":"https:\/\/www.diarioimagen.net\/wp-content\/uploads\/2024\/08\/via-cumbres.jpg"},"modified":"2024-08-14T00:07:01","modified_gmt":"2024-08-14T06:07:01","slug":"via-cumbres","status":"inherit","type":"attachment","link":"https:\/\/www.diarioimagen.net\/?attachment_id=629738","title":{"rendered":"via-cumbres"},"author":3,"featured_media":0,"comment_status":"open","ping_status":"closed","template":"","meta":{"_monsterinsights_skip_tracking":false,"_monsterinsights_sitenote_active":false,"_monsterinsights_sitenote_note":"","_monsterinsights_sitenote_category":0},"class_list":["post-629738","attachment","type-attachment","status-inherit","hentry"],"description":{"rendered":"<p class=\"attachment\"><a href='https:\/\/www.diarioimagen.net\/wp-content\/uploads\/2024\/08\/via-cumbres.jpg'><img loading=\"lazy\" decoding=\"async\" width=\"240\" height=\"141\" src=\"https:\/\/www.diarioimagen.net\/wp-content\/uploads\/2024\/08\/via-cumbres-240x141.jpg\" class=\"attachment-medium size-medium\" alt=\"\" srcset=\"https:\/\/www.diarioimagen.net\/wp-content\/uploads\/2024\/08\/via-cumbres-240x141.jpg 240w, https:\/\/www.diarioimagen.net\/wp-content\/uploads\/2024\/08\/via-cumbres.jpg 460w\" sizes=\"auto, (max-width: 240px) 100vw, 240px\" \/><\/a><\/p>\n"},"caption":{"rendered":"<p>A casi diez a\u00f1os de su creaci\u00f3n, Residencial Cumbres, en Canc\u00fan, es un conjunto habitacional en plena decadencia.<\/p>\n"},"alt_text":"","media_type":"image","mime_type":"image\/jpeg","media_details":{"width":460,"height":270,"file":"2024\/08\/via-cumbres.jpg","filesize":48238,"sizes":{"medium":{"file":"via-cumbres-240x141.jpg","width":240,"height":141,"filesize":8483,"mime_type":"image\/jpeg","source_url":"https:\/\/www.diarioimagen.net\/wp-content\/uploads\/2024\/08\/via-cumbres-240x141.jpg"},"thumbnail":{"file":"via-cumbres-150x150.jpg","width":150,"height":150,"filesize":5963,"mime_type":"image\/jpeg","source_url":"https:\/\/www.diarioimagen.net\/wp-content\/uploads\/2024\/08\/via-cumbres-150x150.jpg"},"post-thumbnail":{"file":"via-cumbres-50x50.jpg","width":50,"height":50,"filesize":1736,"mime_type":"image\/jpeg","source_url":"https:\/\/www.diarioimagen.net\/wp-content\/uploads\/2024\/08\/via-cumbres-50x50.jpg"},"blgn-below_featured":{"file":"via-cumbres-235x132.jpg","width":235,"height":132,"filesize":8337,"mime_type":"image\/jpeg","source_url":"https:\/\/www.diarioimagen.net\/wp-content\/uploads\/2024\/08\/via-cumbres-235x132.jpg"},"blgn-mediabar":{"file":"via-cumbres-202x114.jpg","width":202,"height":114,"filesize":6877,"mime_type":"image\/jpeg","source_url":"https:\/\/www.diarioimagen.net\/wp-content\/uploads\/2024\/08\/via-cumbres-202x114.jpg"},"blgn-secondary_left":{"file":"via-cumbres-75x75.jpg","width":75,"height":75,"filesize":2555,"mime_type":"image\/jpeg","source_url":"https:\/\/www.diarioimagen.net\/wp-content\/uploads\/2024\/08\/via-cumbres-75x75.jpg"},"blgn-secondary_right":{"file":"via-cumbres-75x75.jpg","width":75,"height":75,"filesize":2555,"mime_type":"image\/jpeg","source_url":"https:\/\/www.diarioimagen.net\/wp-content\/uploads\/2024\/08\/via-cumbres-75x75.jpg"},"blgn-secondary_mid_big":{"file":"via-cumbres-350x196.jpg","width":350,"height":196,"filesize":14516,"mime_type":"image\/jpeg","source_url":"https:\/\/www.diarioimagen.net\/wp-content\/uploads\/2024\/08\/via-cumbres-350x196.jpg"},"blgn-secondary_mid_small":{"file":"via-cumbres-70x70.jpg","width":70,"height":70,"filesize":2371,"mime_type":"image\/jpeg","source_url":"https:\/\/www.diarioimagen.net\/wp-content\/uploads\/2024\/08\/via-cumbres-70x70.jpg"},"blgn-subnews":{"file":"via-cumbres-220x123.jpg","width":220,"height":123,"filesize":7541,"mime_type":"image\/jpeg","source_url":"https:\/\/www.diarioimagen.net\/wp-content\/uploads\/2024\/08\/via-cumbres-220x123.jpg"},"blgn-excerpt_thumb":{"file":"via-cumbres-90x65.jpg","width":90,"height":65,"filesize":2680,"mime_type":"image\/jpeg","source_url":"https:\/\/www.diarioimagen.net\/wp-content\/uploads\/2024\/08\/via-cumbres-90x65.jpg"},"blgn-media_gallery":{"file":"via-cumbres-237x132.jpg","width":237,"height":132,"filesize":8372,"mime_type":"image\/jpeg","source_url":"https:\/\/www.diarioimagen.net\/wp-content\/uploads\/2024\/08\/via-cumbres-237x132.jpg"},"full":{"file":"via-cumbres.jpg","width":460,"height":270,"mime_type":"image\/jpeg","source_url":"https:\/\/www.diarioimagen.net\/wp-content\/uploads\/2024\/08\/via-cumbres.jpg"}},"image_meta":{"aperture":"0","credit":"","camera":"","caption":"","created_timestamp":"0","copyright":"","focal_length":"0","iso":"0","shutter_speed":"0","title":"","orientation":"0","keywords":[]}},"post":629506,"source_url":"https:\/\/www.diarioimagen.net\/wp-content\/uploads\/2024\/08\/via-cumbres.jpg","_links":{"self":[{"href":"https:\/\/www.diarioimagen.net\/index.php?rest_route=\/wp\/v2\/media\/629738","targetHints":{"allow":["GET"]}}],"collection":[{"href":"https:\/\/www.diarioimagen.net\/index.php?rest_route=\/wp\/v2\/media"}],"about":[{"href":"https:\/\/www.diarioimagen.net\/index.php?rest_route=\/wp\/v2\/types\/attachment"}],"author":[{"embeddable":true,"href":"https:\/\/www.diarioimagen.net\/index.php?rest_route=\/wp\/v2\/users\/3"}],"replies":[{"embeddable":true,"href":"https:\/\/www.diarioimagen.net\/index.php?rest_route=%2Fwp%2Fv2%2Fcomments&post=629738"}]}}

<p>A casi diez años de su creación, Residencial Cumbres, en Cancún, es un conjunto habitacional en plena decadencia.</p>
