{"id":630467,"date":"2024-08-20T02:17:21","date_gmt":"2024-08-20T08:17:21","guid":{"rendered":"https:\/\/www.diarioimagen.net\/wp-content\/uploads\/2024\/08\/llega-a-cuautitlan.jpg"},"modified":"2024-08-20T02:17:25","modified_gmt":"2024-08-20T08:17:25","slug":"llega-a-cuautitlan","status":"inherit","type":"attachment","link":"https:\/\/www.diarioimagen.net\/?attachment_id=630467","title":{"rendered":"llega-a-cuautitlan"},"author":3,"featured_media":0,"comment_status":"open","ping_status":"closed","template":"","meta":{"_monsterinsights_skip_tracking":false,"_monsterinsights_sitenote_active":false,"_monsterinsights_sitenote_note":"","_monsterinsights_sitenote_category":0},"class_list":["post-630467","attachment","type-attachment","status-inherit","hentry"],"description":{"rendered":"<p class=\"attachment\"><a href='https:\/\/www.diarioimagen.net\/wp-content\/uploads\/2024\/08\/llega-a-cuautitlan.jpg'><img loading=\"lazy\" decoding=\"async\" width=\"240\" height=\"141\" src=\"https:\/\/www.diarioimagen.net\/wp-content\/uploads\/2024\/08\/llega-a-cuautitlan-240x141.jpg\" class=\"attachment-medium size-medium\" alt=\"\" srcset=\"https:\/\/www.diarioimagen.net\/wp-content\/uploads\/2024\/08\/llega-a-cuautitlan-240x141.jpg 240w, https:\/\/www.diarioimagen.net\/wp-content\/uploads\/2024\/08\/llega-a-cuautitlan.jpg 460w\" sizes=\"auto, (max-width: 240px) 100vw, 240px\" \/><\/a><\/p>\n"},"caption":{"rendered":"<p>El gobierno de Cuautitl\u00e1n Izcalli, encabezado por Karla Fiesco, junto con la Sedena y la Secretar\u00eda de Seguridad llevar\u00e1n a cabo el \u201cCanje de Armas 2024\u201d, del 19 al 24 de agosto.<\/p>\n"},"alt_text":"","media_type":"image","mime_type":"image\/jpeg","media_details":{"width":460,"height":270,"file":"2024\/08\/llega-a-cuautitlan.jpg","filesize":45816,"sizes":{"medium":{"file":"llega-a-cuautitlan-240x141.jpg","width":240,"height":141,"filesize":9451,"mime_type":"image\/jpeg","source_url":"https:\/\/www.diarioimagen.net\/wp-content\/uploads\/2024\/08\/llega-a-cuautitlan-240x141.jpg"},"thumbnail":{"file":"llega-a-cuautitlan-150x150.jpg","width":150,"height":150,"filesize":6772,"mime_type":"image\/jpeg","source_url":"https:\/\/www.diarioimagen.net\/wp-content\/uploads\/2024\/08\/llega-a-cuautitlan-150x150.jpg"},"post-thumbnail":{"file":"llega-a-cuautitlan-50x50.jpg","width":50,"height":50,"filesize":1727,"mime_type":"image\/jpeg","source_url":"https:\/\/www.diarioimagen.net\/wp-content\/uploads\/2024\/08\/llega-a-cuautitlan-50x50.jpg"},"blgn-below_featured":{"file":"llega-a-cuautitlan-235x132.jpg","width":235,"height":132,"filesize":8991,"mime_type":"image\/jpeg","source_url":"https:\/\/www.diarioimagen.net\/wp-content\/uploads\/2024\/08\/llega-a-cuautitlan-235x132.jpg"},"blgn-mediabar":{"file":"llega-a-cuautitlan-202x114.jpg","width":202,"height":114,"filesize":7272,"mime_type":"image\/jpeg","source_url":"https:\/\/www.diarioimagen.net\/wp-content\/uploads\/2024\/08\/llega-a-cuautitlan-202x114.jpg"},"blgn-secondary_left":{"file":"llega-a-cuautitlan-75x75.jpg","width":75,"height":75,"filesize":2658,"mime_type":"image\/jpeg","source_url":"https:\/\/www.diarioimagen.net\/wp-content\/uploads\/2024\/08\/llega-a-cuautitlan-75x75.jpg"},"blgn-secondary_right":{"file":"llega-a-cuautitlan-75x75.jpg","width":75,"height":75,"filesize":2658,"mime_type":"image\/jpeg","source_url":"https:\/\/www.diarioimagen.net\/wp-content\/uploads\/2024\/08\/llega-a-cuautitlan-75x75.jpg"},"blgn-secondary_mid_big":{"file":"llega-a-cuautitlan-350x196.jpg","width":350,"height":196,"filesize":15811,"mime_type":"image\/jpeg","source_url":"https:\/\/www.diarioimagen.net\/wp-content\/uploads\/2024\/08\/llega-a-cuautitlan-350x196.jpg"},"blgn-secondary_mid_small":{"file":"llega-a-cuautitlan-70x70.jpg","width":70,"height":70,"filesize":2390,"mime_type":"image\/jpeg","source_url":"https:\/\/www.diarioimagen.net\/wp-content\/uploads\/2024\/08\/llega-a-cuautitlan-70x70.jpg"},"blgn-subnews":{"file":"llega-a-cuautitlan-220x123.jpg","width":220,"height":123,"filesize":8155,"mime_type":"image\/jpeg","source_url":"https:\/\/www.diarioimagen.net\/wp-content\/uploads\/2024\/08\/llega-a-cuautitlan-220x123.jpg"},"blgn-excerpt_thumb":{"file":"llega-a-cuautitlan-90x65.jpg","width":90,"height":65,"filesize":2694,"mime_type":"image\/jpeg","source_url":"https:\/\/www.diarioimagen.net\/wp-content\/uploads\/2024\/08\/llega-a-cuautitlan-90x65.jpg"},"blgn-media_gallery":{"file":"llega-a-cuautitlan-237x132.jpg","width":237,"height":132,"filesize":8992,"mime_type":"image\/jpeg","source_url":"https:\/\/www.diarioimagen.net\/wp-content\/uploads\/2024\/08\/llega-a-cuautitlan-237x132.jpg"},"full":{"file":"llega-a-cuautitlan.jpg","width":460,"height":270,"mime_type":"image\/jpeg","source_url":"https:\/\/www.diarioimagen.net\/wp-content\/uploads\/2024\/08\/llega-a-cuautitlan.jpg"}},"image_meta":{"aperture":"0","credit":"","camera":"","caption":"","created_timestamp":"0","copyright":"","focal_length":"0","iso":"0","shutter_speed":"0","title":"","orientation":"0","keywords":[]}},"post":630352,"source_url":"https:\/\/www.diarioimagen.net\/wp-content\/uploads\/2024\/08\/llega-a-cuautitlan.jpg","_links":{"self":[{"href":"https:\/\/www.diarioimagen.net\/index.php?rest_route=\/wp\/v2\/media\/630467","targetHints":{"allow":["GET"]}}],"collection":[{"href":"https:\/\/www.diarioimagen.net\/index.php?rest_route=\/wp\/v2\/media"}],"about":[{"href":"https:\/\/www.diarioimagen.net\/index.php?rest_route=\/wp\/v2\/types\/attachment"}],"author":[{"embeddable":true,"href":"https:\/\/www.diarioimagen.net\/index.php?rest_route=\/wp\/v2\/users\/3"}],"replies":[{"embeddable":true,"href":"https:\/\/www.diarioimagen.net\/index.php?rest_route=%2Fwp%2Fv2%2Fcomments&post=630467"}]}}

<p>El gobierno de Cuautitlán Izcalli, encabezado por Karla Fiesco, junto con la Sedena y la Secretaría de Seguridad llevarán a cabo el “Canje de Armas 2024”, del 19 al 24 de agosto.</p>
