{"id":630595,"date":"2024-08-21T02:57:38","date_gmt":"2024-08-21T08:57:38","guid":{"rendered":"https:\/\/www.diarioimagen.net\/wp-content\/uploads\/2024\/08\/abre-edomex-registro.jpg"},"modified":"2024-08-21T02:57:42","modified_gmt":"2024-08-21T08:57:42","slug":"abre-edomex-registro","status":"inherit","type":"attachment","link":"https:\/\/www.diarioimagen.net\/?attachment_id=630595","title":{"rendered":"abre-edomex-registro"},"author":3,"featured_media":0,"comment_status":"open","ping_status":"closed","template":"","meta":{"_monsterinsights_skip_tracking":false,"_monsterinsights_sitenote_active":false,"_monsterinsights_sitenote_note":"","_monsterinsights_sitenote_category":0},"class_list":["post-630595","attachment","type-attachment","status-inherit","hentry"],"description":{"rendered":"<p class=\"attachment\"><a href='https:\/\/www.diarioimagen.net\/wp-content\/uploads\/2024\/08\/abre-edomex-registro.jpg'><img loading=\"lazy\" decoding=\"async\" width=\"240\" height=\"141\" src=\"https:\/\/www.diarioimagen.net\/wp-content\/uploads\/2024\/08\/abre-edomex-registro-240x141.jpg\" class=\"attachment-medium size-medium\" alt=\"\" srcset=\"https:\/\/www.diarioimagen.net\/wp-content\/uploads\/2024\/08\/abre-edomex-registro-240x141.jpg 240w, https:\/\/www.diarioimagen.net\/wp-content\/uploads\/2024\/08\/abre-edomex-registro.jpg 460w\" sizes=\"auto, (max-width: 240px) 100vw, 240px\" \/><\/a><\/p>\n"},"caption":{"rendered":"<p>El Gobierno del Estado de M\u00e9xico abri\u00f3 la inscripci\u00f3n a la Pensi\u00f3n para el Bienestar de Personas Adultas Mayores, de quienes cumplan 65 a\u00f1os entre julio y agosto de 2024.<\/p>\n"},"alt_text":"","media_type":"image","mime_type":"image\/jpeg","media_details":{"width":460,"height":270,"file":"2024\/08\/abre-edomex-registro.jpg","filesize":66450,"sizes":{"medium":{"file":"abre-edomex-registro-240x141.jpg","width":240,"height":141,"filesize":11360,"mime_type":"image\/jpeg","source_url":"https:\/\/www.diarioimagen.net\/wp-content\/uploads\/2024\/08\/abre-edomex-registro-240x141.jpg"},"thumbnail":{"file":"abre-edomex-registro-150x150.jpg","width":150,"height":150,"filesize":8863,"mime_type":"image\/jpeg","source_url":"https:\/\/www.diarioimagen.net\/wp-content\/uploads\/2024\/08\/abre-edomex-registro-150x150.jpg"},"post-thumbnail":{"file":"abre-edomex-registro-50x50.jpg","width":50,"height":50,"filesize":2032,"mime_type":"image\/jpeg","source_url":"https:\/\/www.diarioimagen.net\/wp-content\/uploads\/2024\/08\/abre-edomex-registro-50x50.jpg"},"blgn-below_featured":{"file":"abre-edomex-registro-235x132.jpg","width":235,"height":132,"filesize":10759,"mime_type":"image\/jpeg","source_url":"https:\/\/www.diarioimagen.net\/wp-content\/uploads\/2024\/08\/abre-edomex-registro-235x132.jpg"},"blgn-mediabar":{"file":"abre-edomex-registro-202x114.jpg","width":202,"height":114,"filesize":8601,"mime_type":"image\/jpeg","source_url":"https:\/\/www.diarioimagen.net\/wp-content\/uploads\/2024\/08\/abre-edomex-registro-202x114.jpg"},"blgn-secondary_left":{"file":"abre-edomex-registro-75x75.jpg","width":75,"height":75,"filesize":3313,"mime_type":"image\/jpeg","source_url":"https:\/\/www.diarioimagen.net\/wp-content\/uploads\/2024\/08\/abre-edomex-registro-75x75.jpg"},"blgn-secondary_right":{"file":"abre-edomex-registro-75x75.jpg","width":75,"height":75,"filesize":3313,"mime_type":"image\/jpeg","source_url":"https:\/\/www.diarioimagen.net\/wp-content\/uploads\/2024\/08\/abre-edomex-registro-75x75.jpg"},"blgn-secondary_mid_big":{"file":"abre-edomex-registro-350x196.jpg","width":350,"height":196,"filesize":19650,"mime_type":"image\/jpeg","source_url":"https:\/\/www.diarioimagen.net\/wp-content\/uploads\/2024\/08\/abre-edomex-registro-350x196.jpg"},"blgn-secondary_mid_small":{"file":"abre-edomex-registro-70x70.jpg","width":70,"height":70,"filesize":2917,"mime_type":"image\/jpeg","source_url":"https:\/\/www.diarioimagen.net\/wp-content\/uploads\/2024\/08\/abre-edomex-registro-70x70.jpg"},"blgn-subnews":{"file":"abre-edomex-registro-220x123.jpg","width":220,"height":123,"filesize":9683,"mime_type":"image\/jpeg","source_url":"https:\/\/www.diarioimagen.net\/wp-content\/uploads\/2024\/08\/abre-edomex-registro-220x123.jpg"},"blgn-excerpt_thumb":{"file":"abre-edomex-registro-90x65.jpg","width":90,"height":65,"filesize":3386,"mime_type":"image\/jpeg","source_url":"https:\/\/www.diarioimagen.net\/wp-content\/uploads\/2024\/08\/abre-edomex-registro-90x65.jpg"},"blgn-media_gallery":{"file":"abre-edomex-registro-237x132.jpg","width":237,"height":132,"filesize":10852,"mime_type":"image\/jpeg","source_url":"https:\/\/www.diarioimagen.net\/wp-content\/uploads\/2024\/08\/abre-edomex-registro-237x132.jpg"},"full":{"file":"abre-edomex-registro.jpg","width":460,"height":270,"mime_type":"image\/jpeg","source_url":"https:\/\/www.diarioimagen.net\/wp-content\/uploads\/2024\/08\/abre-edomex-registro.jpg"}},"image_meta":{"aperture":"0","credit":"","camera":"","caption":"","created_timestamp":"0","copyright":"","focal_length":"0","iso":"0","shutter_speed":"0","title":"","orientation":"0","keywords":[]}},"post":630523,"source_url":"https:\/\/www.diarioimagen.net\/wp-content\/uploads\/2024\/08\/abre-edomex-registro.jpg","_links":{"self":[{"href":"https:\/\/www.diarioimagen.net\/index.php?rest_route=\/wp\/v2\/media\/630595","targetHints":{"allow":["GET"]}}],"collection":[{"href":"https:\/\/www.diarioimagen.net\/index.php?rest_route=\/wp\/v2\/media"}],"about":[{"href":"https:\/\/www.diarioimagen.net\/index.php?rest_route=\/wp\/v2\/types\/attachment"}],"author":[{"embeddable":true,"href":"https:\/\/www.diarioimagen.net\/index.php?rest_route=\/wp\/v2\/users\/3"}],"replies":[{"embeddable":true,"href":"https:\/\/www.diarioimagen.net\/index.php?rest_route=%2Fwp%2Fv2%2Fcomments&post=630595"}]}}

<p>El Gobierno del Estado de México abrió la inscripción a la Pensión para el Bienestar de Personas Adultas Mayores, de quienes cumplan 65 años entre julio y agosto de 2024.</p>
