{"id":631547,"date":"2024-08-29T02:24:27","date_gmt":"2024-08-29T08:24:27","guid":{"rendered":"https:\/\/www.diarioimagen.net\/wp-content\/uploads\/2024\/08\/xochitl-galvez.jpg"},"modified":"2024-08-29T02:24:31","modified_gmt":"2024-08-29T08:24:31","slug":"xochitl-galvez-2","status":"inherit","type":"attachment","link":"https:\/\/www.diarioimagen.net\/?attachment_id=631547","title":{"rendered":"xochitl-galvez"},"author":3,"featured_media":0,"comment_status":"open","ping_status":"closed","template":"","meta":{"_monsterinsights_skip_tracking":false,"_monsterinsights_sitenote_active":false,"_monsterinsights_sitenote_note":"","_monsterinsights_sitenote_category":0},"class_list":["post-631547","attachment","type-attachment","status-inherit","hentry"],"description":{"rendered":"<p class=\"attachment\"><a href='https:\/\/www.diarioimagen.net\/wp-content\/uploads\/2024\/08\/xochitl-galvez.jpg'><img loading=\"lazy\" decoding=\"async\" width=\"240\" height=\"240\" src=\"https:\/\/www.diarioimagen.net\/wp-content\/uploads\/2024\/08\/xochitl-galvez-240x240.jpg\" class=\"attachment-medium size-medium\" alt=\"\" srcset=\"https:\/\/www.diarioimagen.net\/wp-content\/uploads\/2024\/08\/xochitl-galvez-240x240.jpg 240w, https:\/\/www.diarioimagen.net\/wp-content\/uploads\/2024\/08\/xochitl-galvez-269x270.jpg 269w, https:\/\/www.diarioimagen.net\/wp-content\/uploads\/2024\/08\/xochitl-galvez-150x150.jpg 150w, https:\/\/www.diarioimagen.net\/wp-content\/uploads\/2024\/08\/xochitl-galvez-50x50.jpg 50w, https:\/\/www.diarioimagen.net\/wp-content\/uploads\/2024\/08\/xochitl-galvez-75x75.jpg 75w, https:\/\/www.diarioimagen.net\/wp-content\/uploads\/2024\/08\/xochitl-galvez-70x70.jpg 70w, https:\/\/www.diarioimagen.net\/wp-content\/uploads\/2024\/08\/xochitl-galvez.jpg 460w\" sizes=\"auto, (max-width: 240px) 100vw, 240px\" \/><\/a><\/p>\n"},"caption":{"rendered":"<p>Se le concede la raz\u00f3n al dicho de que una imagen dice m\u00e1s que mil palabras con la fotograf\u00eda de X\u00f3chitl G\u00e1lvez y Marko Cort\u00e9s en un abrazo de reconciliaci\u00f3n.<\/p>\n"},"alt_text":"","media_type":"image","mime_type":"image\/jpeg","media_details":{"width":460,"height":461,"file":"2024\/08\/xochitl-galvez.jpg","filesize":71825,"sizes":{"medium":{"file":"xochitl-galvez-240x240.jpg","width":240,"height":240,"filesize":13480,"mime_type":"image\/jpeg","source_url":"https:\/\/www.diarioimagen.net\/wp-content\/uploads\/2024\/08\/xochitl-galvez-240x240.jpg"},"large":{"file":"xochitl-galvez-269x270.jpg","width":269,"height":270,"filesize":15982,"mime_type":"image\/jpeg","source_url":"https:\/\/www.diarioimagen.net\/wp-content\/uploads\/2024\/08\/xochitl-galvez-269x270.jpg"},"thumbnail":{"file":"xochitl-galvez-150x150.jpg","width":150,"height":150,"filesize":7155,"mime_type":"image\/jpeg","source_url":"https:\/\/www.diarioimagen.net\/wp-content\/uploads\/2024\/08\/xochitl-galvez-150x150.jpg"},"post-thumbnail":{"file":"xochitl-galvez-50x50.jpg","width":50,"height":50,"filesize":1948,"mime_type":"image\/jpeg","source_url":"https:\/\/www.diarioimagen.net\/wp-content\/uploads\/2024\/08\/xochitl-galvez-50x50.jpg"},"blgn-featured":{"file":"xochitl-galvez-460x270.jpg","width":460,"height":270,"filesize":19338,"mime_type":"image\/jpeg","source_url":"https:\/\/www.diarioimagen.net\/wp-content\/uploads\/2024\/08\/xochitl-galvez-460x270.jpg"},"blgn-below_featured":{"file":"xochitl-galvez-235x132.jpg","width":235,"height":132,"filesize":7603,"mime_type":"image\/jpeg","source_url":"https:\/\/www.diarioimagen.net\/wp-content\/uploads\/2024\/08\/xochitl-galvez-235x132.jpg"},"blgn-mediabar":{"file":"xochitl-galvez-202x114.jpg","width":202,"height":114,"filesize":6370,"mime_type":"image\/jpeg","source_url":"https:\/\/www.diarioimagen.net\/wp-content\/uploads\/2024\/08\/xochitl-galvez-202x114.jpg"},"blgn-secondary_left":{"file":"xochitl-galvez-75x75.jpg","width":75,"height":75,"filesize":2937,"mime_type":"image\/jpeg","source_url":"https:\/\/www.diarioimagen.net\/wp-content\/uploads\/2024\/08\/xochitl-galvez-75x75.jpg"},"blgn-secondary_right":{"file":"xochitl-galvez-75x75.jpg","width":75,"height":75,"filesize":2937,"mime_type":"image\/jpeg","source_url":"https:\/\/www.diarioimagen.net\/wp-content\/uploads\/2024\/08\/xochitl-galvez-75x75.jpg"},"blgn-secondary_mid_big":{"file":"xochitl-galvez-350x196.jpg","width":350,"height":196,"filesize":12602,"mime_type":"image\/jpeg","source_url":"https:\/\/www.diarioimagen.net\/wp-content\/uploads\/2024\/08\/xochitl-galvez-350x196.jpg"},"blgn-secondary_mid_small":{"file":"xochitl-galvez-70x70.jpg","width":70,"height":70,"filesize":2706,"mime_type":"image\/jpeg","source_url":"https:\/\/www.diarioimagen.net\/wp-content\/uploads\/2024\/08\/xochitl-galvez-70x70.jpg"},"blgn-subnews":{"file":"xochitl-galvez-220x123.jpg","width":220,"height":123,"filesize":6897,"mime_type":"image\/jpeg","source_url":"https:\/\/www.diarioimagen.net\/wp-content\/uploads\/2024\/08\/xochitl-galvez-220x123.jpg"},"blgn-excerpt_thumb":{"file":"xochitl-galvez-90x65.jpg","width":90,"height":65,"filesize":2897,"mime_type":"image\/jpeg","source_url":"https:\/\/www.diarioimagen.net\/wp-content\/uploads\/2024\/08\/xochitl-galvez-90x65.jpg"},"blgn-media_gallery":{"file":"xochitl-galvez-237x132.jpg","width":237,"height":132,"filesize":7647,"mime_type":"image\/jpeg","source_url":"https:\/\/www.diarioimagen.net\/wp-content\/uploads\/2024\/08\/xochitl-galvez-237x132.jpg"},"full":{"file":"xochitl-galvez.jpg","width":460,"height":461,"mime_type":"image\/jpeg","source_url":"https:\/\/www.diarioimagen.net\/wp-content\/uploads\/2024\/08\/xochitl-galvez.jpg"}},"image_meta":{"aperture":"0","credit":"","camera":"","caption":"","created_timestamp":"0","copyright":"","focal_length":"0","iso":"0","shutter_speed":"0","title":"","orientation":"0","keywords":[]}},"post":631462,"source_url":"https:\/\/www.diarioimagen.net\/wp-content\/uploads\/2024\/08\/xochitl-galvez.jpg","_links":{"self":[{"href":"https:\/\/www.diarioimagen.net\/index.php?rest_route=\/wp\/v2\/media\/631547","targetHints":{"allow":["GET"]}}],"collection":[{"href":"https:\/\/www.diarioimagen.net\/index.php?rest_route=\/wp\/v2\/media"}],"about":[{"href":"https:\/\/www.diarioimagen.net\/index.php?rest_route=\/wp\/v2\/types\/attachment"}],"author":[{"embeddable":true,"href":"https:\/\/www.diarioimagen.net\/index.php?rest_route=\/wp\/v2\/users\/3"}],"replies":[{"embeddable":true,"href":"https:\/\/www.diarioimagen.net\/index.php?rest_route=%2Fwp%2Fv2%2Fcomments&post=631547"}]}}

<p>Se le concede la razón al dicho de que una imagen dice más que mil palabras con la fotografía de Xóchitl Gálvez y Marko Cortés en un abrazo de reconciliación.</p>
