{"id":631573,"date":"2024-08-29T02:40:10","date_gmt":"2024-08-29T08:40:10","guid":{"rendered":"https:\/\/www.diarioimagen.net\/wp-content\/uploads\/2024\/08\/la-cruz-roja.jpg"},"modified":"2024-08-29T02:40:14","modified_gmt":"2024-08-29T08:40:14","slug":"la-cruz-roja","status":"inherit","type":"attachment","link":"https:\/\/www.diarioimagen.net\/?attachment_id=631573","title":{"rendered":"la-cruz-roja"},"author":3,"featured_media":0,"comment_status":"open","ping_status":"closed","template":"","meta":{"_monsterinsights_skip_tracking":false,"_monsterinsights_sitenote_active":false,"_monsterinsights_sitenote_note":"","_monsterinsights_sitenote_category":0},"class_list":["post-631573","attachment","type-attachment","status-inherit","hentry"],"description":{"rendered":"<p class=\"attachment\"><a href='https:\/\/www.diarioimagen.net\/wp-content\/uploads\/2024\/08\/la-cruz-roja.jpg'><img loading=\"lazy\" decoding=\"async\" width=\"240\" height=\"141\" src=\"https:\/\/www.diarioimagen.net\/wp-content\/uploads\/2024\/08\/la-cruz-roja-240x141.jpg\" class=\"attachment-medium size-medium\" alt=\"\" srcset=\"https:\/\/www.diarioimagen.net\/wp-content\/uploads\/2024\/08\/la-cruz-roja-240x141.jpg 240w, https:\/\/www.diarioimagen.net\/wp-content\/uploads\/2024\/08\/la-cruz-roja.jpg 460w\" sizes=\"auto, (max-width: 240px) 100vw, 240px\" \/><\/a><\/p>\n"},"caption":{"rendered":"<p>El Coordinador G de la Delegaci\u00f3n Estado de M\u00e9xico-Ciudad de M\u00e9xico de Cruz Roja, C\u00e9sar Alejandro Ch\u00e1vez hizo un llamado a todas y todos los aficionados al deporte a sumarse la carrera recreativa \u201cTodo M\u00e9xico Salvando Vidas\u201d.<\/p>\n"},"alt_text":"","media_type":"image","mime_type":"image\/jpeg","media_details":{"width":460,"height":270,"file":"2024\/08\/la-cruz-roja.jpg","filesize":60841,"sizes":{"medium":{"file":"la-cruz-roja-240x141.jpg","width":240,"height":141,"filesize":10051,"mime_type":"image\/jpeg","source_url":"https:\/\/www.diarioimagen.net\/wp-content\/uploads\/2024\/08\/la-cruz-roja-240x141.jpg"},"thumbnail":{"file":"la-cruz-roja-150x150.jpg","width":150,"height":150,"filesize":7038,"mime_type":"image\/jpeg","source_url":"https:\/\/www.diarioimagen.net\/wp-content\/uploads\/2024\/08\/la-cruz-roja-150x150.jpg"},"post-thumbnail":{"file":"la-cruz-roja-50x50.jpg","width":50,"height":50,"filesize":1779,"mime_type":"image\/jpeg","source_url":"https:\/\/www.diarioimagen.net\/wp-content\/uploads\/2024\/08\/la-cruz-roja-50x50.jpg"},"blgn-below_featured":{"file":"la-cruz-roja-235x132.jpg","width":235,"height":132,"filesize":9599,"mime_type":"image\/jpeg","source_url":"https:\/\/www.diarioimagen.net\/wp-content\/uploads\/2024\/08\/la-cruz-roja-235x132.jpg"},"blgn-mediabar":{"file":"la-cruz-roja-202x114.jpg","width":202,"height":114,"filesize":7735,"mime_type":"image\/jpeg","source_url":"https:\/\/www.diarioimagen.net\/wp-content\/uploads\/2024\/08\/la-cruz-roja-202x114.jpg"},"blgn-secondary_left":{"file":"la-cruz-roja-75x75.jpg","width":75,"height":75,"filesize":2769,"mime_type":"image\/jpeg","source_url":"https:\/\/www.diarioimagen.net\/wp-content\/uploads\/2024\/08\/la-cruz-roja-75x75.jpg"},"blgn-secondary_right":{"file":"la-cruz-roja-75x75.jpg","width":75,"height":75,"filesize":2769,"mime_type":"image\/jpeg","source_url":"https:\/\/www.diarioimagen.net\/wp-content\/uploads\/2024\/08\/la-cruz-roja-75x75.jpg"},"blgn-secondary_mid_big":{"file":"la-cruz-roja-350x196.jpg","width":350,"height":196,"filesize":17332,"mime_type":"image\/jpeg","source_url":"https:\/\/www.diarioimagen.net\/wp-content\/uploads\/2024\/08\/la-cruz-roja-350x196.jpg"},"blgn-secondary_mid_small":{"file":"la-cruz-roja-70x70.jpg","width":70,"height":70,"filesize":2525,"mime_type":"image\/jpeg","source_url":"https:\/\/www.diarioimagen.net\/wp-content\/uploads\/2024\/08\/la-cruz-roja-70x70.jpg"},"blgn-subnews":{"file":"la-cruz-roja-220x123.jpg","width":220,"height":123,"filesize":8723,"mime_type":"image\/jpeg","source_url":"https:\/\/www.diarioimagen.net\/wp-content\/uploads\/2024\/08\/la-cruz-roja-220x123.jpg"},"blgn-excerpt_thumb":{"file":"la-cruz-roja-90x65.jpg","width":90,"height":65,"filesize":2969,"mime_type":"image\/jpeg","source_url":"https:\/\/www.diarioimagen.net\/wp-content\/uploads\/2024\/08\/la-cruz-roja-90x65.jpg"},"blgn-media_gallery":{"file":"la-cruz-roja-237x132.jpg","width":237,"height":132,"filesize":9718,"mime_type":"image\/jpeg","source_url":"https:\/\/www.diarioimagen.net\/wp-content\/uploads\/2024\/08\/la-cruz-roja-237x132.jpg"},"full":{"file":"la-cruz-roja.jpg","width":460,"height":270,"mime_type":"image\/jpeg","source_url":"https:\/\/www.diarioimagen.net\/wp-content\/uploads\/2024\/08\/la-cruz-roja.jpg"}},"image_meta":{"aperture":"0","credit":"","camera":"","caption":"","created_timestamp":"0","copyright":"","focal_length":"0","iso":"0","shutter_speed":"0","title":"","orientation":"0","keywords":[]}},"post":631486,"source_url":"https:\/\/www.diarioimagen.net\/wp-content\/uploads\/2024\/08\/la-cruz-roja.jpg","_links":{"self":[{"href":"https:\/\/www.diarioimagen.net\/index.php?rest_route=\/wp\/v2\/media\/631573","targetHints":{"allow":["GET"]}}],"collection":[{"href":"https:\/\/www.diarioimagen.net\/index.php?rest_route=\/wp\/v2\/media"}],"about":[{"href":"https:\/\/www.diarioimagen.net\/index.php?rest_route=\/wp\/v2\/types\/attachment"}],"author":[{"embeddable":true,"href":"https:\/\/www.diarioimagen.net\/index.php?rest_route=\/wp\/v2\/users\/3"}],"replies":[{"embeddable":true,"href":"https:\/\/www.diarioimagen.net\/index.php?rest_route=%2Fwp%2Fv2%2Fcomments&post=631573"}]}}

<p>El Coordinador G de la Delegación Estado de México-Ciudad de México de Cruz Roja, César Alejandro Chávez hizo un llamado a todas y todos los aficionados al deporte a sumarse la carrera recreativa “Todo México Salvando Vidas”.</p>
