{"id":631787,"date":"2024-08-30T02:04:01","date_gmt":"2024-08-30T08:04:01","guid":{"rendered":"https:\/\/www.diarioimagen.net\/wp-content\/uploads\/2024\/08\/demandan-militantes.jpg"},"modified":"2024-08-30T02:04:05","modified_gmt":"2024-08-30T08:04:05","slug":"demandan-militantes","status":"inherit","type":"attachment","link":"https:\/\/www.diarioimagen.net\/?attachment_id=631787","title":{"rendered":"demandan-militantes"},"author":3,"featured_media":0,"comment_status":"open","ping_status":"closed","template":"","meta":{"_monsterinsights_skip_tracking":false,"_monsterinsights_sitenote_active":false,"_monsterinsights_sitenote_note":"","_monsterinsights_sitenote_category":0},"class_list":["post-631787","attachment","type-attachment","status-inherit","hentry"],"description":{"rendered":"<p class=\"attachment\"><a href='https:\/\/www.diarioimagen.net\/wp-content\/uploads\/2024\/08\/demandan-militantes.jpg'><img loading=\"lazy\" decoding=\"async\" width=\"240\" height=\"141\" src=\"https:\/\/www.diarioimagen.net\/wp-content\/uploads\/2024\/08\/demandan-militantes-240x141.jpg\" class=\"attachment-medium size-medium\" alt=\"\" srcset=\"https:\/\/www.diarioimagen.net\/wp-content\/uploads\/2024\/08\/demandan-militantes-240x141.jpg 240w, https:\/\/www.diarioimagen.net\/wp-content\/uploads\/2024\/08\/demandan-militantes.jpg 460w\" sizes=\"auto, (max-width: 240px) 100vw, 240px\" \/><\/a><\/p>\n"},"caption":{"rendered":"<p>Militantes de Movimiento Ciudadano en Edomex, encabezados por Jos\u00e9 Luis Rey Cruz Islas, se\u00f1alaron que la suspensi\u00f3n del proceso interno es un paso en la direcci\u00f3n correcta, pero\u00a0 exigieron que se aclaren los motivos.<\/p>\n"},"alt_text":"","media_type":"image","mime_type":"image\/jpeg","media_details":{"width":460,"height":270,"file":"2024\/08\/demandan-militantes.jpg","filesize":65095,"sizes":{"medium":{"file":"demandan-militantes-240x141.jpg","width":240,"height":141,"filesize":10737,"mime_type":"image\/jpeg","source_url":"https:\/\/www.diarioimagen.net\/wp-content\/uploads\/2024\/08\/demandan-militantes-240x141.jpg"},"thumbnail":{"file":"demandan-militantes-150x150.jpg","width":150,"height":150,"filesize":7109,"mime_type":"image\/jpeg","source_url":"https:\/\/www.diarioimagen.net\/wp-content\/uploads\/2024\/08\/demandan-militantes-150x150.jpg"},"post-thumbnail":{"file":"demandan-militantes-50x50.jpg","width":50,"height":50,"filesize":1676,"mime_type":"image\/jpeg","source_url":"https:\/\/www.diarioimagen.net\/wp-content\/uploads\/2024\/08\/demandan-militantes-50x50.jpg"},"blgn-below_featured":{"file":"demandan-militantes-235x132.jpg","width":235,"height":132,"filesize":10226,"mime_type":"image\/jpeg","source_url":"https:\/\/www.diarioimagen.net\/wp-content\/uploads\/2024\/08\/demandan-militantes-235x132.jpg"},"blgn-mediabar":{"file":"demandan-militantes-202x114.jpg","width":202,"height":114,"filesize":8204,"mime_type":"image\/jpeg","source_url":"https:\/\/www.diarioimagen.net\/wp-content\/uploads\/2024\/08\/demandan-militantes-202x114.jpg"},"blgn-secondary_left":{"file":"demandan-militantes-75x75.jpg","width":75,"height":75,"filesize":2626,"mime_type":"image\/jpeg","source_url":"https:\/\/www.diarioimagen.net\/wp-content\/uploads\/2024\/08\/demandan-militantes-75x75.jpg"},"blgn-secondary_right":{"file":"demandan-militantes-75x75.jpg","width":75,"height":75,"filesize":2626,"mime_type":"image\/jpeg","source_url":"https:\/\/www.diarioimagen.net\/wp-content\/uploads\/2024\/08\/demandan-militantes-75x75.jpg"},"blgn-secondary_mid_big":{"file":"demandan-militantes-350x196.jpg","width":350,"height":196,"filesize":18843,"mime_type":"image\/jpeg","source_url":"https:\/\/www.diarioimagen.net\/wp-content\/uploads\/2024\/08\/demandan-militantes-350x196.jpg"},"blgn-secondary_mid_small":{"file":"demandan-militantes-70x70.jpg","width":70,"height":70,"filesize":2397,"mime_type":"image\/jpeg","source_url":"https:\/\/www.diarioimagen.net\/wp-content\/uploads\/2024\/08\/demandan-militantes-70x70.jpg"},"blgn-subnews":{"file":"demandan-militantes-220x123.jpg","width":220,"height":123,"filesize":9178,"mime_type":"image\/jpeg","source_url":"https:\/\/www.diarioimagen.net\/wp-content\/uploads\/2024\/08\/demandan-militantes-220x123.jpg"},"blgn-excerpt_thumb":{"file":"demandan-militantes-90x65.jpg","width":90,"height":65,"filesize":2853,"mime_type":"image\/jpeg","source_url":"https:\/\/www.diarioimagen.net\/wp-content\/uploads\/2024\/08\/demandan-militantes-90x65.jpg"},"blgn-media_gallery":{"file":"demandan-militantes-237x132.jpg","width":237,"height":132,"filesize":10157,"mime_type":"image\/jpeg","source_url":"https:\/\/www.diarioimagen.net\/wp-content\/uploads\/2024\/08\/demandan-militantes-237x132.jpg"},"full":{"file":"demandan-militantes.jpg","width":460,"height":270,"mime_type":"image\/jpeg","source_url":"https:\/\/www.diarioimagen.net\/wp-content\/uploads\/2024\/08\/demandan-militantes.jpg"}},"image_meta":{"aperture":"0","credit":"","camera":"","caption":"","created_timestamp":"0","copyright":"","focal_length":"0","iso":"0","shutter_speed":"0","title":"","orientation":"0","keywords":[]}},"post":631643,"source_url":"https:\/\/www.diarioimagen.net\/wp-content\/uploads\/2024\/08\/demandan-militantes.jpg","_links":{"self":[{"href":"https:\/\/www.diarioimagen.net\/index.php?rest_route=\/wp\/v2\/media\/631787","targetHints":{"allow":["GET"]}}],"collection":[{"href":"https:\/\/www.diarioimagen.net\/index.php?rest_route=\/wp\/v2\/media"}],"about":[{"href":"https:\/\/www.diarioimagen.net\/index.php?rest_route=\/wp\/v2\/types\/attachment"}],"author":[{"embeddable":true,"href":"https:\/\/www.diarioimagen.net\/index.php?rest_route=\/wp\/v2\/users\/3"}],"replies":[{"embeddable":true,"href":"https:\/\/www.diarioimagen.net\/index.php?rest_route=%2Fwp%2Fv2%2Fcomments&post=631787"}]}}

<p>Militantes de Movimiento Ciudadano en Edomex, encabezados por José Luis Rey Cruz Islas, señalaron que la suspensión del proceso interno es un paso en la dirección correcta, pero  exigieron que se aclaren los motivos.</p>
