{"id":632080,"date":"2024-09-03T01:30:11","date_gmt":"2024-09-03T07:30:11","guid":{"rendered":"https:\/\/www.diarioimagen.net\/wp-content\/uploads\/2024\/09\/persiste-la-violencia.jpg"},"modified":"2024-09-03T01:30:16","modified_gmt":"2024-09-03T07:30:16","slug":"persiste-la-violencia","status":"inherit","type":"attachment","link":"https:\/\/www.diarioimagen.net\/?attachment_id=632080","title":{"rendered":"persiste-la-violencia"},"author":3,"featured_media":0,"comment_status":"open","ping_status":"closed","template":"","meta":{"_monsterinsights_skip_tracking":false,"_monsterinsights_sitenote_active":false,"_monsterinsights_sitenote_note":"","_monsterinsights_sitenote_category":0},"class_list":["post-632080","attachment","type-attachment","status-inherit","hentry"],"description":{"rendered":"<p class=\"attachment\"><a href='https:\/\/www.diarioimagen.net\/wp-content\/uploads\/2024\/09\/persiste-la-violencia.jpg'><img loading=\"lazy\" decoding=\"async\" width=\"240\" height=\"141\" src=\"https:\/\/www.diarioimagen.net\/wp-content\/uploads\/2024\/09\/persiste-la-violencia-240x141.jpg\" class=\"attachment-medium size-medium\" alt=\"\" srcset=\"https:\/\/www.diarioimagen.net\/wp-content\/uploads\/2024\/09\/persiste-la-violencia-240x141.jpg 240w, https:\/\/www.diarioimagen.net\/wp-content\/uploads\/2024\/09\/persiste-la-violencia.jpg 460w\" sizes=\"auto, (max-width: 240px) 100vw, 240px\" \/><\/a><\/p>\n"},"caption":{"rendered":"<p>La violencia psicol\u00f3gica, f\u00edsica y sexual contra mujeres persisten en altos niveles en M\u00e9xico.<\/p>\n"},"alt_text":"","media_type":"image","mime_type":"image\/jpeg","media_details":{"width":460,"height":270,"file":"2024\/09\/persiste-la-violencia.jpg","filesize":55913,"sizes":{"medium":{"file":"persiste-la-violencia-240x141.jpg","width":240,"height":141,"filesize":10030,"mime_type":"image\/jpeg","source_url":"https:\/\/www.diarioimagen.net\/wp-content\/uploads\/2024\/09\/persiste-la-violencia-240x141.jpg"},"thumbnail":{"file":"persiste-la-violencia-150x150.jpg","width":150,"height":150,"filesize":7712,"mime_type":"image\/jpeg","source_url":"https:\/\/www.diarioimagen.net\/wp-content\/uploads\/2024\/09\/persiste-la-violencia-150x150.jpg"},"post-thumbnail":{"file":"persiste-la-violencia-50x50.jpg","width":50,"height":50,"filesize":2009,"mime_type":"image\/jpeg","source_url":"https:\/\/www.diarioimagen.net\/wp-content\/uploads\/2024\/09\/persiste-la-violencia-50x50.jpg"},"blgn-below_featured":{"file":"persiste-la-violencia-235x132.jpg","width":235,"height":132,"filesize":9552,"mime_type":"image\/jpeg","source_url":"https:\/\/www.diarioimagen.net\/wp-content\/uploads\/2024\/09\/persiste-la-violencia-235x132.jpg"},"blgn-mediabar":{"file":"persiste-la-violencia-202x114.jpg","width":202,"height":114,"filesize":7805,"mime_type":"image\/jpeg","source_url":"https:\/\/www.diarioimagen.net\/wp-content\/uploads\/2024\/09\/persiste-la-violencia-202x114.jpg"},"blgn-secondary_left":{"file":"persiste-la-violencia-75x75.jpg","width":75,"height":75,"filesize":3115,"mime_type":"image\/jpeg","source_url":"https:\/\/www.diarioimagen.net\/wp-content\/uploads\/2024\/09\/persiste-la-violencia-75x75.jpg"},"blgn-secondary_right":{"file":"persiste-la-violencia-75x75.jpg","width":75,"height":75,"filesize":3115,"mime_type":"image\/jpeg","source_url":"https:\/\/www.diarioimagen.net\/wp-content\/uploads\/2024\/09\/persiste-la-violencia-75x75.jpg"},"blgn-secondary_mid_big":{"file":"persiste-la-violencia-350x196.jpg","width":350,"height":196,"filesize":16669,"mime_type":"image\/jpeg","source_url":"https:\/\/www.diarioimagen.net\/wp-content\/uploads\/2024\/09\/persiste-la-violencia-350x196.jpg"},"blgn-secondary_mid_small":{"file":"persiste-la-violencia-70x70.jpg","width":70,"height":70,"filesize":2818,"mime_type":"image\/jpeg","source_url":"https:\/\/www.diarioimagen.net\/wp-content\/uploads\/2024\/09\/persiste-la-violencia-70x70.jpg"},"blgn-subnews":{"file":"persiste-la-violencia-220x123.jpg","width":220,"height":123,"filesize":8693,"mime_type":"image\/jpeg","source_url":"https:\/\/www.diarioimagen.net\/wp-content\/uploads\/2024\/09\/persiste-la-violencia-220x123.jpg"},"blgn-excerpt_thumb":{"file":"persiste-la-violencia-90x65.jpg","width":90,"height":65,"filesize":3216,"mime_type":"image\/jpeg","source_url":"https:\/\/www.diarioimagen.net\/wp-content\/uploads\/2024\/09\/persiste-la-violencia-90x65.jpg"},"blgn-media_gallery":{"file":"persiste-la-violencia-237x132.jpg","width":237,"height":132,"filesize":9583,"mime_type":"image\/jpeg","source_url":"https:\/\/www.diarioimagen.net\/wp-content\/uploads\/2024\/09\/persiste-la-violencia-237x132.jpg"},"full":{"file":"persiste-la-violencia.jpg","width":460,"height":270,"mime_type":"image\/jpeg","source_url":"https:\/\/www.diarioimagen.net\/wp-content\/uploads\/2024\/09\/persiste-la-violencia.jpg"}},"image_meta":{"aperture":"0","credit":"","camera":"","caption":"","created_timestamp":"0","copyright":"","focal_length":"0","iso":"0","shutter_speed":"0","title":"","orientation":"0","keywords":[]}},"post":631972,"source_url":"https:\/\/www.diarioimagen.net\/wp-content\/uploads\/2024\/09\/persiste-la-violencia.jpg","_links":{"self":[{"href":"https:\/\/www.diarioimagen.net\/index.php?rest_route=\/wp\/v2\/media\/632080","targetHints":{"allow":["GET"]}}],"collection":[{"href":"https:\/\/www.diarioimagen.net\/index.php?rest_route=\/wp\/v2\/media"}],"about":[{"href":"https:\/\/www.diarioimagen.net\/index.php?rest_route=\/wp\/v2\/types\/attachment"}],"author":[{"embeddable":true,"href":"https:\/\/www.diarioimagen.net\/index.php?rest_route=\/wp\/v2\/users\/3"}],"replies":[{"embeddable":true,"href":"https:\/\/www.diarioimagen.net\/index.php?rest_route=%2Fwp%2Fv2%2Fcomments&post=632080"}]}}

<p>La violencia psicológica, física y sexual contra mujeres persisten en altos niveles en México.</p>
