{"id":632119,"date":"2024-09-03T01:52:34","date_gmt":"2024-09-03T07:52:34","guid":{"rendered":"https:\/\/www.diarioimagen.net\/wp-content\/uploads\/2024\/09\/inauguran-gran-ciclo.jpg"},"modified":"2024-09-03T01:52:39","modified_gmt":"2024-09-03T07:52:39","slug":"inauguran-gran-ciclo","status":"inherit","type":"attachment","link":"https:\/\/www.diarioimagen.net\/?attachment_id=632119","title":{"rendered":"inauguran-gran-ciclo"},"author":3,"featured_media":0,"comment_status":"open","ping_status":"closed","template":"","meta":{"_monsterinsights_skip_tracking":false,"_monsterinsights_sitenote_active":false,"_monsterinsights_sitenote_note":"","_monsterinsights_sitenote_category":0},"class_list":["post-632119","attachment","type-attachment","status-inherit","hentry"],"description":{"rendered":"<p class=\"attachment\"><a href='https:\/\/www.diarioimagen.net\/wp-content\/uploads\/2024\/09\/inauguran-gran-ciclo.jpg'><img loading=\"lazy\" decoding=\"async\" width=\"240\" height=\"141\" src=\"https:\/\/www.diarioimagen.net\/wp-content\/uploads\/2024\/09\/inauguran-gran-ciclo-240x141.jpg\" class=\"attachment-medium size-medium\" alt=\"\" srcset=\"https:\/\/www.diarioimagen.net\/wp-content\/uploads\/2024\/09\/inauguran-gran-ciclo-240x141.jpg 240w, https:\/\/www.diarioimagen.net\/wp-content\/uploads\/2024\/09\/inauguran-gran-ciclo.jpg 460w\" sizes=\"auto, (max-width: 240px) 100vw, 240px\" \/><\/a><\/p>\n"},"caption":{"rendered":"<p>Cada compa\u00f1\u00eda se present\u00f3 con toda la energ\u00eda y emoci\u00f3n de estar estrenando sus obras en el Teatro Emilio \u201cEl Indio\u201d Fern\u00e1ndez. (Foto: Mitzi Fern\u00e1ndez).<\/p>\n"},"alt_text":"","media_type":"image","mime_type":"image\/jpeg","media_details":{"width":460,"height":270,"file":"2024\/09\/inauguran-gran-ciclo.jpg","filesize":85893,"sizes":{"medium":{"file":"inauguran-gran-ciclo-240x141.jpg","width":240,"height":141,"filesize":13512,"mime_type":"image\/jpeg","source_url":"https:\/\/www.diarioimagen.net\/wp-content\/uploads\/2024\/09\/inauguran-gran-ciclo-240x141.jpg"},"thumbnail":{"file":"inauguran-gran-ciclo-150x150.jpg","width":150,"height":150,"filesize":9255,"mime_type":"image\/jpeg","source_url":"https:\/\/www.diarioimagen.net\/wp-content\/uploads\/2024\/09\/inauguran-gran-ciclo-150x150.jpg"},"post-thumbnail":{"file":"inauguran-gran-ciclo-50x50.jpg","width":50,"height":50,"filesize":1915,"mime_type":"image\/jpeg","source_url":"https:\/\/www.diarioimagen.net\/wp-content\/uploads\/2024\/09\/inauguran-gran-ciclo-50x50.jpg"},"blgn-below_featured":{"file":"inauguran-gran-ciclo-235x132.jpg","width":235,"height":132,"filesize":12703,"mime_type":"image\/jpeg","source_url":"https:\/\/www.diarioimagen.net\/wp-content\/uploads\/2024\/09\/inauguran-gran-ciclo-235x132.jpg"},"blgn-mediabar":{"file":"inauguran-gran-ciclo-202x114.jpg","width":202,"height":114,"filesize":9978,"mime_type":"image\/jpeg","source_url":"https:\/\/www.diarioimagen.net\/wp-content\/uploads\/2024\/09\/inauguran-gran-ciclo-202x114.jpg"},"blgn-secondary_left":{"file":"inauguran-gran-ciclo-75x75.jpg","width":75,"height":75,"filesize":3191,"mime_type":"image\/jpeg","source_url":"https:\/\/www.diarioimagen.net\/wp-content\/uploads\/2024\/09\/inauguran-gran-ciclo-75x75.jpg"},"blgn-secondary_right":{"file":"inauguran-gran-ciclo-75x75.jpg","width":75,"height":75,"filesize":3191,"mime_type":"image\/jpeg","source_url":"https:\/\/www.diarioimagen.net\/wp-content\/uploads\/2024\/09\/inauguran-gran-ciclo-75x75.jpg"},"blgn-secondary_mid_big":{"file":"inauguran-gran-ciclo-350x196.jpg","width":350,"height":196,"filesize":24564,"mime_type":"image\/jpeg","source_url":"https:\/\/www.diarioimagen.net\/wp-content\/uploads\/2024\/09\/inauguran-gran-ciclo-350x196.jpg"},"blgn-secondary_mid_small":{"file":"inauguran-gran-ciclo-70x70.jpg","width":70,"height":70,"filesize":2832,"mime_type":"image\/jpeg","source_url":"https:\/\/www.diarioimagen.net\/wp-content\/uploads\/2024\/09\/inauguran-gran-ciclo-70x70.jpg"},"blgn-subnews":{"file":"inauguran-gran-ciclo-220x123.jpg","width":220,"height":123,"filesize":11254,"mime_type":"image\/jpeg","source_url":"https:\/\/www.diarioimagen.net\/wp-content\/uploads\/2024\/09\/inauguran-gran-ciclo-220x123.jpg"},"blgn-excerpt_thumb":{"file":"inauguran-gran-ciclo-90x65.jpg","width":90,"height":65,"filesize":3264,"mime_type":"image\/jpeg","source_url":"https:\/\/www.diarioimagen.net\/wp-content\/uploads\/2024\/09\/inauguran-gran-ciclo-90x65.jpg"},"blgn-media_gallery":{"file":"inauguran-gran-ciclo-237x132.jpg","width":237,"height":132,"filesize":12747,"mime_type":"image\/jpeg","source_url":"https:\/\/www.diarioimagen.net\/wp-content\/uploads\/2024\/09\/inauguran-gran-ciclo-237x132.jpg"},"full":{"file":"inauguran-gran-ciclo.jpg","width":460,"height":270,"mime_type":"image\/jpeg","source_url":"https:\/\/www.diarioimagen.net\/wp-content\/uploads\/2024\/09\/inauguran-gran-ciclo.jpg"}},"image_meta":{"aperture":"0","credit":"","camera":"","caption":"","created_timestamp":"0","copyright":"","focal_length":"0","iso":"0","shutter_speed":"0","title":"","orientation":"0","keywords":[]}},"post":632006,"source_url":"https:\/\/www.diarioimagen.net\/wp-content\/uploads\/2024\/09\/inauguran-gran-ciclo.jpg","_links":{"self":[{"href":"https:\/\/www.diarioimagen.net\/index.php?rest_route=\/wp\/v2\/media\/632119","targetHints":{"allow":["GET"]}}],"collection":[{"href":"https:\/\/www.diarioimagen.net\/index.php?rest_route=\/wp\/v2\/media"}],"about":[{"href":"https:\/\/www.diarioimagen.net\/index.php?rest_route=\/wp\/v2\/types\/attachment"}],"author":[{"embeddable":true,"href":"https:\/\/www.diarioimagen.net\/index.php?rest_route=\/wp\/v2\/users\/3"}],"replies":[{"embeddable":true,"href":"https:\/\/www.diarioimagen.net\/index.php?rest_route=%2Fwp%2Fv2%2Fcomments&post=632119"}]}}

<p>Cada compañía se presentó con toda la energía y emoción de estar estrenando sus obras en el Teatro Emilio “El Indio” Fernández. (Foto: Mitzi Fernández).</p>
