{"id":632419,"date":"2024-09-05T01:00:52","date_gmt":"2024-09-05T07:00:52","guid":{"rendered":"https:\/\/www.diarioimagen.net\/wp-content\/uploads\/2024\/09\/celebra-naucalpan.jpg"},"modified":"2024-09-05T01:00:57","modified_gmt":"2024-09-05T07:00:57","slug":"celebra-naucalpan","status":"inherit","type":"attachment","link":"https:\/\/www.diarioimagen.net\/?attachment_id=632419","title":{"rendered":"celebra-naucalpan"},"author":3,"featured_media":0,"comment_status":"open","ping_status":"closed","template":"","meta":{"_monsterinsights_skip_tracking":false,"_monsterinsights_sitenote_active":false,"_monsterinsights_sitenote_note":"","_monsterinsights_sitenote_category":0},"class_list":["post-632419","attachment","type-attachment","status-inherit","hentry"],"description":{"rendered":"<p class=\"attachment\"><a href='https:\/\/www.diarioimagen.net\/wp-content\/uploads\/2024\/09\/celebra-naucalpan.jpg'><img loading=\"lazy\" decoding=\"async\" width=\"240\" height=\"141\" src=\"https:\/\/www.diarioimagen.net\/wp-content\/uploads\/2024\/09\/celebra-naucalpan-240x141.jpg\" class=\"attachment-medium size-medium\" alt=\"\" srcset=\"https:\/\/www.diarioimagen.net\/wp-content\/uploads\/2024\/09\/celebra-naucalpan-240x141.jpg 240w, https:\/\/www.diarioimagen.net\/wp-content\/uploads\/2024\/09\/celebra-naucalpan.jpg 460w\" sizes=\"auto, (max-width: 240px) 100vw, 240px\" \/><\/a><\/p>\n"},"caption":{"rendered":"<p>Al celebrar los 150 a\u00f1os de vida institucional de Naucalpan de Ju\u00e1rez, la alcaldesa Ang\u00e9lica Moya Mar\u00edn asegur\u00f3 que para su administraci\u00f3n, la familia es la base para el progreso del municipio.<\/p>\n"},"alt_text":"","media_type":"image","mime_type":"image\/jpeg","media_details":{"width":460,"height":270,"file":"2024\/09\/celebra-naucalpan.jpg","filesize":80973,"sizes":{"medium":{"file":"celebra-naucalpan-240x141.jpg","width":240,"height":141,"filesize":13108,"mime_type":"image\/jpeg","source_url":"https:\/\/www.diarioimagen.net\/wp-content\/uploads\/2024\/09\/celebra-naucalpan-240x141.jpg"},"thumbnail":{"file":"celebra-naucalpan-150x150.jpg","width":150,"height":150,"filesize":8919,"mime_type":"image\/jpeg","source_url":"https:\/\/www.diarioimagen.net\/wp-content\/uploads\/2024\/09\/celebra-naucalpan-150x150.jpg"},"post-thumbnail":{"file":"celebra-naucalpan-50x50.jpg","width":50,"height":50,"filesize":2011,"mime_type":"image\/jpeg","source_url":"https:\/\/www.diarioimagen.net\/wp-content\/uploads\/2024\/09\/celebra-naucalpan-50x50.jpg"},"blgn-below_featured":{"file":"celebra-naucalpan-235x132.jpg","width":235,"height":132,"filesize":12325,"mime_type":"image\/jpeg","source_url":"https:\/\/www.diarioimagen.net\/wp-content\/uploads\/2024\/09\/celebra-naucalpan-235x132.jpg"},"blgn-mediabar":{"file":"celebra-naucalpan-202x114.jpg","width":202,"height":114,"filesize":9943,"mime_type":"image\/jpeg","source_url":"https:\/\/www.diarioimagen.net\/wp-content\/uploads\/2024\/09\/celebra-naucalpan-202x114.jpg"},"blgn-secondary_left":{"file":"celebra-naucalpan-75x75.jpg","width":75,"height":75,"filesize":3298,"mime_type":"image\/jpeg","source_url":"https:\/\/www.diarioimagen.net\/wp-content\/uploads\/2024\/09\/celebra-naucalpan-75x75.jpg"},"blgn-secondary_right":{"file":"celebra-naucalpan-75x75.jpg","width":75,"height":75,"filesize":3298,"mime_type":"image\/jpeg","source_url":"https:\/\/www.diarioimagen.net\/wp-content\/uploads\/2024\/09\/celebra-naucalpan-75x75.jpg"},"blgn-secondary_mid_big":{"file":"celebra-naucalpan-350x196.jpg","width":350,"height":196,"filesize":22865,"mime_type":"image\/jpeg","source_url":"https:\/\/www.diarioimagen.net\/wp-content\/uploads\/2024\/09\/celebra-naucalpan-350x196.jpg"},"blgn-secondary_mid_small":{"file":"celebra-naucalpan-70x70.jpg","width":70,"height":70,"filesize":2902,"mime_type":"image\/jpeg","source_url":"https:\/\/www.diarioimagen.net\/wp-content\/uploads\/2024\/09\/celebra-naucalpan-70x70.jpg"},"blgn-subnews":{"file":"celebra-naucalpan-220x123.jpg","width":220,"height":123,"filesize":10928,"mime_type":"image\/jpeg","source_url":"https:\/\/www.diarioimagen.net\/wp-content\/uploads\/2024\/09\/celebra-naucalpan-220x123.jpg"},"blgn-excerpt_thumb":{"file":"celebra-naucalpan-90x65.jpg","width":90,"height":65,"filesize":3426,"mime_type":"image\/jpeg","source_url":"https:\/\/www.diarioimagen.net\/wp-content\/uploads\/2024\/09\/celebra-naucalpan-90x65.jpg"},"blgn-media_gallery":{"file":"celebra-naucalpan-237x132.jpg","width":237,"height":132,"filesize":12193,"mime_type":"image\/jpeg","source_url":"https:\/\/www.diarioimagen.net\/wp-content\/uploads\/2024\/09\/celebra-naucalpan-237x132.jpg"},"full":{"file":"celebra-naucalpan.jpg","width":460,"height":270,"mime_type":"image\/jpeg","source_url":"https:\/\/www.diarioimagen.net\/wp-content\/uploads\/2024\/09\/celebra-naucalpan.jpg"}},"image_meta":{"aperture":"0","credit":"","camera":"","caption":"","created_timestamp":"0","copyright":"","focal_length":"0","iso":"0","shutter_speed":"0","title":"","orientation":"0","keywords":[]}},"post":632324,"source_url":"https:\/\/www.diarioimagen.net\/wp-content\/uploads\/2024\/09\/celebra-naucalpan.jpg","_links":{"self":[{"href":"https:\/\/www.diarioimagen.net\/index.php?rest_route=\/wp\/v2\/media\/632419","targetHints":{"allow":["GET"]}}],"collection":[{"href":"https:\/\/www.diarioimagen.net\/index.php?rest_route=\/wp\/v2\/media"}],"about":[{"href":"https:\/\/www.diarioimagen.net\/index.php?rest_route=\/wp\/v2\/types\/attachment"}],"author":[{"embeddable":true,"href":"https:\/\/www.diarioimagen.net\/index.php?rest_route=\/wp\/v2\/users\/3"}],"replies":[{"embeddable":true,"href":"https:\/\/www.diarioimagen.net\/index.php?rest_route=%2Fwp%2Fv2%2Fcomments&post=632419"}]}}

<p>Al celebrar los 150 años de vida institucional de Naucalpan de Juárez, la alcaldesa Angélica Moya Marín aseguró que para su administración, la familia es la base para el progreso del municipio.</p>
